{"id":89,"date":"2016-01-09T17:50:17","date_gmt":"2016-01-09T15:50:17","guid":{"rendered":"http:\/\/veneakselistocom.test.mngd.fi\/kauppa\/tuote\/radice-akselitiiviste-35mm\/"},"modified":"2025-07-10T10:19:00","modified_gmt":"2025-07-10T07:19:00","slug":"radice-akselitiiviste-35mm-potkuriakselin-tiiviste","status":"publish","type":"product","link":"https:\/\/veneakselisto.com\/kauppa\/tuote\/radice-akselitiiviste-35mm-potkuriakselin-tiiviste\/","title":{"rendered":"35mm Vesivoideltu akselitiiviste 48mm vannasputkelle"},"content":{"rendered":"<div class=\"wpb-content-wrapper\"><p>[vc_row][vc_column][vc_column_text]Vesivoideltu akselitiiviste 35mm, 48mm vannasputkelle<\/p>\n<p>Vedensy\u00f6tt\u00f6\u00e4 voi k\u00e4ytt\u00e4\u00e4 my\u00f6s ilmaletkuna. Kysy lis\u00e4\u00e4 tarvittaessa<\/p>\n<p>Markkinoiden paras ja eniten myyty stuffy box EVO<\/p>\n<p>Akseli: 35mm<br \/>\nMitta P: 48mm<br \/>\nMitta L: 123mm<br \/>\nVesij\u00e4\u00e4hdytys: Kyll\u00e4[\/vc_column_text][\/vc_column][\/vc_row]<\/p>\n<\/div>","protected":false},"excerpt":{"rendered":"<p>Vesivoideltu akselitiiviste 35mm,\u00a048mm vannasputkelle<\/p>\n","protected":false},"featured_media":82,"comment_status":"open","ping_status":"closed","template":"","meta":{"jetpack_post_was_ever_published":false,"jetpack_publicize_message":"","jetpack_publicize_feature_enabled":true,"jetpack_social_post_already_shared":true,"jetpack_social_options":{"image_generator_settings":{"template":"highway","default_image_id":0,"font":"","enabled":false},"version":2}},"product_brand":[],"product_cat":[819,26],"product_tag":[92,80,107],"class_list":{"0":"post-89","1":"product","2":"type-product","3":"status-publish","4":"has-post-thumbnail","6":"product_cat-vesivoidellut-akselitiivisteet-volvo-penta-akselitiiviste-vesivoidellut-akselitiivisteet-volvo-penta-akselitiiviste","7":"product_cat-vesivoidellut-akselitiivisteet-volvo-penta-akselitiiviste","8":"product_tag-35mm","9":"product_tag-akselitiiviste","10":"product_tag-radice","11":"brand-eliche-radice","12":"brand-radice","14":"first","15":"instock","16":"sale","17":"taxable","18":"shipping-taxable","19":"purchasable","20":"product-type-simple"},"yoast_head":"<!-- This site is optimized with the Yoast SEO plugin v27.3 - https:\/\/yoast.com\/product\/yoast-seo-wordpress\/ -->\n<title>Veneen 35mm Vesivoideltu akselitiiviste 48mm vannasputkelle -potkuri<\/title>\n<meta name=\"description\" content=\"Vesivoideltu akselitiiviste 35mm ja 48mm vannasputkelle. Veneakselistojen ammattilainen. Veneakselisto. Potkuriakselin vesivoideltu tiiviste\" \/>\n<meta name=\"robots\" content=\"index, follow, max-snippet:-1, max-image-preview:large, max-video-preview:-1\" \/>\n<link rel=\"canonical\" href=\"https:\/\/veneakselisto.com\/kauppa\/tuote\/radice-akselitiiviste-35mm-potkuriakselin-tiiviste\/\" \/>\n<meta property=\"og:locale\" content=\"fi_FI\" \/>\n<meta property=\"og:type\" content=\"article\" \/>\n<meta property=\"og:title\" content=\"Veneen 35mm Vesivoideltu akselitiiviste 48mm vannasputkelle -potkuri\" \/>\n<meta property=\"og:description\" content=\"Vesivoideltu akselitiiviste 35mm ja 48mm vannasputkelle. Veneakselistojen ammattilainen. Veneakselisto. Potkuriakselin vesivoideltu tiiviste\" \/>\n<meta property=\"og:url\" content=\"https:\/\/veneakselisto.com\/kauppa\/tuote\/radice-akselitiiviste-35mm-potkuriakselin-tiiviste\/\" \/>\n<meta property=\"og:site_name\" content=\"Veneakselisto.com - verkkokauppa\" \/>\n<meta property=\"article:publisher\" content=\"https:\/\/www.facebook.com\/AlaMikkula\/\" \/>\n<meta property=\"article:modified_time\" content=\"2025-07-10T07:19:00+00:00\" \/>\n<meta property=\"og:image\" content=\"https:\/\/veneakselisto.com\/kauppa\/wp-content\/uploads\/2016\/01\/463240.jpg\" \/>\n\t<meta property=\"og:image:width\" content=\"886\" \/>\n\t<meta property=\"og:image:height\" content=\"935\" \/>\n\t<meta property=\"og:image:type\" content=\"image\/jpeg\" \/>\n<meta name=\"twitter:card\" content=\"summary_large_image\" \/>\n<script type=\"application\/ld+json\" class=\"yoast-schema-graph\">{\"@context\":\"https:\\\/\\\/schema.org\",\"@graph\":[{\"@type\":\"WebPage\",\"@id\":\"https:\\\/\\\/veneakselisto.com\\\/kauppa\\\/tuote\\\/radice-akselitiiviste-35mm-potkuriakselin-tiiviste\\\/\",\"url\":\"https:\\\/\\\/veneakselisto.com\\\/kauppa\\\/tuote\\\/radice-akselitiiviste-35mm-potkuriakselin-tiiviste\\\/\",\"name\":\"Veneen 35mm Vesivoideltu akselitiiviste 48mm vannasputkelle -potkuri\",\"isPartOf\":{\"@id\":\"https:\\\/\\\/veneakselisto.com\\\/kauppa\\\/#website\"},\"primaryImageOfPage\":{\"@id\":\"https:\\\/\\\/veneakselisto.com\\\/kauppa\\\/tuote\\\/radice-akselitiiviste-35mm-potkuriakselin-tiiviste\\\/#primaryimage\"},\"image\":{\"@id\":\"https:\\\/\\\/veneakselisto.com\\\/kauppa\\\/tuote\\\/radice-akselitiiviste-35mm-potkuriakselin-tiiviste\\\/#primaryimage\"},\"thumbnailUrl\":\"https:\\\/\\\/i0.wp.com\\\/veneakselisto.com\\\/kauppa\\\/wp-content\\\/uploads\\\/2016\\\/01\\\/463240.jpg?fit=886%2C935&ssl=1\",\"datePublished\":\"2016-01-09T15:50:17+00:00\",\"dateModified\":\"2025-07-10T07:19:00+00:00\",\"description\":\"Vesivoideltu akselitiiviste 35mm ja 48mm vannasputkelle. Veneakselistojen ammattilainen. Veneakselisto. Potkuriakselin vesivoideltu tiiviste\",\"breadcrumb\":{\"@id\":\"https:\\\/\\\/veneakselisto.com\\\/kauppa\\\/tuote\\\/radice-akselitiiviste-35mm-potkuriakselin-tiiviste\\\/#breadcrumb\"},\"inLanguage\":\"fi\",\"potentialAction\":[{\"@type\":\"ReadAction\",\"target\":[\"https:\\\/\\\/veneakselisto.com\\\/kauppa\\\/tuote\\\/radice-akselitiiviste-35mm-potkuriakselin-tiiviste\\\/\"]}]},{\"@type\":\"ImageObject\",\"inLanguage\":\"fi\",\"@id\":\"https:\\\/\\\/veneakselisto.com\\\/kauppa\\\/tuote\\\/radice-akselitiiviste-35mm-potkuriakselin-tiiviste\\\/#primaryimage\",\"url\":\"https:\\\/\\\/i0.wp.com\\\/veneakselisto.com\\\/kauppa\\\/wp-content\\\/uploads\\\/2016\\\/01\\\/463240.jpg?fit=886%2C935&ssl=1\",\"contentUrl\":\"https:\\\/\\\/i0.wp.com\\\/veneakselisto.com\\\/kauppa\\\/wp-content\\\/uploads\\\/2016\\\/01\\\/463240.jpg?fit=886%2C935&ssl=1\",\"width\":886,\"height\":935,\"caption\":\"Veneakselistojen ammattilaiselta vesivoidellut akselitiivisteet\"},{\"@type\":\"BreadcrumbList\",\"@id\":\"https:\\\/\\\/veneakselisto.com\\\/kauppa\\\/tuote\\\/radice-akselitiiviste-35mm-potkuriakselin-tiiviste\\\/#breadcrumb\",\"itemListElement\":[{\"@type\":\"ListItem\",\"position\":1,\"name\":\"Etusivu\",\"item\":\"https:\\\/\\\/veneakselisto.com\\\/kauppa\\\/\"},{\"@type\":\"ListItem\",\"position\":2,\"name\":\"Kauppa\",\"item\":\"https:\\\/\\\/veneakselisto.com\\\/kauppa\\\/\"},{\"@type\":\"ListItem\",\"position\":3,\"name\":\"35mm Vesivoideltu akselitiiviste 48mm vannasputkelle\"}]},{\"@type\":\"WebSite\",\"@id\":\"https:\\\/\\\/veneakselisto.com\\\/kauppa\\\/#website\",\"url\":\"https:\\\/\\\/veneakselisto.com\\\/kauppa\\\/\",\"name\":\"Veneakselisto.com - verkkokauppa\",\"description\":\"Venetarvikkeiden maahantuonti ja myynti\",\"publisher\":{\"@id\":\"https:\\\/\\\/veneakselisto.com\\\/kauppa\\\/#organization\"},\"potentialAction\":[{\"@type\":\"SearchAction\",\"target\":{\"@type\":\"EntryPoint\",\"urlTemplate\":\"https:\\\/\\\/veneakselisto.com\\\/kauppa\\\/?s={search_term_string}\"},\"query-input\":{\"@type\":\"PropertyValueSpecification\",\"valueRequired\":true,\"valueName\":\"search_term_string\"}}],\"inLanguage\":\"fi\"},{\"@type\":\"Organization\",\"@id\":\"https:\\\/\\\/veneakselisto.com\\\/kauppa\\\/#organization\",\"name\":\"Veneakselisto.com verkkokauppa\",\"url\":\"https:\\\/\\\/veneakselisto.com\\\/kauppa\\\/\",\"logo\":{\"@type\":\"ImageObject\",\"inLanguage\":\"fi\",\"@id\":\"https:\\\/\\\/veneakselisto.com\\\/kauppa\\\/#\\\/schema\\\/logo\\\/image\\\/\",\"url\":\"https:\\\/\\\/i2.wp.com\\\/veneakselisto.com\\\/kauppa\\\/wp-content\\\/uploads\\\/2016\\\/06\\\/fb_icon.jpg?fit=327%2C327&ssl=1\",\"contentUrl\":\"https:\\\/\\\/i2.wp.com\\\/veneakselisto.com\\\/kauppa\\\/wp-content\\\/uploads\\\/2016\\\/06\\\/fb_icon.jpg?fit=327%2C327&ssl=1\",\"width\":327,\"height\":327,\"caption\":\"Veneakselisto.com verkkokauppa\"},\"image\":{\"@id\":\"https:\\\/\\\/veneakselisto.com\\\/kauppa\\\/#\\\/schema\\\/logo\\\/image\\\/\"},\"sameAs\":[\"https:\\\/\\\/www.facebook.com\\\/AlaMikkula\\\/\"]}]}<\/script>\n<!-- \/ Yoast SEO plugin. -->","yoast_head_json":{"title":"Veneen 35mm Vesivoideltu akselitiiviste 48mm vannasputkelle -potkuri","description":"Vesivoideltu akselitiiviste 35mm ja 48mm vannasputkelle. Veneakselistojen ammattilainen. Veneakselisto. Potkuriakselin vesivoideltu tiiviste","robots":{"index":"index","follow":"follow","max-snippet":"max-snippet:-1","max-image-preview":"max-image-preview:large","max-video-preview":"max-video-preview:-1"},"canonical":"https:\/\/veneakselisto.com\/kauppa\/tuote\/radice-akselitiiviste-35mm-potkuriakselin-tiiviste\/","og_locale":"fi_FI","og_type":"article","og_title":"Veneen 35mm Vesivoideltu akselitiiviste 48mm vannasputkelle -potkuri","og_description":"Vesivoideltu akselitiiviste 35mm ja 48mm vannasputkelle. Veneakselistojen ammattilainen. Veneakselisto. Potkuriakselin vesivoideltu tiiviste","og_url":"https:\/\/veneakselisto.com\/kauppa\/tuote\/radice-akselitiiviste-35mm-potkuriakselin-tiiviste\/","og_site_name":"Veneakselisto.com - verkkokauppa","article_publisher":"https:\/\/www.facebook.com\/AlaMikkula\/","article_modified_time":"2025-07-10T07:19:00+00:00","og_image":[{"width":886,"height":935,"url":"https:\/\/veneakselisto.com\/kauppa\/wp-content\/uploads\/2016\/01\/463240.jpg","type":"image\/jpeg"}],"twitter_card":"summary_large_image","schema":{"@context":"https:\/\/schema.org","@graph":[{"@type":"WebPage","@id":"https:\/\/veneakselisto.com\/kauppa\/tuote\/radice-akselitiiviste-35mm-potkuriakselin-tiiviste\/","url":"https:\/\/veneakselisto.com\/kauppa\/tuote\/radice-akselitiiviste-35mm-potkuriakselin-tiiviste\/","name":"Veneen 35mm Vesivoideltu akselitiiviste 48mm vannasputkelle -potkuri","isPartOf":{"@id":"https:\/\/veneakselisto.com\/kauppa\/#website"},"primaryImageOfPage":{"@id":"https:\/\/veneakselisto.com\/kauppa\/tuote\/radice-akselitiiviste-35mm-potkuriakselin-tiiviste\/#primaryimage"},"image":{"@id":"https:\/\/veneakselisto.com\/kauppa\/tuote\/radice-akselitiiviste-35mm-potkuriakselin-tiiviste\/#primaryimage"},"thumbnailUrl":"https:\/\/i0.wp.com\/veneakselisto.com\/kauppa\/wp-content\/uploads\/2016\/01\/463240.jpg?fit=886%2C935&ssl=1","datePublished":"2016-01-09T15:50:17+00:00","dateModified":"2025-07-10T07:19:00+00:00","description":"Vesivoideltu akselitiiviste 35mm ja 48mm vannasputkelle. Veneakselistojen ammattilainen. Veneakselisto. Potkuriakselin vesivoideltu tiiviste","breadcrumb":{"@id":"https:\/\/veneakselisto.com\/kauppa\/tuote\/radice-akselitiiviste-35mm-potkuriakselin-tiiviste\/#breadcrumb"},"inLanguage":"fi","potentialAction":[{"@type":"ReadAction","target":["https:\/\/veneakselisto.com\/kauppa\/tuote\/radice-akselitiiviste-35mm-potkuriakselin-tiiviste\/"]}]},{"@type":"ImageObject","inLanguage":"fi","@id":"https:\/\/veneakselisto.com\/kauppa\/tuote\/radice-akselitiiviste-35mm-potkuriakselin-tiiviste\/#primaryimage","url":"https:\/\/i0.wp.com\/veneakselisto.com\/kauppa\/wp-content\/uploads\/2016\/01\/463240.jpg?fit=886%2C935&ssl=1","contentUrl":"https:\/\/i0.wp.com\/veneakselisto.com\/kauppa\/wp-content\/uploads\/2016\/01\/463240.jpg?fit=886%2C935&ssl=1","width":886,"height":935,"caption":"Veneakselistojen ammattilaiselta vesivoidellut akselitiivisteet"},{"@type":"BreadcrumbList","@id":"https:\/\/veneakselisto.com\/kauppa\/tuote\/radice-akselitiiviste-35mm-potkuriakselin-tiiviste\/#breadcrumb","itemListElement":[{"@type":"ListItem","position":1,"name":"Etusivu","item":"https:\/\/veneakselisto.com\/kauppa\/"},{"@type":"ListItem","position":2,"name":"Kauppa","item":"https:\/\/veneakselisto.com\/kauppa\/"},{"@type":"ListItem","position":3,"name":"35mm Vesivoideltu akselitiiviste 48mm vannasputkelle"}]},{"@type":"WebSite","@id":"https:\/\/veneakselisto.com\/kauppa\/#website","url":"https:\/\/veneakselisto.com\/kauppa\/","name":"Veneakselisto.com - verkkokauppa","description":"Venetarvikkeiden maahantuonti ja myynti","publisher":{"@id":"https:\/\/veneakselisto.com\/kauppa\/#organization"},"potentialAction":[{"@type":"SearchAction","target":{"@type":"EntryPoint","urlTemplate":"https:\/\/veneakselisto.com\/kauppa\/?s={search_term_string}"},"query-input":{"@type":"PropertyValueSpecification","valueRequired":true,"valueName":"search_term_string"}}],"inLanguage":"fi"},{"@type":"Organization","@id":"https:\/\/veneakselisto.com\/kauppa\/#organization","name":"Veneakselisto.com verkkokauppa","url":"https:\/\/veneakselisto.com\/kauppa\/","logo":{"@type":"ImageObject","inLanguage":"fi","@id":"https:\/\/veneakselisto.com\/kauppa\/#\/schema\/logo\/image\/","url":"https:\/\/i2.wp.com\/veneakselisto.com\/kauppa\/wp-content\/uploads\/2016\/06\/fb_icon.jpg?fit=327%2C327&ssl=1","contentUrl":"https:\/\/i2.wp.com\/veneakselisto.com\/kauppa\/wp-content\/uploads\/2016\/06\/fb_icon.jpg?fit=327%2C327&ssl=1","width":327,"height":327,"caption":"Veneakselisto.com verkkokauppa"},"image":{"@id":"https:\/\/veneakselisto.com\/kauppa\/#\/schema\/logo\/image\/"},"sameAs":["https:\/\/www.facebook.com\/AlaMikkula\/"]}]}},"jetpack_publicize_connections":[],"jetpack_sharing_enabled":true,"_links":{"self":[{"href":"https:\/\/veneakselisto.com\/kauppa\/wp-json\/wp\/v2\/product\/89","targetHints":{"allow":["GET"]}}],"collection":[{"href":"https:\/\/veneakselisto.com\/kauppa\/wp-json\/wp\/v2\/product"}],"about":[{"href":"https:\/\/veneakselisto.com\/kauppa\/wp-json\/wp\/v2\/types\/product"}],"replies":[{"embeddable":true,"href":"https:\/\/veneakselisto.com\/kauppa\/wp-json\/wp\/v2\/comments?post=89"}],"wp:featuredmedia":[{"embeddable":true,"href":"https:\/\/veneakselisto.com\/kauppa\/wp-json\/wp\/v2\/media\/82"}],"wp:attachment":[{"href":"https:\/\/veneakselisto.com\/kauppa\/wp-json\/wp\/v2\/media?parent=89"}],"wp:term":[{"taxonomy":"product_brand","embeddable":true,"href":"https:\/\/veneakselisto.com\/kauppa\/wp-json\/wp\/v2\/product_brand?post=89"},{"taxonomy":"product_cat","embeddable":true,"href":"https:\/\/veneakselisto.com\/kauppa\/wp-json\/wp\/v2\/product_cat?post=89"},{"taxonomy":"product_tag","embeddable":true,"href":"https:\/\/veneakselisto.com\/kauppa\/wp-json\/wp\/v2\/product_tag?post=89"}],"curies":[{"name":"wp","href":"https:\/\/api.w.org\/{rel}","templated":true}]}}