{"id":8794,"date":"2020-12-03T20:59:16","date_gmt":"2020-12-03T18:59:16","guid":{"rendered":"https:\/\/veneakselisto.com\/kauppa\/?post_type=product&#038;p=8794"},"modified":"2025-04-11T08:11:33","modified_gmt":"2025-04-11T05:11:33","slug":"bow2512ekit-vetus-taydellinen-keulapotkurisarja-25-kgf-tyontovoimalla","status":"publish","type":"product","link":"https:\/\/veneakselisto.com\/kauppa\/tuote\/bow2512ekit-vetus-taydellinen-keulapotkurisarja-25-kgf-tyontovoimalla\/","title":{"rendered":"BOW2512EKIT Vetus T\u00c4YDELLINEN keulapotkurisarja 25 kgf"},"content":{"rendered":"<div class=\"wpb-content-wrapper\"><p>[vc_row][vc_column][vc_column_text]BOW2512EKIT Vetus T\u00c4YDELLINEN keulapotkurisarja 25 kgf ty\u00f6nt\u00f6voimalla<\/p>\n<p>Sis\u00e4lt\u00e4\u00e4:<\/p>\n<p>BOW2512Ekeulapotkurin<\/p>\n<p>ZE125 sulakkeen<\/p>\n<p>ZEHC100 sulakepitimen<\/p>\n<p>BP29 6m paneelin kaapelin<\/p>\n<p>BPJR Joy- stick viiveyksik\u00f6ll\u00e4<\/p>\n<p>BP110G75 110mm L=750mm lasikuitutunneli<\/p>\n<p>K\u00e4ytt\u00f6j\u00e4nnite: 12 V DC<\/p>\n<p>Ty\u00f6nt\u00f6voima (N \/ kgf): 250 \/ 25<\/p>\n<p>Teho: 1,5 kW<\/p>\n<p>Tunnelin sis\u00e4halkaisija: 110 mm<\/p>\n<p>Paino: 10 kg<\/p>\n<p>Virta: 200 A<\/p>\n<p>Sulake hidas: 125 A (sulake sis\u00e4ltyy toimitukseen)<\/p>\n<p>Maksimi yht\u00e4jaksoinen k\u00e4ytt\u00f6aika: 4 min<\/p>\n<p>Mitat (katso kuva):<\/p>\n<p>A: 138 mm<\/p>\n<p>B: 297 mm<\/p>\n<p>C: 73 mm<\/p>\n<p>D (min. \/ max.) : 220 mm \/ 440 mm<\/p>\n<p>E: 149 mm<\/p>\n<p>F: 112 mm<\/p>\n<p>G: 110 mm<\/p>\n<p>H: 110 mm<\/p>\n<p>[\/vc_column_text][\/vc_column][\/vc_row][vc_row][vc_column][vc_column_text]<a href=\"http:\/\/www.vetus.com\/media\/magentominds\/sasdocument\/20140515101519_0.pdf\" target=\"_blank\" rel=\"noopener noreferrer\">Keulapotkurien sijoitussuosituksia (Pdf)<\/a><\/p>\n<p><a href=\"http:\/\/www.vetus.com\/media\/magentominds\/sasdocument\/20140514171549_0.pdf\" target=\"_blank\" rel=\"noopener noreferrer\">BOW2512D Poraussabluuna (Pdf)<\/a><\/p>\n<p><a href=\"http:\/\/www.vetus.com\/media\/magentominds\/sasdocument\/20140514171812_0.pdf\" target=\"_blank\" rel=\"noopener noreferrer\">Varaosalista (en) (Pdf)<\/a><\/p>\n<p>[\/vc_column_text][\/vc_column][\/vc_row][vc_row][vc_column][vc_column_text]<\/p>\n<h4>VETUS keulapotkureiden edut<\/h4>\n<ul>\n<li>Yksi tehokas potkuri \u2013 v\u00e4hemm\u00e4n h\u00e4iri\u00f6t\u00e4 veden virtauksessa<\/li>\n<li>Ainutlaatuinen potkurimalli antaa alhaisemman melutason ja yht\u00e4l\u00e4isen ty\u00f6nt\u00f6voiman kumpaankin suuntaan<\/li>\n<li>Hiljaisempi ja pitk\u00e4ik\u00e4isempi vaihteisto kaarevahampaisilla kartiohammaspy\u00f6rill\u00e4<\/li>\n<li>Joustokytkin moottorin ja vaihteiston v\u00e4liss\u00e4 v\u00e4hent\u00e4\u00e4 t\u00e4rin\u00e4\u00e4<\/li>\n<li>Synteettinen korroosiovapaa potkuri on kevyt mutta kest\u00e4v\u00e4<\/li>\n<li>Helppo asennus selkeiden asennusohjeiden avulla<\/li>\n<li>Useita erilaisia ohjausvaihtoehtoja panelesta langattomiin kaukos\u00e4\u00e4timiin<\/li>\n<li>Kaikki VETUS keulapotkurit t\u00e4ytt\u00e4v\u00e4t EMC-vaatimukset<\/li>\n<\/ul>\n<p>[\/vc_column_text][\/vc_column][\/vc_row]<\/p>\n<\/div>","protected":false},"excerpt":{"rendered":"<p>BOW2512EKIT Vetus T\u00c4YDELLINEN keulapotkurisarja 35 kgf ty\u00f6nt\u00f6voimalla 5.5-8.5m aluksille<\/p>\n<p>Nyt sinun ei tarvitse mietti\u00e4 mit\u00e4 tarvitset keulapotkurin asennukseen T\u00c4SS\u00c4 SARJASSA ON KAIKKI. Jos haluat erimittaisen putken tai ohjauskaapelin, niin ota yhteytt\u00e4 09-8779230 tai akseli@veneakselisto.fi<\/p>\n<p>(ei sis\u00e4ll\u00e4 akkukaapeleita)<\/p>\n<p>Sis\u00e4lt\u00e4\u00e4:<\/p>\n<p>BOW2512E keulapotkurin<\/p>\n<p>ZE125 sulakkeen<\/p>\n<p>ZEHC100 sulakepitimen<\/p>\n<p>BP29 6m paneelin kaapelin<\/p>\n<p>BPJR Joy- stick viiveyksik\u00f6ll\u00e4<\/p>\n<p>BP110G75 110mm L=750mm lasikuitutunneli<\/p>\n","protected":false},"featured_media":60,"comment_status":"open","ping_status":"closed","template":"","meta":{"jetpack_post_was_ever_published":false,"jetpack_publicize_message":"","jetpack_publicize_feature_enabled":true,"jetpack_social_post_already_shared":true,"jetpack_social_options":{"image_generator_settings":{"template":"highway","default_image_id":0,"font":"","enabled":false},"version":2}},"product_brand":[],"product_cat":[485,1109,1100,69,470],"product_tag":[99,100,97,98],"class_list":{"0":"post-8794","1":"product","2":"type-product","3":"status-publish","4":"has-post-thumbnail","6":"product_cat-veneen-ohjaus-hallinta","7":"product_cat-vetus-keulapotkuri","8":"product_cat-keulapotkuri-vetus","9":"product_cat-vetus-keulapotkurit","10":"product_cat-vetus_vetus-venetarvikkeet_venetarvikeiden-maahantuonti-ja-myynti","11":"product_tag-12-v","12":"product_tag-dc","13":"product_tag-keulapotkuri","14":"product_tag-vetus","15":"brand-vetus","17":"first","18":"instock","19":"sale","20":"taxable","21":"shipping-taxable","22":"purchasable","23":"product-type-simple"},"yoast_head":"<!-- This site is optimized with the Yoast SEO plugin v27.3 - https:\/\/yoast.com\/product\/yoast-seo-wordpress\/ -->\n<title>BOW2512EKIT Vetus T\u00c4YDELLINEN keulapotkurisarja 25 kgf<\/title>\n<meta name=\"description\" content=\"BOW2512EKIT Vetus T\u00c4YDELLINEN keulapotkurisarja 25 kgf ty\u00f6nt\u00f6voimalla . Vetus keulapotkurit toimittaa aina edullinen Veneakselisto.com\" \/>\n<meta name=\"robots\" content=\"index, follow, max-snippet:-1, max-image-preview:large, max-video-preview:-1\" \/>\n<link rel=\"canonical\" href=\"https:\/\/veneakselisto.com\/kauppa\/tuote\/bow2512ekit-vetus-taydellinen-keulapotkurisarja-25-kgf-tyontovoimalla\/\" \/>\n<meta property=\"og:locale\" content=\"fi_FI\" \/>\n<meta property=\"og:type\" content=\"article\" \/>\n<meta property=\"og:title\" content=\"BOW2512EKIT Vetus T\u00c4YDELLINEN keulapotkurisarja 25 kgf\" \/>\n<meta property=\"og:description\" content=\"BOW2512EKIT Vetus T\u00c4YDELLINEN keulapotkurisarja 25 kgf ty\u00f6nt\u00f6voimalla . Vetus keulapotkurit toimittaa aina edullinen Veneakselisto.com\" \/>\n<meta property=\"og:url\" content=\"https:\/\/veneakselisto.com\/kauppa\/tuote\/bow2512ekit-vetus-taydellinen-keulapotkurisarja-25-kgf-tyontovoimalla\/\" \/>\n<meta property=\"og:site_name\" content=\"Veneakselisto.com - verkkokauppa\" \/>\n<meta property=\"article:publisher\" content=\"https:\/\/www.facebook.com\/AlaMikkula\/\" \/>\n<meta property=\"article:modified_time\" content=\"2025-04-11T05:11:33+00:00\" \/>\n<meta property=\"og:image\" content=\"https:\/\/veneakselisto.com\/kauppa\/wp-content\/uploads\/2015\/12\/bow2512d_1.jpg\" \/>\n\t<meta property=\"og:image:width\" content=\"500\" \/>\n\t<meta property=\"og:image:height\" content=\"500\" \/>\n\t<meta property=\"og:image:type\" content=\"image\/jpeg\" \/>\n<meta name=\"twitter:card\" content=\"summary_large_image\" \/>\n<meta name=\"twitter:label1\" content=\"Arvioitu lukuaika\" \/>\n\t<meta name=\"twitter:data1\" content=\"2 minuuttia\" \/>\n<script type=\"application\/ld+json\" class=\"yoast-schema-graph\">{\"@context\":\"https:\\\/\\\/schema.org\",\"@graph\":[{\"@type\":\"WebPage\",\"@id\":\"https:\\\/\\\/veneakselisto.com\\\/kauppa\\\/tuote\\\/bow2512ekit-vetus-taydellinen-keulapotkurisarja-25-kgf-tyontovoimalla\\\/\",\"url\":\"https:\\\/\\\/veneakselisto.com\\\/kauppa\\\/tuote\\\/bow2512ekit-vetus-taydellinen-keulapotkurisarja-25-kgf-tyontovoimalla\\\/\",\"name\":\"BOW2512EKIT Vetus T\u00c4YDELLINEN keulapotkurisarja 25 kgf\",\"isPartOf\":{\"@id\":\"https:\\\/\\\/veneakselisto.com\\\/kauppa\\\/#website\"},\"primaryImageOfPage\":{\"@id\":\"https:\\\/\\\/veneakselisto.com\\\/kauppa\\\/tuote\\\/bow2512ekit-vetus-taydellinen-keulapotkurisarja-25-kgf-tyontovoimalla\\\/#primaryimage\"},\"image\":{\"@id\":\"https:\\\/\\\/veneakselisto.com\\\/kauppa\\\/tuote\\\/bow2512ekit-vetus-taydellinen-keulapotkurisarja-25-kgf-tyontovoimalla\\\/#primaryimage\"},\"thumbnailUrl\":\"https:\\\/\\\/i0.wp.com\\\/veneakselisto.com\\\/kauppa\\\/wp-content\\\/uploads\\\/2015\\\/12\\\/bow2512d_1.jpg?fit=500%2C500&ssl=1\",\"datePublished\":\"2020-12-03T18:59:16+00:00\",\"dateModified\":\"2025-04-11T05:11:33+00:00\",\"description\":\"BOW2512EKIT Vetus T\u00c4YDELLINEN keulapotkurisarja 25 kgf ty\u00f6nt\u00f6voimalla . Vetus keulapotkurit toimittaa aina edullinen Veneakselisto.com\",\"breadcrumb\":{\"@id\":\"https:\\\/\\\/veneakselisto.com\\\/kauppa\\\/tuote\\\/bow2512ekit-vetus-taydellinen-keulapotkurisarja-25-kgf-tyontovoimalla\\\/#breadcrumb\"},\"inLanguage\":\"fi\",\"potentialAction\":[{\"@type\":\"ReadAction\",\"target\":[\"https:\\\/\\\/veneakselisto.com\\\/kauppa\\\/tuote\\\/bow2512ekit-vetus-taydellinen-keulapotkurisarja-25-kgf-tyontovoimalla\\\/\"]}]},{\"@type\":\"ImageObject\",\"inLanguage\":\"fi\",\"@id\":\"https:\\\/\\\/veneakselisto.com\\\/kauppa\\\/tuote\\\/bow2512ekit-vetus-taydellinen-keulapotkurisarja-25-kgf-tyontovoimalla\\\/#primaryimage\",\"url\":\"https:\\\/\\\/i0.wp.com\\\/veneakselisto.com\\\/kauppa\\\/wp-content\\\/uploads\\\/2015\\\/12\\\/bow2512d_1.jpg?fit=500%2C500&ssl=1\",\"contentUrl\":\"https:\\\/\\\/i0.wp.com\\\/veneakselisto.com\\\/kauppa\\\/wp-content\\\/uploads\\\/2015\\\/12\\\/bow2512d_1.jpg?fit=500%2C500&ssl=1\",\"width\":500,\"height\":500,\"caption\":\"Vetus keulapotkuri. Keulapotkurit toimittaa venetarvikkeiden erikoisliike Veneakselisto.com\"},{\"@type\":\"BreadcrumbList\",\"@id\":\"https:\\\/\\\/veneakselisto.com\\\/kauppa\\\/tuote\\\/bow2512ekit-vetus-taydellinen-keulapotkurisarja-25-kgf-tyontovoimalla\\\/#breadcrumb\",\"itemListElement\":[{\"@type\":\"ListItem\",\"position\":1,\"name\":\"Etusivu\",\"item\":\"https:\\\/\\\/veneakselisto.com\\\/kauppa\\\/\"},{\"@type\":\"ListItem\",\"position\":2,\"name\":\"Kauppa\",\"item\":\"https:\\\/\\\/veneakselisto.com\\\/kauppa\\\/\"},{\"@type\":\"ListItem\",\"position\":3,\"name\":\"BOW2512EKIT Vetus T\u00c4YDELLINEN keulapotkurisarja 25 kgf\"}]},{\"@type\":\"WebSite\",\"@id\":\"https:\\\/\\\/veneakselisto.com\\\/kauppa\\\/#website\",\"url\":\"https:\\\/\\\/veneakselisto.com\\\/kauppa\\\/\",\"name\":\"Veneakselisto.com - verkkokauppa\",\"description\":\"Venetarvikkeiden maahantuonti ja myynti\",\"publisher\":{\"@id\":\"https:\\\/\\\/veneakselisto.com\\\/kauppa\\\/#organization\"},\"potentialAction\":[{\"@type\":\"SearchAction\",\"target\":{\"@type\":\"EntryPoint\",\"urlTemplate\":\"https:\\\/\\\/veneakselisto.com\\\/kauppa\\\/?s={search_term_string}\"},\"query-input\":{\"@type\":\"PropertyValueSpecification\",\"valueRequired\":true,\"valueName\":\"search_term_string\"}}],\"inLanguage\":\"fi\"},{\"@type\":\"Organization\",\"@id\":\"https:\\\/\\\/veneakselisto.com\\\/kauppa\\\/#organization\",\"name\":\"Veneakselisto.com verkkokauppa\",\"url\":\"https:\\\/\\\/veneakselisto.com\\\/kauppa\\\/\",\"logo\":{\"@type\":\"ImageObject\",\"inLanguage\":\"fi\",\"@id\":\"https:\\\/\\\/veneakselisto.com\\\/kauppa\\\/#\\\/schema\\\/logo\\\/image\\\/\",\"url\":\"https:\\\/\\\/i2.wp.com\\\/veneakselisto.com\\\/kauppa\\\/wp-content\\\/uploads\\\/2016\\\/06\\\/fb_icon.jpg?fit=327%2C327&ssl=1\",\"contentUrl\":\"https:\\\/\\\/i2.wp.com\\\/veneakselisto.com\\\/kauppa\\\/wp-content\\\/uploads\\\/2016\\\/06\\\/fb_icon.jpg?fit=327%2C327&ssl=1\",\"width\":327,\"height\":327,\"caption\":\"Veneakselisto.com verkkokauppa\"},\"image\":{\"@id\":\"https:\\\/\\\/veneakselisto.com\\\/kauppa\\\/#\\\/schema\\\/logo\\\/image\\\/\"},\"sameAs\":[\"https:\\\/\\\/www.facebook.com\\\/AlaMikkula\\\/\"]}]}<\/script>\n<!-- \/ Yoast SEO plugin. -->","yoast_head_json":{"title":"BOW2512EKIT Vetus T\u00c4YDELLINEN keulapotkurisarja 25 kgf","description":"BOW2512EKIT Vetus T\u00c4YDELLINEN keulapotkurisarja 25 kgf ty\u00f6nt\u00f6voimalla . Vetus keulapotkurit toimittaa aina edullinen Veneakselisto.com","robots":{"index":"index","follow":"follow","max-snippet":"max-snippet:-1","max-image-preview":"max-image-preview:large","max-video-preview":"max-video-preview:-1"},"canonical":"https:\/\/veneakselisto.com\/kauppa\/tuote\/bow2512ekit-vetus-taydellinen-keulapotkurisarja-25-kgf-tyontovoimalla\/","og_locale":"fi_FI","og_type":"article","og_title":"BOW2512EKIT Vetus T\u00c4YDELLINEN keulapotkurisarja 25 kgf","og_description":"BOW2512EKIT Vetus T\u00c4YDELLINEN keulapotkurisarja 25 kgf ty\u00f6nt\u00f6voimalla . Vetus keulapotkurit toimittaa aina edullinen Veneakselisto.com","og_url":"https:\/\/veneakselisto.com\/kauppa\/tuote\/bow2512ekit-vetus-taydellinen-keulapotkurisarja-25-kgf-tyontovoimalla\/","og_site_name":"Veneakselisto.com - verkkokauppa","article_publisher":"https:\/\/www.facebook.com\/AlaMikkula\/","article_modified_time":"2025-04-11T05:11:33+00:00","og_image":[{"width":500,"height":500,"url":"https:\/\/veneakselisto.com\/kauppa\/wp-content\/uploads\/2015\/12\/bow2512d_1.jpg","type":"image\/jpeg"}],"twitter_card":"summary_large_image","twitter_misc":{"Arvioitu lukuaika":"2 minuuttia"},"schema":{"@context":"https:\/\/schema.org","@graph":[{"@type":"WebPage","@id":"https:\/\/veneakselisto.com\/kauppa\/tuote\/bow2512ekit-vetus-taydellinen-keulapotkurisarja-25-kgf-tyontovoimalla\/","url":"https:\/\/veneakselisto.com\/kauppa\/tuote\/bow2512ekit-vetus-taydellinen-keulapotkurisarja-25-kgf-tyontovoimalla\/","name":"BOW2512EKIT Vetus T\u00c4YDELLINEN keulapotkurisarja 25 kgf","isPartOf":{"@id":"https:\/\/veneakselisto.com\/kauppa\/#website"},"primaryImageOfPage":{"@id":"https:\/\/veneakselisto.com\/kauppa\/tuote\/bow2512ekit-vetus-taydellinen-keulapotkurisarja-25-kgf-tyontovoimalla\/#primaryimage"},"image":{"@id":"https:\/\/veneakselisto.com\/kauppa\/tuote\/bow2512ekit-vetus-taydellinen-keulapotkurisarja-25-kgf-tyontovoimalla\/#primaryimage"},"thumbnailUrl":"https:\/\/i0.wp.com\/veneakselisto.com\/kauppa\/wp-content\/uploads\/2015\/12\/bow2512d_1.jpg?fit=500%2C500&ssl=1","datePublished":"2020-12-03T18:59:16+00:00","dateModified":"2025-04-11T05:11:33+00:00","description":"BOW2512EKIT Vetus T\u00c4YDELLINEN keulapotkurisarja 25 kgf ty\u00f6nt\u00f6voimalla . Vetus keulapotkurit toimittaa aina edullinen Veneakselisto.com","breadcrumb":{"@id":"https:\/\/veneakselisto.com\/kauppa\/tuote\/bow2512ekit-vetus-taydellinen-keulapotkurisarja-25-kgf-tyontovoimalla\/#breadcrumb"},"inLanguage":"fi","potentialAction":[{"@type":"ReadAction","target":["https:\/\/veneakselisto.com\/kauppa\/tuote\/bow2512ekit-vetus-taydellinen-keulapotkurisarja-25-kgf-tyontovoimalla\/"]}]},{"@type":"ImageObject","inLanguage":"fi","@id":"https:\/\/veneakselisto.com\/kauppa\/tuote\/bow2512ekit-vetus-taydellinen-keulapotkurisarja-25-kgf-tyontovoimalla\/#primaryimage","url":"https:\/\/i0.wp.com\/veneakselisto.com\/kauppa\/wp-content\/uploads\/2015\/12\/bow2512d_1.jpg?fit=500%2C500&ssl=1","contentUrl":"https:\/\/i0.wp.com\/veneakselisto.com\/kauppa\/wp-content\/uploads\/2015\/12\/bow2512d_1.jpg?fit=500%2C500&ssl=1","width":500,"height":500,"caption":"Vetus keulapotkuri. Keulapotkurit toimittaa venetarvikkeiden erikoisliike Veneakselisto.com"},{"@type":"BreadcrumbList","@id":"https:\/\/veneakselisto.com\/kauppa\/tuote\/bow2512ekit-vetus-taydellinen-keulapotkurisarja-25-kgf-tyontovoimalla\/#breadcrumb","itemListElement":[{"@type":"ListItem","position":1,"name":"Etusivu","item":"https:\/\/veneakselisto.com\/kauppa\/"},{"@type":"ListItem","position":2,"name":"Kauppa","item":"https:\/\/veneakselisto.com\/kauppa\/"},{"@type":"ListItem","position":3,"name":"BOW2512EKIT Vetus T\u00c4YDELLINEN keulapotkurisarja 25 kgf"}]},{"@type":"WebSite","@id":"https:\/\/veneakselisto.com\/kauppa\/#website","url":"https:\/\/veneakselisto.com\/kauppa\/","name":"Veneakselisto.com - verkkokauppa","description":"Venetarvikkeiden maahantuonti ja myynti","publisher":{"@id":"https:\/\/veneakselisto.com\/kauppa\/#organization"},"potentialAction":[{"@type":"SearchAction","target":{"@type":"EntryPoint","urlTemplate":"https:\/\/veneakselisto.com\/kauppa\/?s={search_term_string}"},"query-input":{"@type":"PropertyValueSpecification","valueRequired":true,"valueName":"search_term_string"}}],"inLanguage":"fi"},{"@type":"Organization","@id":"https:\/\/veneakselisto.com\/kauppa\/#organization","name":"Veneakselisto.com verkkokauppa","url":"https:\/\/veneakselisto.com\/kauppa\/","logo":{"@type":"ImageObject","inLanguage":"fi","@id":"https:\/\/veneakselisto.com\/kauppa\/#\/schema\/logo\/image\/","url":"https:\/\/i2.wp.com\/veneakselisto.com\/kauppa\/wp-content\/uploads\/2016\/06\/fb_icon.jpg?fit=327%2C327&ssl=1","contentUrl":"https:\/\/i2.wp.com\/veneakselisto.com\/kauppa\/wp-content\/uploads\/2016\/06\/fb_icon.jpg?fit=327%2C327&ssl=1","width":327,"height":327,"caption":"Veneakselisto.com verkkokauppa"},"image":{"@id":"https:\/\/veneakselisto.com\/kauppa\/#\/schema\/logo\/image\/"},"sameAs":["https:\/\/www.facebook.com\/AlaMikkula\/"]}]}},"jetpack_publicize_connections":[],"jetpack_sharing_enabled":true,"_links":{"self":[{"href":"https:\/\/veneakselisto.com\/kauppa\/wp-json\/wp\/v2\/product\/8794","targetHints":{"allow":["GET"]}}],"collection":[{"href":"https:\/\/veneakselisto.com\/kauppa\/wp-json\/wp\/v2\/product"}],"about":[{"href":"https:\/\/veneakselisto.com\/kauppa\/wp-json\/wp\/v2\/types\/product"}],"replies":[{"embeddable":true,"href":"https:\/\/veneakselisto.com\/kauppa\/wp-json\/wp\/v2\/comments?post=8794"}],"wp:featuredmedia":[{"embeddable":true,"href":"https:\/\/veneakselisto.com\/kauppa\/wp-json\/wp\/v2\/media\/60"}],"wp:attachment":[{"href":"https:\/\/veneakselisto.com\/kauppa\/wp-json\/wp\/v2\/media?parent=8794"}],"wp:term":[{"taxonomy":"product_brand","embeddable":true,"href":"https:\/\/veneakselisto.com\/kauppa\/wp-json\/wp\/v2\/product_brand?post=8794"},{"taxonomy":"product_cat","embeddable":true,"href":"https:\/\/veneakselisto.com\/kauppa\/wp-json\/wp\/v2\/product_cat?post=8794"},{"taxonomy":"product_tag","embeddable":true,"href":"https:\/\/veneakselisto.com\/kauppa\/wp-json\/wp\/v2\/product_tag?post=8794"}],"curies":[{"name":"wp","href":"https:\/\/api.w.org\/{rel}","templated":true}]}}