{"id":6029,"date":"2019-11-17T17:54:00","date_gmt":"2019-11-17T15:54:00","guid":{"rendered":"https:\/\/veneakselisto.com\/kauppa\/?post_type=product&#038;p=6029"},"modified":"2024-08-31T23:34:27","modified_gmt":"2024-08-31T20:34:27","slug":"volvo-penta-oljynjaahdyttajan-tiivistesarja-d30-d43","status":"publish","type":"product","link":"https:\/\/veneakselisto.com\/kauppa\/tuote\/volvo-penta-oljynjaahdyttajan-tiivistesarja-d30-d43\/","title":{"rendered":"Volvo Penta \u00f6ljynj\u00e4\u00e4hdytt\u00e4j\u00e4n tiivistesarja D30 -D43"},"content":{"rendered":"<p>Volvo Penta \u00f6ljynj\u00e4\u00e4hdytt\u00e4j\u00e4n tiivistesarja D30-D43<\/p>\n<p>Volvo Penta \u00f6ljynj\u00e4\u00e4hdytt\u00e4j\u00e4n tiivistesarja. Valmistaja Orbitrade<\/p>\n<p>Sopivuus<\/p>\n<p>D30, D31, D32, D40, D41, D42, D43<br \/>\nF\u00f6r oljekylarhus \/ For oil cooler housing<br \/>\nAD30A, AQAD30A, MD30A, TAMD30A, TMD30A<br \/>\nAD31A, AD31B, AD31D, AD31L-A, AD31P-A, AD31XD<br \/>\nAQAD31A, MD31A, TAMD31A, TAMD31B, TAMD31D<br \/>\nTAMD31L-A, TAMD31M-A, TAMD31P-A, TMD31A, TMD31B, TMD31D,<br \/>\nTMD31L-A, KAD32P-A<br \/>\nAD40B, AQAD40A, AQAD40B, AQD40A, MD40A, TAMD40A, TAMD40B,<br \/>\nTMD40A, TMD40B, TMD40C<br \/>\nAD41A, AD41B, AD41D, AD41L-A, AD41P-A, AQAD41A<br \/>\nD41A, D41B, D41D, D41L-A, TAMD41A, TAMD41B, TAMD41D<br \/>\nTAMD41H-A, TAMD41L-A, TAMD41M-A, TAMD41P-A<br \/>\nTMD41A, TMD41B, TMD41D, TMD41L-A<br \/>\nKAD42A, KAD42B, KAD42P-A, KAMD42A, KAMD42B,<br \/>\nKAMD42P-A, TAMD42B, TAMD42WJ-A<br \/>\nKAD43P-A, KAMD43P-A<br \/>\nKAD44P-A, KAD44P-B, KAD44P-C, KAMD44P-A, KAMD44P-B, KAMD44P-C<br \/>\nKAD300A, KAMD300A<\/p>\n","protected":false},"excerpt":{"rendered":"<p>Volvo Penta \u00f6ljynj\u00e4\u00e4hdytt\u00e4j\u00e4n tiivistesarja<\/p>\n<p>Sopivuus<\/p>\n<p>D30, D31, D32, D40, D41, D42, D43<\/p>\n<p>Verkkokauppatuote. Toimitusaika 1-5pv<\/p>\n","protected":false},"featured_media":6040,"comment_status":"open","ping_status":"closed","template":"","meta":{"jetpack_post_was_ever_published":false,"jetpack_publicize_message":"","jetpack_publicize_feature_enabled":true,"jetpack_social_post_already_shared":true,"jetpack_social_options":{"image_generator_settings":{"template":"highway","default_image_id":0,"font":"","enabled":false},"version":2}},"product_brand":[],"product_cat":[907],"product_tag":[908,324],"class_list":{"0":"post-6029","1":"product","2":"type-product","3":"status-publish","4":"has-post-thumbnail","6":"product_cat-volvo_penta-jaahdyttajan_tiivisteet_oljynjaahdytin_valijaahdytin","7":"product_tag-oljynjaahdyttajan-tiivistesarja","8":"product_tag-volvo-penta","9":"brand-orbitrade-marine","11":"first","12":"onbackorder","13":"sale","14":"taxable","15":"shipping-taxable","16":"purchasable","17":"product-type-simple"},"yoast_head":"<!-- This site is optimized with the Yoast SEO plugin v27.3 - https:\/\/yoast.com\/product\/yoast-seo-wordpress\/ -->\n<title>Volvo Penta \u00f6ljynj\u00e4\u00e4hdytt\u00e4j\u00e4n tiivistesarja D30-D43 - Veneakselisto.com<\/title>\n<meta name=\"description\" content=\"Volvo Penta \u00f6ljynj\u00e4\u00e4hdytt\u00e4j\u00e4n tiivistesarja D30-D43. Tuotteen toimittaa aina edullinen Veneakselisto.com - Venetarvikkeiden maahantuonti ja myynti.\" \/>\n<meta name=\"robots\" content=\"index, follow, max-snippet:-1, max-image-preview:large, max-video-preview:-1\" \/>\n<link rel=\"canonical\" href=\"https:\/\/veneakselisto.com\/kauppa\/tuote\/volvo-penta-oljynjaahdyttajan-tiivistesarja-d30-d43\/\" \/>\n<meta property=\"og:locale\" content=\"fi_FI\" \/>\n<meta property=\"og:type\" content=\"article\" \/>\n<meta property=\"og:title\" content=\"Volvo Penta \u00f6ljynj\u00e4\u00e4hdytt\u00e4j\u00e4n tiivistesarja D30-D43 - Veneakselisto.com\" \/>\n<meta property=\"og:description\" content=\"Volvo Penta \u00f6ljynj\u00e4\u00e4hdytt\u00e4j\u00e4n tiivistesarja D30-D43. Tuotteen toimittaa aina edullinen Veneakselisto.com - Venetarvikkeiden maahantuonti ja myynti.\" \/>\n<meta property=\"og:url\" content=\"https:\/\/veneakselisto.com\/kauppa\/tuote\/volvo-penta-oljynjaahdyttajan-tiivistesarja-d30-d43\/\" \/>\n<meta property=\"og:site_name\" content=\"Veneakselisto.com - verkkokauppa\" \/>\n<meta property=\"article:publisher\" content=\"https:\/\/www.facebook.com\/AlaMikkula\/\" \/>\n<meta property=\"article:modified_time\" content=\"2024-08-31T20:34:27+00:00\" \/>\n<meta property=\"og:image\" content=\"https:\/\/veneakselisto.com\/kauppa\/wp-content\/uploads\/2019\/11\/22149-1.jpg\" \/>\n\t<meta property=\"og:image:width\" content=\"500\" \/>\n\t<meta property=\"og:image:height\" content=\"500\" \/>\n\t<meta property=\"og:image:type\" content=\"image\/jpeg\" \/>\n<meta name=\"twitter:card\" content=\"summary_large_image\" \/>\n<meta name=\"twitter:label1\" content=\"Arvioitu lukuaika\" \/>\n\t<meta name=\"twitter:data1\" content=\"1 minuutti\" \/>\n<script type=\"application\/ld+json\" class=\"yoast-schema-graph\">{\"@context\":\"https:\\\/\\\/schema.org\",\"@graph\":[{\"@type\":\"WebPage\",\"@id\":\"https:\\\/\\\/veneakselisto.com\\\/kauppa\\\/tuote\\\/volvo-penta-oljynjaahdyttajan-tiivistesarja-d30-d43\\\/\",\"url\":\"https:\\\/\\\/veneakselisto.com\\\/kauppa\\\/tuote\\\/volvo-penta-oljynjaahdyttajan-tiivistesarja-d30-d43\\\/\",\"name\":\"Volvo Penta \u00f6ljynj\u00e4\u00e4hdytt\u00e4j\u00e4n tiivistesarja D30-D43 - Veneakselisto.com\",\"isPartOf\":{\"@id\":\"https:\\\/\\\/veneakselisto.com\\\/kauppa\\\/#website\"},\"primaryImageOfPage\":{\"@id\":\"https:\\\/\\\/veneakselisto.com\\\/kauppa\\\/tuote\\\/volvo-penta-oljynjaahdyttajan-tiivistesarja-d30-d43\\\/#primaryimage\"},\"image\":{\"@id\":\"https:\\\/\\\/veneakselisto.com\\\/kauppa\\\/tuote\\\/volvo-penta-oljynjaahdyttajan-tiivistesarja-d30-d43\\\/#primaryimage\"},\"thumbnailUrl\":\"https:\\\/\\\/i0.wp.com\\\/veneakselisto.com\\\/kauppa\\\/wp-content\\\/uploads\\\/2019\\\/11\\\/22149-1.jpg?fit=500%2C500&ssl=1\",\"datePublished\":\"2019-11-17T15:54:00+00:00\",\"dateModified\":\"2024-08-31T20:34:27+00:00\",\"description\":\"Volvo Penta \u00f6ljynj\u00e4\u00e4hdytt\u00e4j\u00e4n tiivistesarja D30-D43. Tuotteen toimittaa aina edullinen Veneakselisto.com - Venetarvikkeiden maahantuonti ja myynti.\",\"breadcrumb\":{\"@id\":\"https:\\\/\\\/veneakselisto.com\\\/kauppa\\\/tuote\\\/volvo-penta-oljynjaahdyttajan-tiivistesarja-d30-d43\\\/#breadcrumb\"},\"inLanguage\":\"fi\",\"potentialAction\":[{\"@type\":\"ReadAction\",\"target\":[\"https:\\\/\\\/veneakselisto.com\\\/kauppa\\\/tuote\\\/volvo-penta-oljynjaahdyttajan-tiivistesarja-d30-d43\\\/\"]}]},{\"@type\":\"ImageObject\",\"inLanguage\":\"fi\",\"@id\":\"https:\\\/\\\/veneakselisto.com\\\/kauppa\\\/tuote\\\/volvo-penta-oljynjaahdyttajan-tiivistesarja-d30-d43\\\/#primaryimage\",\"url\":\"https:\\\/\\\/i0.wp.com\\\/veneakselisto.com\\\/kauppa\\\/wp-content\\\/uploads\\\/2019\\\/11\\\/22149-1.jpg?fit=500%2C500&ssl=1\",\"contentUrl\":\"https:\\\/\\\/i0.wp.com\\\/veneakselisto.com\\\/kauppa\\\/wp-content\\\/uploads\\\/2019\\\/11\\\/22149-1.jpg?fit=500%2C500&ssl=1\",\"width\":500,\"height\":500,\"caption\":\"Volvo Penta Varaosat toimittaa Veneakselisto.com\"},{\"@type\":\"BreadcrumbList\",\"@id\":\"https:\\\/\\\/veneakselisto.com\\\/kauppa\\\/tuote\\\/volvo-penta-oljynjaahdyttajan-tiivistesarja-d30-d43\\\/#breadcrumb\",\"itemListElement\":[{\"@type\":\"ListItem\",\"position\":1,\"name\":\"Etusivu\",\"item\":\"https:\\\/\\\/veneakselisto.com\\\/kauppa\\\/\"},{\"@type\":\"ListItem\",\"position\":2,\"name\":\"Kauppa\",\"item\":\"https:\\\/\\\/veneakselisto.com\\\/kauppa\\\/\"},{\"@type\":\"ListItem\",\"position\":3,\"name\":\"Volvo Penta \u00f6ljynj\u00e4\u00e4hdytt\u00e4j\u00e4n tiivistesarja D30 -D43\"}]},{\"@type\":\"WebSite\",\"@id\":\"https:\\\/\\\/veneakselisto.com\\\/kauppa\\\/#website\",\"url\":\"https:\\\/\\\/veneakselisto.com\\\/kauppa\\\/\",\"name\":\"Veneakselisto.com - verkkokauppa\",\"description\":\"Venetarvikkeiden maahantuonti ja myynti\",\"publisher\":{\"@id\":\"https:\\\/\\\/veneakselisto.com\\\/kauppa\\\/#organization\"},\"potentialAction\":[{\"@type\":\"SearchAction\",\"target\":{\"@type\":\"EntryPoint\",\"urlTemplate\":\"https:\\\/\\\/veneakselisto.com\\\/kauppa\\\/?s={search_term_string}\"},\"query-input\":{\"@type\":\"PropertyValueSpecification\",\"valueRequired\":true,\"valueName\":\"search_term_string\"}}],\"inLanguage\":\"fi\"},{\"@type\":\"Organization\",\"@id\":\"https:\\\/\\\/veneakselisto.com\\\/kauppa\\\/#organization\",\"name\":\"Veneakselisto.com verkkokauppa\",\"url\":\"https:\\\/\\\/veneakselisto.com\\\/kauppa\\\/\",\"logo\":{\"@type\":\"ImageObject\",\"inLanguage\":\"fi\",\"@id\":\"https:\\\/\\\/veneakselisto.com\\\/kauppa\\\/#\\\/schema\\\/logo\\\/image\\\/\",\"url\":\"https:\\\/\\\/i2.wp.com\\\/veneakselisto.com\\\/kauppa\\\/wp-content\\\/uploads\\\/2016\\\/06\\\/fb_icon.jpg?fit=327%2C327&ssl=1\",\"contentUrl\":\"https:\\\/\\\/i2.wp.com\\\/veneakselisto.com\\\/kauppa\\\/wp-content\\\/uploads\\\/2016\\\/06\\\/fb_icon.jpg?fit=327%2C327&ssl=1\",\"width\":327,\"height\":327,\"caption\":\"Veneakselisto.com verkkokauppa\"},\"image\":{\"@id\":\"https:\\\/\\\/veneakselisto.com\\\/kauppa\\\/#\\\/schema\\\/logo\\\/image\\\/\"},\"sameAs\":[\"https:\\\/\\\/www.facebook.com\\\/AlaMikkula\\\/\"]}]}<\/script>\n<!-- \/ Yoast SEO plugin. -->","yoast_head_json":{"title":"Volvo Penta \u00f6ljynj\u00e4\u00e4hdytt\u00e4j\u00e4n tiivistesarja D30-D43 - Veneakselisto.com","description":"Volvo Penta \u00f6ljynj\u00e4\u00e4hdytt\u00e4j\u00e4n tiivistesarja D30-D43. Tuotteen toimittaa aina edullinen Veneakselisto.com - Venetarvikkeiden maahantuonti ja myynti.","robots":{"index":"index","follow":"follow","max-snippet":"max-snippet:-1","max-image-preview":"max-image-preview:large","max-video-preview":"max-video-preview:-1"},"canonical":"https:\/\/veneakselisto.com\/kauppa\/tuote\/volvo-penta-oljynjaahdyttajan-tiivistesarja-d30-d43\/","og_locale":"fi_FI","og_type":"article","og_title":"Volvo Penta \u00f6ljynj\u00e4\u00e4hdytt\u00e4j\u00e4n tiivistesarja D30-D43 - Veneakselisto.com","og_description":"Volvo Penta \u00f6ljynj\u00e4\u00e4hdytt\u00e4j\u00e4n tiivistesarja D30-D43. Tuotteen toimittaa aina edullinen Veneakselisto.com - Venetarvikkeiden maahantuonti ja myynti.","og_url":"https:\/\/veneakselisto.com\/kauppa\/tuote\/volvo-penta-oljynjaahdyttajan-tiivistesarja-d30-d43\/","og_site_name":"Veneakselisto.com - verkkokauppa","article_publisher":"https:\/\/www.facebook.com\/AlaMikkula\/","article_modified_time":"2024-08-31T20:34:27+00:00","og_image":[{"width":500,"height":500,"url":"https:\/\/veneakselisto.com\/kauppa\/wp-content\/uploads\/2019\/11\/22149-1.jpg","type":"image\/jpeg"}],"twitter_card":"summary_large_image","twitter_misc":{"Arvioitu lukuaika":"1 minuutti"},"schema":{"@context":"https:\/\/schema.org","@graph":[{"@type":"WebPage","@id":"https:\/\/veneakselisto.com\/kauppa\/tuote\/volvo-penta-oljynjaahdyttajan-tiivistesarja-d30-d43\/","url":"https:\/\/veneakselisto.com\/kauppa\/tuote\/volvo-penta-oljynjaahdyttajan-tiivistesarja-d30-d43\/","name":"Volvo Penta \u00f6ljynj\u00e4\u00e4hdytt\u00e4j\u00e4n tiivistesarja D30-D43 - Veneakselisto.com","isPartOf":{"@id":"https:\/\/veneakselisto.com\/kauppa\/#website"},"primaryImageOfPage":{"@id":"https:\/\/veneakselisto.com\/kauppa\/tuote\/volvo-penta-oljynjaahdyttajan-tiivistesarja-d30-d43\/#primaryimage"},"image":{"@id":"https:\/\/veneakselisto.com\/kauppa\/tuote\/volvo-penta-oljynjaahdyttajan-tiivistesarja-d30-d43\/#primaryimage"},"thumbnailUrl":"https:\/\/i0.wp.com\/veneakselisto.com\/kauppa\/wp-content\/uploads\/2019\/11\/22149-1.jpg?fit=500%2C500&ssl=1","datePublished":"2019-11-17T15:54:00+00:00","dateModified":"2024-08-31T20:34:27+00:00","description":"Volvo Penta \u00f6ljynj\u00e4\u00e4hdytt\u00e4j\u00e4n tiivistesarja D30-D43. Tuotteen toimittaa aina edullinen Veneakselisto.com - Venetarvikkeiden maahantuonti ja myynti.","breadcrumb":{"@id":"https:\/\/veneakselisto.com\/kauppa\/tuote\/volvo-penta-oljynjaahdyttajan-tiivistesarja-d30-d43\/#breadcrumb"},"inLanguage":"fi","potentialAction":[{"@type":"ReadAction","target":["https:\/\/veneakselisto.com\/kauppa\/tuote\/volvo-penta-oljynjaahdyttajan-tiivistesarja-d30-d43\/"]}]},{"@type":"ImageObject","inLanguage":"fi","@id":"https:\/\/veneakselisto.com\/kauppa\/tuote\/volvo-penta-oljynjaahdyttajan-tiivistesarja-d30-d43\/#primaryimage","url":"https:\/\/i0.wp.com\/veneakselisto.com\/kauppa\/wp-content\/uploads\/2019\/11\/22149-1.jpg?fit=500%2C500&ssl=1","contentUrl":"https:\/\/i0.wp.com\/veneakselisto.com\/kauppa\/wp-content\/uploads\/2019\/11\/22149-1.jpg?fit=500%2C500&ssl=1","width":500,"height":500,"caption":"Volvo Penta Varaosat toimittaa Veneakselisto.com"},{"@type":"BreadcrumbList","@id":"https:\/\/veneakselisto.com\/kauppa\/tuote\/volvo-penta-oljynjaahdyttajan-tiivistesarja-d30-d43\/#breadcrumb","itemListElement":[{"@type":"ListItem","position":1,"name":"Etusivu","item":"https:\/\/veneakselisto.com\/kauppa\/"},{"@type":"ListItem","position":2,"name":"Kauppa","item":"https:\/\/veneakselisto.com\/kauppa\/"},{"@type":"ListItem","position":3,"name":"Volvo Penta \u00f6ljynj\u00e4\u00e4hdytt\u00e4j\u00e4n tiivistesarja D30 -D43"}]},{"@type":"WebSite","@id":"https:\/\/veneakselisto.com\/kauppa\/#website","url":"https:\/\/veneakselisto.com\/kauppa\/","name":"Veneakselisto.com - verkkokauppa","description":"Venetarvikkeiden maahantuonti ja myynti","publisher":{"@id":"https:\/\/veneakselisto.com\/kauppa\/#organization"},"potentialAction":[{"@type":"SearchAction","target":{"@type":"EntryPoint","urlTemplate":"https:\/\/veneakselisto.com\/kauppa\/?s={search_term_string}"},"query-input":{"@type":"PropertyValueSpecification","valueRequired":true,"valueName":"search_term_string"}}],"inLanguage":"fi"},{"@type":"Organization","@id":"https:\/\/veneakselisto.com\/kauppa\/#organization","name":"Veneakselisto.com verkkokauppa","url":"https:\/\/veneakselisto.com\/kauppa\/","logo":{"@type":"ImageObject","inLanguage":"fi","@id":"https:\/\/veneakselisto.com\/kauppa\/#\/schema\/logo\/image\/","url":"https:\/\/i2.wp.com\/veneakselisto.com\/kauppa\/wp-content\/uploads\/2016\/06\/fb_icon.jpg?fit=327%2C327&ssl=1","contentUrl":"https:\/\/i2.wp.com\/veneakselisto.com\/kauppa\/wp-content\/uploads\/2016\/06\/fb_icon.jpg?fit=327%2C327&ssl=1","width":327,"height":327,"caption":"Veneakselisto.com verkkokauppa"},"image":{"@id":"https:\/\/veneakselisto.com\/kauppa\/#\/schema\/logo\/image\/"},"sameAs":["https:\/\/www.facebook.com\/AlaMikkula\/"]}]}},"jetpack_publicize_connections":[],"jetpack_sharing_enabled":true,"_links":{"self":[{"href":"https:\/\/veneakselisto.com\/kauppa\/wp-json\/wp\/v2\/product\/6029","targetHints":{"allow":["GET"]}}],"collection":[{"href":"https:\/\/veneakselisto.com\/kauppa\/wp-json\/wp\/v2\/product"}],"about":[{"href":"https:\/\/veneakselisto.com\/kauppa\/wp-json\/wp\/v2\/types\/product"}],"replies":[{"embeddable":true,"href":"https:\/\/veneakselisto.com\/kauppa\/wp-json\/wp\/v2\/comments?post=6029"}],"wp:featuredmedia":[{"embeddable":true,"href":"https:\/\/veneakselisto.com\/kauppa\/wp-json\/wp\/v2\/media\/6040"}],"wp:attachment":[{"href":"https:\/\/veneakselisto.com\/kauppa\/wp-json\/wp\/v2\/media?parent=6029"}],"wp:term":[{"taxonomy":"product_brand","embeddable":true,"href":"https:\/\/veneakselisto.com\/kauppa\/wp-json\/wp\/v2\/product_brand?post=6029"},{"taxonomy":"product_cat","embeddable":true,"href":"https:\/\/veneakselisto.com\/kauppa\/wp-json\/wp\/v2\/product_cat?post=6029"},{"taxonomy":"product_tag","embeddable":true,"href":"https:\/\/veneakselisto.com\/kauppa\/wp-json\/wp\/v2\/product_tag?post=6029"}],"curies":[{"name":"wp","href":"https:\/\/api.w.org\/{rel}","templated":true}]}}