{"id":5961,"date":"2019-11-12T20:17:14","date_gmt":"2019-11-12T18:17:14","guid":{"rendered":"https:\/\/veneakselisto.com\/kauppa\/?post_type=product&#038;p=5961"},"modified":"2024-08-31T23:34:48","modified_gmt":"2024-08-31T20:34:48","slug":"volvo-penta-oljynjaahdyttajan-tiivistesarja-b20-b30","status":"publish","type":"product","link":"https:\/\/veneakselisto.com\/kauppa\/tuote\/volvo-penta-oljynjaahdyttajan-tiivistesarja-b20-b30\/","title":{"rendered":"Volvo Penta \u00f6ljynj\u00e4\u00e4hdytt\u00e4j\u00e4n tiivistesarja B20-B30"},"content":{"rendered":"<p>Volvo Penta \u00f6ljynj\u00e4\u00e4hdytt\u00e4j\u00e4n tiivistesarja B20-B30<\/p>\n<p>Volvo Penta \u00f6ljynj\u00e4\u00e4hdytt\u00e4j\u00e4n tiivistesarja. Valmista Orbitrade<\/p>\n<p>Sopivuus<\/p>\n<p>B20, B21, B23, B25, B30 AQ105A AQ115A, AQ115B AQ130A, AQ130B, AQ130C, AQ130D BB115A, BB115B, BB115C MB20A, MB20B, MB20C AQ120B, AQ125A, AQ140A BB140A 230A, 230B AQ145A, AQ145B BB145A 250A, 250B, 251A AQ151A, AQ151B, AQ151C AQ171A, AQ17C AQ165A AQ170A, AQ170B, AQ170C BB165A BB170A, BB170B, BB170C<\/p>\n","protected":false},"excerpt":{"rendered":"<p>Volvo Penta \u00f6ljynj\u00e4\u00e4hdytt\u00e4j\u00e4n tiivistesarja<\/p>\n<p>Sopivuus<\/p>\n<p>B20, B21, B23, B25, B30 AQ105A AQ115A, AQ115B AQ130A, AQ130B, AQ130C, AQ130D BB115A, BB115B, BB115C MB20A, MB20B, MB20C AQ120B, AQ125A, AQ140A BB140A 230A, 230B AQ145A, AQ145B BB145A 250A, 250B, 251A AQ151A, AQ151B, AQ151C AQ171A, AQ17C AQ165A AQ170A, AQ170B, AQ170C BB165A BB170A, BB170B, BB170C<\/p>\n<p>Verkkokauppatuote. Toimitusaika 1-5pv<\/p>\n","protected":false},"featured_media":6041,"comment_status":"open","ping_status":"closed","template":"","meta":{"jetpack_post_was_ever_published":false,"jetpack_publicize_message":"","jetpack_publicize_feature_enabled":true,"jetpack_social_post_already_shared":true,"jetpack_social_options":{"image_generator_settings":{"template":"highway","default_image_id":0,"font":"","enabled":false},"version":2}},"product_brand":[],"product_cat":[907],"product_tag":[910,908,324],"class_list":{"0":"post-5961","1":"product","2":"type-product","3":"status-publish","4":"has-post-thumbnail","6":"product_cat-volvo_penta-jaahdyttajan_tiivisteet_oljynjaahdytin_valijaahdytin","7":"product_tag-117-2-22070","8":"product_tag-oljynjaahdyttajan-tiivistesarja","9":"product_tag-volvo-penta","10":"brand-orbitrade-marine","12":"first","13":"instock","14":"sale","15":"taxable","16":"shipping-taxable","17":"purchasable","18":"product-type-simple"},"yoast_head":"<!-- This site is optimized with the Yoast SEO plugin v27.3 - https:\/\/yoast.com\/product\/yoast-seo-wordpress\/ -->\n<title>Volvo Penta \u00f6ljynj\u00e4\u00e4hdytt\u00e4j\u00e4n tiivistesarja B20-B30 - Veneakselisto.com<\/title>\n<meta name=\"description\" content=\"Volvo Penta \u00f6ljynj\u00e4\u00e4hdytt\u00e4j\u00e4n tiivistesarja B20-B30. Tuotteen toimittaa aina edullinen Veneakselisto.com - Venetarvikkeiden maahantuonti ja myynti.\" \/>\n<meta name=\"robots\" content=\"index, follow, max-snippet:-1, max-image-preview:large, max-video-preview:-1\" \/>\n<link rel=\"canonical\" href=\"https:\/\/veneakselisto.com\/kauppa\/tuote\/volvo-penta-oljynjaahdyttajan-tiivistesarja-b20-b30\/\" \/>\n<meta property=\"og:locale\" content=\"fi_FI\" \/>\n<meta property=\"og:type\" content=\"article\" \/>\n<meta property=\"og:title\" content=\"Volvo Penta \u00f6ljynj\u00e4\u00e4hdytt\u00e4j\u00e4n tiivistesarja B20-B30 - Veneakselisto.com\" \/>\n<meta property=\"og:description\" content=\"Volvo Penta \u00f6ljynj\u00e4\u00e4hdytt\u00e4j\u00e4n tiivistesarja B20-B30. Tuotteen toimittaa aina edullinen Veneakselisto.com - Venetarvikkeiden maahantuonti ja myynti.\" \/>\n<meta property=\"og:url\" content=\"https:\/\/veneakselisto.com\/kauppa\/tuote\/volvo-penta-oljynjaahdyttajan-tiivistesarja-b20-b30\/\" \/>\n<meta property=\"og:site_name\" content=\"Veneakselisto.com - verkkokauppa\" \/>\n<meta property=\"article:publisher\" content=\"https:\/\/www.facebook.com\/AlaMikkula\/\" \/>\n<meta property=\"article:modified_time\" content=\"2024-08-31T20:34:48+00:00\" \/>\n<meta property=\"og:image\" content=\"https:\/\/veneakselisto.com\/kauppa\/wp-content\/uploads\/2019\/11\/22070-2.jpg\" \/>\n\t<meta property=\"og:image:width\" content=\"500\" \/>\n\t<meta property=\"og:image:height\" content=\"500\" \/>\n\t<meta property=\"og:image:type\" content=\"image\/jpeg\" \/>\n<meta name=\"twitter:card\" content=\"summary_large_image\" \/>\n<script type=\"application\/ld+json\" class=\"yoast-schema-graph\">{\"@context\":\"https:\\\/\\\/schema.org\",\"@graph\":[{\"@type\":\"WebPage\",\"@id\":\"https:\\\/\\\/veneakselisto.com\\\/kauppa\\\/tuote\\\/volvo-penta-oljynjaahdyttajan-tiivistesarja-b20-b30\\\/\",\"url\":\"https:\\\/\\\/veneakselisto.com\\\/kauppa\\\/tuote\\\/volvo-penta-oljynjaahdyttajan-tiivistesarja-b20-b30\\\/\",\"name\":\"Volvo Penta \u00f6ljynj\u00e4\u00e4hdytt\u00e4j\u00e4n tiivistesarja B20-B30 - Veneakselisto.com\",\"isPartOf\":{\"@id\":\"https:\\\/\\\/veneakselisto.com\\\/kauppa\\\/#website\"},\"primaryImageOfPage\":{\"@id\":\"https:\\\/\\\/veneakselisto.com\\\/kauppa\\\/tuote\\\/volvo-penta-oljynjaahdyttajan-tiivistesarja-b20-b30\\\/#primaryimage\"},\"image\":{\"@id\":\"https:\\\/\\\/veneakselisto.com\\\/kauppa\\\/tuote\\\/volvo-penta-oljynjaahdyttajan-tiivistesarja-b20-b30\\\/#primaryimage\"},\"thumbnailUrl\":\"https:\\\/\\\/i0.wp.com\\\/veneakselisto.com\\\/kauppa\\\/wp-content\\\/uploads\\\/2019\\\/11\\\/22070-2.jpg?fit=500%2C500&ssl=1\",\"datePublished\":\"2019-11-12T18:17:14+00:00\",\"dateModified\":\"2024-08-31T20:34:48+00:00\",\"description\":\"Volvo Penta \u00f6ljynj\u00e4\u00e4hdytt\u00e4j\u00e4n tiivistesarja B20-B30. Tuotteen toimittaa aina edullinen Veneakselisto.com - Venetarvikkeiden maahantuonti ja myynti.\",\"breadcrumb\":{\"@id\":\"https:\\\/\\\/veneakselisto.com\\\/kauppa\\\/tuote\\\/volvo-penta-oljynjaahdyttajan-tiivistesarja-b20-b30\\\/#breadcrumb\"},\"inLanguage\":\"fi\",\"potentialAction\":[{\"@type\":\"ReadAction\",\"target\":[\"https:\\\/\\\/veneakselisto.com\\\/kauppa\\\/tuote\\\/volvo-penta-oljynjaahdyttajan-tiivistesarja-b20-b30\\\/\"]}]},{\"@type\":\"ImageObject\",\"inLanguage\":\"fi\",\"@id\":\"https:\\\/\\\/veneakselisto.com\\\/kauppa\\\/tuote\\\/volvo-penta-oljynjaahdyttajan-tiivistesarja-b20-b30\\\/#primaryimage\",\"url\":\"https:\\\/\\\/i0.wp.com\\\/veneakselisto.com\\\/kauppa\\\/wp-content\\\/uploads\\\/2019\\\/11\\\/22070-2.jpg?fit=500%2C500&ssl=1\",\"contentUrl\":\"https:\\\/\\\/i0.wp.com\\\/veneakselisto.com\\\/kauppa\\\/wp-content\\\/uploads\\\/2019\\\/11\\\/22070-2.jpg?fit=500%2C500&ssl=1\",\"width\":500,\"height\":500,\"caption\":\"Volvo-Penta \u00f6ljyj\u00e4\u00e4hdytt\u00e4j\u00e4n tiivistesarjat toinittaa Veneakselisto.com\"},{\"@type\":\"BreadcrumbList\",\"@id\":\"https:\\\/\\\/veneakselisto.com\\\/kauppa\\\/tuote\\\/volvo-penta-oljynjaahdyttajan-tiivistesarja-b20-b30\\\/#breadcrumb\",\"itemListElement\":[{\"@type\":\"ListItem\",\"position\":1,\"name\":\"Etusivu\",\"item\":\"https:\\\/\\\/veneakselisto.com\\\/kauppa\\\/\"},{\"@type\":\"ListItem\",\"position\":2,\"name\":\"Kauppa\",\"item\":\"https:\\\/\\\/veneakselisto.com\\\/kauppa\\\/\"},{\"@type\":\"ListItem\",\"position\":3,\"name\":\"Volvo Penta \u00f6ljynj\u00e4\u00e4hdytt\u00e4j\u00e4n tiivistesarja B20-B30\"}]},{\"@type\":\"WebSite\",\"@id\":\"https:\\\/\\\/veneakselisto.com\\\/kauppa\\\/#website\",\"url\":\"https:\\\/\\\/veneakselisto.com\\\/kauppa\\\/\",\"name\":\"Veneakselisto.com - verkkokauppa\",\"description\":\"Venetarvikkeiden maahantuonti ja myynti\",\"publisher\":{\"@id\":\"https:\\\/\\\/veneakselisto.com\\\/kauppa\\\/#organization\"},\"potentialAction\":[{\"@type\":\"SearchAction\",\"target\":{\"@type\":\"EntryPoint\",\"urlTemplate\":\"https:\\\/\\\/veneakselisto.com\\\/kauppa\\\/?s={search_term_string}\"},\"query-input\":{\"@type\":\"PropertyValueSpecification\",\"valueRequired\":true,\"valueName\":\"search_term_string\"}}],\"inLanguage\":\"fi\"},{\"@type\":\"Organization\",\"@id\":\"https:\\\/\\\/veneakselisto.com\\\/kauppa\\\/#organization\",\"name\":\"Veneakselisto.com verkkokauppa\",\"url\":\"https:\\\/\\\/veneakselisto.com\\\/kauppa\\\/\",\"logo\":{\"@type\":\"ImageObject\",\"inLanguage\":\"fi\",\"@id\":\"https:\\\/\\\/veneakselisto.com\\\/kauppa\\\/#\\\/schema\\\/logo\\\/image\\\/\",\"url\":\"https:\\\/\\\/i2.wp.com\\\/veneakselisto.com\\\/kauppa\\\/wp-content\\\/uploads\\\/2016\\\/06\\\/fb_icon.jpg?fit=327%2C327&ssl=1\",\"contentUrl\":\"https:\\\/\\\/i2.wp.com\\\/veneakselisto.com\\\/kauppa\\\/wp-content\\\/uploads\\\/2016\\\/06\\\/fb_icon.jpg?fit=327%2C327&ssl=1\",\"width\":327,\"height\":327,\"caption\":\"Veneakselisto.com verkkokauppa\"},\"image\":{\"@id\":\"https:\\\/\\\/veneakselisto.com\\\/kauppa\\\/#\\\/schema\\\/logo\\\/image\\\/\"},\"sameAs\":[\"https:\\\/\\\/www.facebook.com\\\/AlaMikkula\\\/\"]}]}<\/script>\n<!-- \/ Yoast SEO plugin. -->","yoast_head_json":{"title":"Volvo Penta \u00f6ljynj\u00e4\u00e4hdytt\u00e4j\u00e4n tiivistesarja B20-B30 - Veneakselisto.com","description":"Volvo Penta \u00f6ljynj\u00e4\u00e4hdytt\u00e4j\u00e4n tiivistesarja B20-B30. Tuotteen toimittaa aina edullinen Veneakselisto.com - Venetarvikkeiden maahantuonti ja myynti.","robots":{"index":"index","follow":"follow","max-snippet":"max-snippet:-1","max-image-preview":"max-image-preview:large","max-video-preview":"max-video-preview:-1"},"canonical":"https:\/\/veneakselisto.com\/kauppa\/tuote\/volvo-penta-oljynjaahdyttajan-tiivistesarja-b20-b30\/","og_locale":"fi_FI","og_type":"article","og_title":"Volvo Penta \u00f6ljynj\u00e4\u00e4hdytt\u00e4j\u00e4n tiivistesarja B20-B30 - Veneakselisto.com","og_description":"Volvo Penta \u00f6ljynj\u00e4\u00e4hdytt\u00e4j\u00e4n tiivistesarja B20-B30. Tuotteen toimittaa aina edullinen Veneakselisto.com - Venetarvikkeiden maahantuonti ja myynti.","og_url":"https:\/\/veneakselisto.com\/kauppa\/tuote\/volvo-penta-oljynjaahdyttajan-tiivistesarja-b20-b30\/","og_site_name":"Veneakselisto.com - verkkokauppa","article_publisher":"https:\/\/www.facebook.com\/AlaMikkula\/","article_modified_time":"2024-08-31T20:34:48+00:00","og_image":[{"width":500,"height":500,"url":"https:\/\/veneakselisto.com\/kauppa\/wp-content\/uploads\/2019\/11\/22070-2.jpg","type":"image\/jpeg"}],"twitter_card":"summary_large_image","schema":{"@context":"https:\/\/schema.org","@graph":[{"@type":"WebPage","@id":"https:\/\/veneakselisto.com\/kauppa\/tuote\/volvo-penta-oljynjaahdyttajan-tiivistesarja-b20-b30\/","url":"https:\/\/veneakselisto.com\/kauppa\/tuote\/volvo-penta-oljynjaahdyttajan-tiivistesarja-b20-b30\/","name":"Volvo Penta \u00f6ljynj\u00e4\u00e4hdytt\u00e4j\u00e4n tiivistesarja B20-B30 - Veneakselisto.com","isPartOf":{"@id":"https:\/\/veneakselisto.com\/kauppa\/#website"},"primaryImageOfPage":{"@id":"https:\/\/veneakselisto.com\/kauppa\/tuote\/volvo-penta-oljynjaahdyttajan-tiivistesarja-b20-b30\/#primaryimage"},"image":{"@id":"https:\/\/veneakselisto.com\/kauppa\/tuote\/volvo-penta-oljynjaahdyttajan-tiivistesarja-b20-b30\/#primaryimage"},"thumbnailUrl":"https:\/\/i0.wp.com\/veneakselisto.com\/kauppa\/wp-content\/uploads\/2019\/11\/22070-2.jpg?fit=500%2C500&ssl=1","datePublished":"2019-11-12T18:17:14+00:00","dateModified":"2024-08-31T20:34:48+00:00","description":"Volvo Penta \u00f6ljynj\u00e4\u00e4hdytt\u00e4j\u00e4n tiivistesarja B20-B30. Tuotteen toimittaa aina edullinen Veneakselisto.com - Venetarvikkeiden maahantuonti ja myynti.","breadcrumb":{"@id":"https:\/\/veneakselisto.com\/kauppa\/tuote\/volvo-penta-oljynjaahdyttajan-tiivistesarja-b20-b30\/#breadcrumb"},"inLanguage":"fi","potentialAction":[{"@type":"ReadAction","target":["https:\/\/veneakselisto.com\/kauppa\/tuote\/volvo-penta-oljynjaahdyttajan-tiivistesarja-b20-b30\/"]}]},{"@type":"ImageObject","inLanguage":"fi","@id":"https:\/\/veneakselisto.com\/kauppa\/tuote\/volvo-penta-oljynjaahdyttajan-tiivistesarja-b20-b30\/#primaryimage","url":"https:\/\/i0.wp.com\/veneakselisto.com\/kauppa\/wp-content\/uploads\/2019\/11\/22070-2.jpg?fit=500%2C500&ssl=1","contentUrl":"https:\/\/i0.wp.com\/veneakselisto.com\/kauppa\/wp-content\/uploads\/2019\/11\/22070-2.jpg?fit=500%2C500&ssl=1","width":500,"height":500,"caption":"Volvo-Penta \u00f6ljyj\u00e4\u00e4hdytt\u00e4j\u00e4n tiivistesarjat toinittaa Veneakselisto.com"},{"@type":"BreadcrumbList","@id":"https:\/\/veneakselisto.com\/kauppa\/tuote\/volvo-penta-oljynjaahdyttajan-tiivistesarja-b20-b30\/#breadcrumb","itemListElement":[{"@type":"ListItem","position":1,"name":"Etusivu","item":"https:\/\/veneakselisto.com\/kauppa\/"},{"@type":"ListItem","position":2,"name":"Kauppa","item":"https:\/\/veneakselisto.com\/kauppa\/"},{"@type":"ListItem","position":3,"name":"Volvo Penta \u00f6ljynj\u00e4\u00e4hdytt\u00e4j\u00e4n tiivistesarja B20-B30"}]},{"@type":"WebSite","@id":"https:\/\/veneakselisto.com\/kauppa\/#website","url":"https:\/\/veneakselisto.com\/kauppa\/","name":"Veneakselisto.com - verkkokauppa","description":"Venetarvikkeiden maahantuonti ja myynti","publisher":{"@id":"https:\/\/veneakselisto.com\/kauppa\/#organization"},"potentialAction":[{"@type":"SearchAction","target":{"@type":"EntryPoint","urlTemplate":"https:\/\/veneakselisto.com\/kauppa\/?s={search_term_string}"},"query-input":{"@type":"PropertyValueSpecification","valueRequired":true,"valueName":"search_term_string"}}],"inLanguage":"fi"},{"@type":"Organization","@id":"https:\/\/veneakselisto.com\/kauppa\/#organization","name":"Veneakselisto.com verkkokauppa","url":"https:\/\/veneakselisto.com\/kauppa\/","logo":{"@type":"ImageObject","inLanguage":"fi","@id":"https:\/\/veneakselisto.com\/kauppa\/#\/schema\/logo\/image\/","url":"https:\/\/i2.wp.com\/veneakselisto.com\/kauppa\/wp-content\/uploads\/2016\/06\/fb_icon.jpg?fit=327%2C327&ssl=1","contentUrl":"https:\/\/i2.wp.com\/veneakselisto.com\/kauppa\/wp-content\/uploads\/2016\/06\/fb_icon.jpg?fit=327%2C327&ssl=1","width":327,"height":327,"caption":"Veneakselisto.com verkkokauppa"},"image":{"@id":"https:\/\/veneakselisto.com\/kauppa\/#\/schema\/logo\/image\/"},"sameAs":["https:\/\/www.facebook.com\/AlaMikkula\/"]}]}},"jetpack_publicize_connections":[],"jetpack_sharing_enabled":true,"_links":{"self":[{"href":"https:\/\/veneakselisto.com\/kauppa\/wp-json\/wp\/v2\/product\/5961","targetHints":{"allow":["GET"]}}],"collection":[{"href":"https:\/\/veneakselisto.com\/kauppa\/wp-json\/wp\/v2\/product"}],"about":[{"href":"https:\/\/veneakselisto.com\/kauppa\/wp-json\/wp\/v2\/types\/product"}],"replies":[{"embeddable":true,"href":"https:\/\/veneakselisto.com\/kauppa\/wp-json\/wp\/v2\/comments?post=5961"}],"wp:featuredmedia":[{"embeddable":true,"href":"https:\/\/veneakselisto.com\/kauppa\/wp-json\/wp\/v2\/media\/6041"}],"wp:attachment":[{"href":"https:\/\/veneakselisto.com\/kauppa\/wp-json\/wp\/v2\/media?parent=5961"}],"wp:term":[{"taxonomy":"product_brand","embeddable":true,"href":"https:\/\/veneakselisto.com\/kauppa\/wp-json\/wp\/v2\/product_brand?post=5961"},{"taxonomy":"product_cat","embeddable":true,"href":"https:\/\/veneakselisto.com\/kauppa\/wp-json\/wp\/v2\/product_cat?post=5961"},{"taxonomy":"product_tag","embeddable":true,"href":"https:\/\/veneakselisto.com\/kauppa\/wp-json\/wp\/v2\/product_tag?post=5961"}],"curies":[{"name":"wp","href":"https:\/\/api.w.org\/{rel}","templated":true}]}}