{"id":5818,"date":"2019-10-27T14:40:25","date_gmt":"2019-10-27T12:40:25","guid":{"rendered":"https:\/\/veneakselisto.com\/kauppa\/?post_type=product&#038;p=5818"},"modified":"2024-08-31T23:35:14","modified_gmt":"2024-08-31T20:35:14","slug":"volvo-termostaatti-v8-d40-oem-3831426","status":"publish","type":"product","link":"https:\/\/veneakselisto.com\/kauppa\/tuote\/volvo-termostaatti-v8-d40-oem-3831426\/","title":{"rendered":"Volvo Penta termostaatti V8, D40 OEM 3831426"},"content":{"rendered":"<p>Volvo Penta termostaatti V8, D40<\/p>\n<p>OEM\u00a0 3831426, 875788, 824200, 1544389<\/p>\n<p>Sopivuus:<\/p>\n<p>V8, D40<\/p>\n<p>5,0GXi-EF, 5,0OSi-EF<\/p>\n<p>8,1GSi-A, 8,1GSi-L-A, 8,1GXi-A, 8,1GXi-AF, 8,1GXi-B, 8,1GXi-BF<\/p>\n<p>8,1GXi-C, 8,1GXi-CF, 8,1GXiL-A, 8,1GXiL-B, 8,1GXiL-C<\/p>\n<p>8,1Gi-A, 8,1Gi-B, 8,1Gi-BF, 8,1Gi-C, 8,1Gi-CF, 8,1Gi-D, 8,1Gi-DF<\/p>\n<p>8,1GiL-A, 8,1GiL-B, 8,1GiL-C, 8,1GiL-D<\/p>\n<p>740B**<\/p>\n<p>DPX375-A<\/p>\n<p>DPX375-B, DPX375-BF<\/p>\n<p>DPX375-CF<\/p>\n<p>DPX420-A<\/p>\n<p>DPX420-B, DPX420-BF<\/p>\n<p>DPX420-CF<\/p>\n<p>AD40B*, AQAD40A*, AQAD40B*, AQD40A*, MD40A*<\/p>\n<p>TAMD40A*, TAMD40B*, TMD40A*, TMD40B*, TMD40C*<\/p>\n<p>* 1 kappale tarvitaan \/ 1 st \u00e5tg\u00e5r \/ 1 piece required<\/p>\n<p>** Sis\u00e4lt\u00e4\u00e4 Volvo Penta makeanveden j\u00e4\u00e4hdytt\u00e4j\u00e4n \/ Med Volvo-Penta s\u00f6tvattenkylning \/ With Volvo-Penta fresh-water cooling<\/p>\n<p>70\u00b0<\/p>\n","protected":false},"excerpt":{"rendered":"<p>OEM\u00a0 3831426, 875788, 824200, 1544389<\/p>\n<p>Sopivuus:<\/p>\n<p>V8, D40<\/p>\n<p>5,0GXi-EF, 5,0OSi-EF<\/p>\n<p>8,1GSi-A, 8,1GSi-L-A, 8,1GXi-A, 8,1GXi-AF, 8,1GXi-B, 8,1GXi-BF<\/p>\n<p>8,1GXi-C, 8,1GXi-CF, 8,1GXiL-A, 8,1GXiL-B, 8,1GXiL-C<\/p>\n<p>8,1Gi-A, 8,1Gi-B, 8,1Gi-BF, 8,1Gi-C, 8,1Gi-CF, 8,1Gi-D, 8,1Gi-DF<\/p>\n<p>8,1GiL-A, 8,1GiL-B, 8,1GiL-C, 8,1GiL-D<\/p>\n<p>740B**<\/p>\n<p>DPX375-A<\/p>\n<p>DPX375-B, DPX375-BF<\/p>\n<p>DPX375-CF<\/p>\n<p>DPX420-A<\/p>\n<p>DPX420-B, DPX420-BF<\/p>\n<p>DPX420-CF<\/p>\n<p>AD40B*, AQAD40A*, AQAD40B*, AQD40A*, MD40A*<\/p>\n<p>TAMD40A*, TAMD40B*, TMD40A*, TMD40B*, TMD40C*<\/p>\n<p>* 1 kappale tarvitaan \/ 1 st \u00e5tg\u00e5r \/ 1 piece required<\/p>\n<p>** Sis\u00e4lt\u00e4\u00e4 Volvo Penta makeanveden j\u00e4\u00e4hdytt\u00e4j\u00e4n \/ Med Volvo-Penta s\u00f6tvattenkylning \/ With Volvo-Penta fresh-water cooling<\/p>\n<p>70\u00b0<\/p>\n<p>&nbsp;<\/p>\n<p>Kaikilla tuotteilla normaalisti 1-5pv toimitusaika.<\/p>\n<p>&nbsp;<\/p>\n<p>&nbsp;<\/p>\n","protected":false},"featured_media":5819,"comment_status":"open","ping_status":"closed","template":"","meta":{"jetpack_post_was_ever_published":false,"jetpack_publicize_message":"","jetpack_publicize_feature_enabled":true,"jetpack_social_post_already_shared":true,"jetpack_social_options":{"image_generator_settings":{"template":"highway","default_image_id":0,"font":"","enabled":false},"version":2}},"product_brand":[],"product_cat":[600],"product_tag":[936,672,73,771,324,765],"class_list":{"0":"post-5818","1":"product","2":"type-product","3":"status-publish","4":"has-post-thumbnail","6":"product_cat-volvo-penta-termostaatti","7":"product_tag-117-2-15788","8":"product_tag-d40","9":"product_tag-termostaatti","10":"product_tag-v8","11":"product_tag-volvo-penta","12":"product_tag-volvo-termostaatti","13":"brand-orbitrade-marine","15":"first","16":"onbackorder","17":"taxable","18":"shipping-taxable","19":"purchasable","20":"product-type-simple"},"yoast_head":"<!-- This site is optimized with the Yoast SEO plugin v27.4 - https:\/\/yoast.com\/product\/yoast-seo-wordpress\/ -->\n<title>Volvo Penta termostaatti V8 D40 - Veneakselisto.com - verkkokaupasta<\/title>\n<meta name=\"description\" content=\"Volvo Penta termostaatti V8, D40 OEM 3831426. Volvo Penta termostaatit toimittaa aina edullinen Veneakselisto.com - Venetarvikkeiden Maahantuonti ja Myynti.\" \/>\n<meta name=\"robots\" content=\"index, follow, max-snippet:-1, max-image-preview:large, max-video-preview:-1\" \/>\n<link rel=\"canonical\" href=\"https:\/\/veneakselisto.com\/kauppa\/tuote\/volvo-termostaatti-v8-d40-oem-3831426\/\" \/>\n<meta property=\"og:locale\" content=\"fi_FI\" \/>\n<meta property=\"og:type\" content=\"article\" \/>\n<meta property=\"og:title\" content=\"Volvo Penta termostaatti V8 D40 - Veneakselisto.com - verkkokaupasta\" \/>\n<meta property=\"og:description\" content=\"Volvo Penta termostaatti V8, D40 OEM 3831426. Volvo Penta termostaatit toimittaa aina edullinen Veneakselisto.com - Venetarvikkeiden Maahantuonti ja Myynti.\" \/>\n<meta property=\"og:url\" content=\"https:\/\/veneakselisto.com\/kauppa\/tuote\/volvo-termostaatti-v8-d40-oem-3831426\/\" \/>\n<meta property=\"og:site_name\" content=\"Veneakselisto.com - verkkokauppa\" \/>\n<meta property=\"article:publisher\" content=\"https:\/\/www.facebook.com\/AlaMikkula\/\" \/>\n<meta property=\"article:modified_time\" content=\"2024-08-31T20:35:14+00:00\" \/>\n<meta property=\"og:image\" content=\"https:\/\/veneakselisto.com\/kauppa\/wp-content\/uploads\/2019\/10\/15788m.jpg\" \/>\n\t<meta property=\"og:image:width\" content=\"500\" \/>\n\t<meta property=\"og:image:height\" content=\"500\" \/>\n\t<meta property=\"og:image:type\" content=\"image\/jpeg\" \/>\n<meta name=\"twitter:card\" content=\"summary_large_image\" \/>\n<script type=\"application\/ld+json\" class=\"yoast-schema-graph\">{\"@context\":\"https:\\\/\\\/schema.org\",\"@graph\":[{\"@type\":\"WebPage\",\"@id\":\"https:\\\/\\\/veneakselisto.com\\\/kauppa\\\/tuote\\\/volvo-termostaatti-v8-d40-oem-3831426\\\/\",\"url\":\"https:\\\/\\\/veneakselisto.com\\\/kauppa\\\/tuote\\\/volvo-termostaatti-v8-d40-oem-3831426\\\/\",\"name\":\"Volvo Penta termostaatti V8 D40 - Veneakselisto.com - verkkokaupasta\",\"isPartOf\":{\"@id\":\"https:\\\/\\\/veneakselisto.com\\\/kauppa\\\/#website\"},\"primaryImageOfPage\":{\"@id\":\"https:\\\/\\\/veneakselisto.com\\\/kauppa\\\/tuote\\\/volvo-termostaatti-v8-d40-oem-3831426\\\/#primaryimage\"},\"image\":{\"@id\":\"https:\\\/\\\/veneakselisto.com\\\/kauppa\\\/tuote\\\/volvo-termostaatti-v8-d40-oem-3831426\\\/#primaryimage\"},\"thumbnailUrl\":\"https:\\\/\\\/i0.wp.com\\\/veneakselisto.com\\\/kauppa\\\/wp-content\\\/uploads\\\/2019\\\/10\\\/15788m.jpg?fit=500%2C500&ssl=1\",\"datePublished\":\"2019-10-27T12:40:25+00:00\",\"dateModified\":\"2024-08-31T20:35:14+00:00\",\"description\":\"Volvo Penta termostaatti V8, D40 OEM 3831426. Volvo Penta termostaatit toimittaa aina edullinen Veneakselisto.com - Venetarvikkeiden Maahantuonti ja Myynti.\",\"breadcrumb\":{\"@id\":\"https:\\\/\\\/veneakselisto.com\\\/kauppa\\\/tuote\\\/volvo-termostaatti-v8-d40-oem-3831426\\\/#breadcrumb\"},\"inLanguage\":\"fi\",\"potentialAction\":[{\"@type\":\"ReadAction\",\"target\":[\"https:\\\/\\\/veneakselisto.com\\\/kauppa\\\/tuote\\\/volvo-termostaatti-v8-d40-oem-3831426\\\/\"]}]},{\"@type\":\"ImageObject\",\"inLanguage\":\"fi\",\"@id\":\"https:\\\/\\\/veneakselisto.com\\\/kauppa\\\/tuote\\\/volvo-termostaatti-v8-d40-oem-3831426\\\/#primaryimage\",\"url\":\"https:\\\/\\\/i0.wp.com\\\/veneakselisto.com\\\/kauppa\\\/wp-content\\\/uploads\\\/2019\\\/10\\\/15788m.jpg?fit=500%2C500&ssl=1\",\"contentUrl\":\"https:\\\/\\\/i0.wp.com\\\/veneakselisto.com\\\/kauppa\\\/wp-content\\\/uploads\\\/2019\\\/10\\\/15788m.jpg?fit=500%2C500&ssl=1\",\"width\":500,\"height\":500,\"caption\":\"Volvo Penta termostaatit toimittaa aina edullinen Veneakselisto.com - verkkokauppa.\"},{\"@type\":\"BreadcrumbList\",\"@id\":\"https:\\\/\\\/veneakselisto.com\\\/kauppa\\\/tuote\\\/volvo-termostaatti-v8-d40-oem-3831426\\\/#breadcrumb\",\"itemListElement\":[{\"@type\":\"ListItem\",\"position\":1,\"name\":\"Etusivu\",\"item\":\"https:\\\/\\\/veneakselisto.com\\\/kauppa\\\/\"},{\"@type\":\"ListItem\",\"position\":2,\"name\":\"Kauppa\",\"item\":\"https:\\\/\\\/veneakselisto.com\\\/kauppa\\\/\"},{\"@type\":\"ListItem\",\"position\":3,\"name\":\"Volvo Penta termostaatti V8, D40 OEM 3831426\"}]},{\"@type\":\"WebSite\",\"@id\":\"https:\\\/\\\/veneakselisto.com\\\/kauppa\\\/#website\",\"url\":\"https:\\\/\\\/veneakselisto.com\\\/kauppa\\\/\",\"name\":\"Veneakselisto.com - verkkokauppa\",\"description\":\"Venetarvikkeiden maahantuonti ja myynti\",\"publisher\":{\"@id\":\"https:\\\/\\\/veneakselisto.com\\\/kauppa\\\/#organization\"},\"potentialAction\":[{\"@type\":\"SearchAction\",\"target\":{\"@type\":\"EntryPoint\",\"urlTemplate\":\"https:\\\/\\\/veneakselisto.com\\\/kauppa\\\/?s={search_term_string}\"},\"query-input\":{\"@type\":\"PropertyValueSpecification\",\"valueRequired\":true,\"valueName\":\"search_term_string\"}}],\"inLanguage\":\"fi\"},{\"@type\":\"Organization\",\"@id\":\"https:\\\/\\\/veneakselisto.com\\\/kauppa\\\/#organization\",\"name\":\"Veneakselisto.com verkkokauppa\",\"url\":\"https:\\\/\\\/veneakselisto.com\\\/kauppa\\\/\",\"logo\":{\"@type\":\"ImageObject\",\"inLanguage\":\"fi\",\"@id\":\"https:\\\/\\\/veneakselisto.com\\\/kauppa\\\/#\\\/schema\\\/logo\\\/image\\\/\",\"url\":\"https:\\\/\\\/i2.wp.com\\\/veneakselisto.com\\\/kauppa\\\/wp-content\\\/uploads\\\/2016\\\/06\\\/fb_icon.jpg?fit=327%2C327&ssl=1\",\"contentUrl\":\"https:\\\/\\\/i2.wp.com\\\/veneakselisto.com\\\/kauppa\\\/wp-content\\\/uploads\\\/2016\\\/06\\\/fb_icon.jpg?fit=327%2C327&ssl=1\",\"width\":327,\"height\":327,\"caption\":\"Veneakselisto.com verkkokauppa\"},\"image\":{\"@id\":\"https:\\\/\\\/veneakselisto.com\\\/kauppa\\\/#\\\/schema\\\/logo\\\/image\\\/\"},\"sameAs\":[\"https:\\\/\\\/www.facebook.com\\\/AlaMikkula\\\/\"]}]}<\/script>\n<!-- \/ Yoast SEO plugin. -->","yoast_head_json":{"title":"Volvo Penta termostaatti V8 D40 - Veneakselisto.com - verkkokaupasta","description":"Volvo Penta termostaatti V8, D40 OEM 3831426. Volvo Penta termostaatit toimittaa aina edullinen Veneakselisto.com - Venetarvikkeiden Maahantuonti ja Myynti.","robots":{"index":"index","follow":"follow","max-snippet":"max-snippet:-1","max-image-preview":"max-image-preview:large","max-video-preview":"max-video-preview:-1"},"canonical":"https:\/\/veneakselisto.com\/kauppa\/tuote\/volvo-termostaatti-v8-d40-oem-3831426\/","og_locale":"fi_FI","og_type":"article","og_title":"Volvo Penta termostaatti V8 D40 - Veneakselisto.com - verkkokaupasta","og_description":"Volvo Penta termostaatti V8, D40 OEM 3831426. Volvo Penta termostaatit toimittaa aina edullinen Veneakselisto.com - Venetarvikkeiden Maahantuonti ja Myynti.","og_url":"https:\/\/veneakselisto.com\/kauppa\/tuote\/volvo-termostaatti-v8-d40-oem-3831426\/","og_site_name":"Veneakselisto.com - verkkokauppa","article_publisher":"https:\/\/www.facebook.com\/AlaMikkula\/","article_modified_time":"2024-08-31T20:35:14+00:00","og_image":[{"width":500,"height":500,"url":"https:\/\/veneakselisto.com\/kauppa\/wp-content\/uploads\/2019\/10\/15788m.jpg","type":"image\/jpeg"}],"twitter_card":"summary_large_image","schema":{"@context":"https:\/\/schema.org","@graph":[{"@type":"WebPage","@id":"https:\/\/veneakselisto.com\/kauppa\/tuote\/volvo-termostaatti-v8-d40-oem-3831426\/","url":"https:\/\/veneakselisto.com\/kauppa\/tuote\/volvo-termostaatti-v8-d40-oem-3831426\/","name":"Volvo Penta termostaatti V8 D40 - Veneakselisto.com - verkkokaupasta","isPartOf":{"@id":"https:\/\/veneakselisto.com\/kauppa\/#website"},"primaryImageOfPage":{"@id":"https:\/\/veneakselisto.com\/kauppa\/tuote\/volvo-termostaatti-v8-d40-oem-3831426\/#primaryimage"},"image":{"@id":"https:\/\/veneakselisto.com\/kauppa\/tuote\/volvo-termostaatti-v8-d40-oem-3831426\/#primaryimage"},"thumbnailUrl":"https:\/\/i0.wp.com\/veneakselisto.com\/kauppa\/wp-content\/uploads\/2019\/10\/15788m.jpg?fit=500%2C500&ssl=1","datePublished":"2019-10-27T12:40:25+00:00","dateModified":"2024-08-31T20:35:14+00:00","description":"Volvo Penta termostaatti V8, D40 OEM 3831426. Volvo Penta termostaatit toimittaa aina edullinen Veneakselisto.com - Venetarvikkeiden Maahantuonti ja Myynti.","breadcrumb":{"@id":"https:\/\/veneakselisto.com\/kauppa\/tuote\/volvo-termostaatti-v8-d40-oem-3831426\/#breadcrumb"},"inLanguage":"fi","potentialAction":[{"@type":"ReadAction","target":["https:\/\/veneakselisto.com\/kauppa\/tuote\/volvo-termostaatti-v8-d40-oem-3831426\/"]}]},{"@type":"ImageObject","inLanguage":"fi","@id":"https:\/\/veneakselisto.com\/kauppa\/tuote\/volvo-termostaatti-v8-d40-oem-3831426\/#primaryimage","url":"https:\/\/i0.wp.com\/veneakselisto.com\/kauppa\/wp-content\/uploads\/2019\/10\/15788m.jpg?fit=500%2C500&ssl=1","contentUrl":"https:\/\/i0.wp.com\/veneakselisto.com\/kauppa\/wp-content\/uploads\/2019\/10\/15788m.jpg?fit=500%2C500&ssl=1","width":500,"height":500,"caption":"Volvo Penta termostaatit toimittaa aina edullinen Veneakselisto.com - verkkokauppa."},{"@type":"BreadcrumbList","@id":"https:\/\/veneakselisto.com\/kauppa\/tuote\/volvo-termostaatti-v8-d40-oem-3831426\/#breadcrumb","itemListElement":[{"@type":"ListItem","position":1,"name":"Etusivu","item":"https:\/\/veneakselisto.com\/kauppa\/"},{"@type":"ListItem","position":2,"name":"Kauppa","item":"https:\/\/veneakselisto.com\/kauppa\/"},{"@type":"ListItem","position":3,"name":"Volvo Penta termostaatti V8, D40 OEM 3831426"}]},{"@type":"WebSite","@id":"https:\/\/veneakselisto.com\/kauppa\/#website","url":"https:\/\/veneakselisto.com\/kauppa\/","name":"Veneakselisto.com - verkkokauppa","description":"Venetarvikkeiden maahantuonti ja myynti","publisher":{"@id":"https:\/\/veneakselisto.com\/kauppa\/#organization"},"potentialAction":[{"@type":"SearchAction","target":{"@type":"EntryPoint","urlTemplate":"https:\/\/veneakselisto.com\/kauppa\/?s={search_term_string}"},"query-input":{"@type":"PropertyValueSpecification","valueRequired":true,"valueName":"search_term_string"}}],"inLanguage":"fi"},{"@type":"Organization","@id":"https:\/\/veneakselisto.com\/kauppa\/#organization","name":"Veneakselisto.com verkkokauppa","url":"https:\/\/veneakselisto.com\/kauppa\/","logo":{"@type":"ImageObject","inLanguage":"fi","@id":"https:\/\/veneakselisto.com\/kauppa\/#\/schema\/logo\/image\/","url":"https:\/\/i2.wp.com\/veneakselisto.com\/kauppa\/wp-content\/uploads\/2016\/06\/fb_icon.jpg?fit=327%2C327&ssl=1","contentUrl":"https:\/\/i2.wp.com\/veneakselisto.com\/kauppa\/wp-content\/uploads\/2016\/06\/fb_icon.jpg?fit=327%2C327&ssl=1","width":327,"height":327,"caption":"Veneakselisto.com verkkokauppa"},"image":{"@id":"https:\/\/veneakselisto.com\/kauppa\/#\/schema\/logo\/image\/"},"sameAs":["https:\/\/www.facebook.com\/AlaMikkula\/"]}]}},"jetpack_publicize_connections":[],"jetpack_sharing_enabled":true,"_links":{"self":[{"href":"https:\/\/veneakselisto.com\/kauppa\/wp-json\/wp\/v2\/product\/5818","targetHints":{"allow":["GET"]}}],"collection":[{"href":"https:\/\/veneakselisto.com\/kauppa\/wp-json\/wp\/v2\/product"}],"about":[{"href":"https:\/\/veneakselisto.com\/kauppa\/wp-json\/wp\/v2\/types\/product"}],"replies":[{"embeddable":true,"href":"https:\/\/veneakselisto.com\/kauppa\/wp-json\/wp\/v2\/comments?post=5818"}],"wp:featuredmedia":[{"embeddable":true,"href":"https:\/\/veneakselisto.com\/kauppa\/wp-json\/wp\/v2\/media\/5819"}],"wp:attachment":[{"href":"https:\/\/veneakselisto.com\/kauppa\/wp-json\/wp\/v2\/media?parent=5818"}],"wp:term":[{"taxonomy":"product_brand","embeddable":true,"href":"https:\/\/veneakselisto.com\/kauppa\/wp-json\/wp\/v2\/product_brand?post=5818"},{"taxonomy":"product_cat","embeddable":true,"href":"https:\/\/veneakselisto.com\/kauppa\/wp-json\/wp\/v2\/product_cat?post=5818"},{"taxonomy":"product_tag","embeddable":true,"href":"https:\/\/veneakselisto.com\/kauppa\/wp-json\/wp\/v2\/product_tag?post=5818"}],"curies":[{"name":"wp","href":"https:\/\/api.w.org\/{rel}","templated":true}]}}