{"id":5659,"date":"2019-09-30T21:29:36","date_gmt":"2019-09-30T18:29:36","guid":{"rendered":"https:\/\/veneakselisto.com\/kauppa\/?post_type=product&#038;p=5659"},"modified":"2024-08-31T23:35:45","modified_gmt":"2024-08-31T20:35:45","slug":"mercury-mariner-40-250hv-siipipyora","status":"publish","type":"product","link":"https:\/\/veneakselisto.com\/kauppa\/tuote\/mercury-mariner-40-250hv-siipipyora\/","title":{"rendered":"Mercury\/Mariner 40-250hv siipipy\u00f6r\u00e4"},"content":{"rendered":"<div>Mercury\/Mariner 40-250hv siipipy\u00f6r\u00e4<\/div>\n<div><\/div>\n<div>Mercury 30-300HP<\/div>\n<div>Mercruiser Alpha One Gen II<\/div>\n<div><\/div>\n<div>Ulkohalkaisija: 88mm<\/div>\n<div>Leveys: 32mm<\/div>\n<div>Sis\u00e4halkaisija: 22mm<\/div>\n<div><\/div>\n<div>Mercruiser OEM:<\/div>\n<div>47-430262<\/div>\n<div>47-43026T2<\/div>\n<div><\/div>\n<div>Mercury OEM:<\/div>\n<div>43026Q02<\/div>\n<div>47-430261<\/div>\n<div>47-430262<\/div>\n<div>47-430264<\/div>\n<div>47-43026B2<\/div>\n<div>47-43026T2<\/div>\n<div>8M0025709<\/div>\n<div><\/div>\n<div>EMP: 47-01814<\/div>\n<div>GLM: 89630<\/div>\n<div>Mallory: 9-45307<\/div>\n<div>Sierra: 18-3056<\/div>\n<div><\/div>\n<div>\n<p>Mercury Marine:<\/p>\n<p>&#8211; 30hp (1999-2001) 4-tahtinen 3-sylinterinen<\/p>\n<p>&#8211; 30hp 4-tahtinen (1999-2001) 3-sylinterinen<\/p>\n<p>&#8211; 30hp Carb (2002-2005) 4-tahtinen 3-sylinterinen<\/p>\n<p>&#8211; 40hp (1999-2002) 4-tahtinen 3 &amp; 4-sylinterinen<\/p>\n<p>&#8211; 40hp 4-tahtinen (1995-2001) 3 &amp; 4-sylinterinen<\/p>\n<p>&#8211; 40hp 4-tahtinen 4-sylinterinen (2001-2002<\/p>\n<p>&#8211; 40hp Carb (2002-2005) 4-tahtinen 3-sylinterinen<\/p>\n<p>&#8211; 40hp Carb 4-tahtinen (2002-2006) 3-sylinterinen<\/p>\n<p>&#8211; 40hp EFI (2002-2012) 4-tahtinen 4-sylinterinen<\/p>\n<p>&#8211; 40hp EFI 4-sylinterinen (2001-2019) 4-tahtinen<\/p>\n<p>&#8211; 40hp EFI Jet (2006-2019) 4-tahtinen 4-sylinterinen<\/p>\n<p>&#8211; 40hp Italia (1999-2001) 4-tahtinen 4-sylinterinen<\/p>\n<p>&#8211; 40 Jet (1999-2006) 40hp &amp; 60hp 2-tahtinen 3-sylinterinen<\/p>\n<p>&#8211; 45hp Bodensee (1995-2001) 4-tahtinen 4-sylinterinen<\/p>\n<p>&#8211; 45 Jet (1991-2004) 45hp &amp; 60hp 2-tahtinen 3-sylinterinen<\/p>\n<p>&#8211; 50hp (2001-2002) 4-tahtinen 4-sylinterinen<\/p>\n<p>&#8211; 50hp 3-sylinterinen (1987-2019) 2-tahtinen<\/p>\n<p>&#8211; 50hp 4-tahtinen (1995-2002) 4-sylinterinen<\/p>\n<p>&#8211; 50hp Isojalka (1995-2001) 4-tahtinen 4-sylinterinen<\/p>\n<p>&#8211; 50hp EFI (2001-2019) 4-tahtinen 4-sylinterinen<\/p>\n<p>&#8211; 55hp (1999-2006) 2-tahtinen 3-sylinterinen<\/p>\n<p>&#8211; 55hp 3-sylinterinen (1991-2006) 2-tahtinen<\/p>\n<p>&#8211; 60hp (1999-2006) 2 &amp; 4-tahtinen 3 &amp; 4-sylinterinen<\/p>\n<p>&#8211; 60hp 3-sylinterinen (1987-2006) 2-tahtinen<\/p>\n<p>&#8211; 60hp 4-tahtinen 4-sylinterinen (2001-2002<\/p>\n<p>&#8211; 60hp Isojalka (1998-2004) 2-tahtinen 3-sylinterinen<\/p>\n<p>&#8211; 60HP EFI (2001-2019) 4-tahtinen 4-sylinterinen<\/p>\n<p>&#8211; 70hp 3-sylinterinen (1983-1990) 2-tahtinen<\/p>\n<p>&#8211; 65 Jet (1994-2019) 75hp &amp; 90hp 2-tahtinen 3-sylinterinen<\/p>\n<p>&#8211; 65 Jet 4-tahtinen 4-sylinterinen<\/p>\n<p>&#8211; 75hp (1999-2010) 2-tahtinen 3-sylinterinen<\/p>\n<p>&#8211; 75hp 3-sylinterinen (1987-2010) 2-tahtinen<\/p>\n<p>&#8211; 75hp 4-tahtinen (2000-2005) 4-sylinterinen<\/p>\n<p>&#8211; 75hp Bodensee (2000-2005) 4-tahtinen 4-sylinterinen<\/p>\n<p>&#8211; 75hp DFI (2004-2019) 2-tahtinen 1,5 litran 3-sylinterinen<\/p>\n<p>&#8211; 75HP EFI (2005-2019) 4-tahtinen 4-sylinterinen<\/p>\n<p>&#8211; 80HP 3-sylinterinen (1987-1990) 2-tahtinen<\/p>\n<p>&#8211; 80HP EFI (2005-2019) 4-tahtinen 4-sylinterinen<\/p>\n<p>&#8211; 80 Jet 115hp 2-tahtinen 4-sylinterinen<\/p>\n<p>&#8211; 80HP Jet 3-sylinterinen (2008-2019) 2-tahtinen 1,5-litrainen<\/p>\n<p>&#8211; 80HP Jet 4-tahtinen 4-sylinterinen<\/p>\n<p>&#8211; 90hp (1999-2010) 2-tahtinen 3-sylinterinen<\/p>\n<p>&#8211; 90hp 3-sylinterinen (1987-2019) 2-tahtinen<\/p>\n<p>&#8211; 90hp 4-tahtinen (2000-2005) 4-sylinterinen<\/p>\n<p>&#8211; 90hp DFI (2004-2019) 2-tahtinen 1,5 litran 3-sylinterinen<\/p>\n<p>&#8211; 90HP EFI (2005-2019) 4-tahtinen 4-sylinterinen<\/p>\n<p>&#8211; 100 2-tahtista 4-sylinterist\u00e4<\/p>\n<p>&#8211; 100 4-sylinterinen 100hp 2-tahtinen<\/p>\n<p>&#8211; 100hp EFI (2001-2019) 4-tahtinen 4-sylinterinen<\/p>\n<p>&#8211; 115hp 4-sylinterinen 2-tahtinen<\/p>\n<p>&#8211; 115hp DFI 1,5 L (2004-2019) 2-tahtinen 3-sylinterinen<\/p>\n<p>&#8211; 115 EFI 4-tahtinen 4-sylinterinen<\/p>\n<p>&#8211; 115hp Pro XS 1,5 L 2-tahtinen 3-sylinterinen<\/p>\n<p>&#8211; 125hp 4-sylinterinen 2-tahtinen<\/p>\n<p>&#8211; 125hp DFI 1,5 L (2006-2019) 2-tahtinen 3-sylinterinen<\/p>\n<p>&#8211; 135hp Verado (2006-2010) 4-tahtinen 4-sylinterinen<\/p>\n<p>&#8211; 150hp 4-tahtinen 4-sylinterinen<\/p>\n<p>&#8211; 150hp Verado (2005-2019) 4-tahtinen 4-sylinterinen<\/p>\n<p>&#8211; 175 Verado (2005-2019) 150hp &amp; 175hp 4-tahtinen 4-sylinterinen<\/p>\n<p>&#8211; 200hp 3,0 L DFI (DTS) (2003-2009) 2-tahtinen 6-sylinterinen<\/p>\n<p>&#8211; 200hp 3,0 L EFI (2002-2009) 2-tahtinen 6-sylinterinen<\/p>\n<p>&#8211; 200hp DFI (1997-2008) 2-tahtinen 3-litrainen 6-sylinterinen<\/p>\n<p>&#8211; 200 DFI 3,0 L 2-tahtinen 6-sylinterinen<\/p>\n<p>&#8211; 200hp Pro Verado (2014-2019) 4-tahtinen 6-sylinterinen<\/p>\n<p>&#8211; 200hp Pro XS DFI 2-tahtinen 3-litrainen 6-sylinterinen<\/p>\n<p>&#8211; 200hp Verado (2005-2019) 4-tahtinen 4 &amp; 6-sylinterinen<\/p>\n<p>&#8211; 225hp 3,0 L Carb (1994-2001) 2-tahtinen 6-sylinterinen<\/p>\n<p>&#8211; 225hp 3.0 L-DFI (DTS) (2003-2019) 2-tahtinen 6-sylinterinen<\/p>\n<p>&#8211; 225HP 3,0 L EFI (1995-2009) 2-tahtinen 6-sylinterinen<\/p>\n<p>&#8211; 225HP 3,0 L EFI Marathon (2004-2006) 2-tahtinen 6-sylinterinen<\/p>\n<p>&#8211; 225HP 3,0 L EFI Seapro (2004-2006) 2-tahtinen 6-sylinterinen<\/p>\n<p>&#8211; 225hp DFI (1998-2008) 2-tahtinen 3-litrainen 6-sylinterinen<\/p>\n<p>&#8211; 225 DFI 3,0 L 2-tahtinen 6-sylinterinen<\/p>\n<p>&#8211; 225 EFI 3,0 L 2-tahtinen 6-sylinterinen<\/p>\n<p>&#8211; 225hp Marathon Carb (1994-2001) 2-tahtinen 3-litrainen 6-sylinterinen<\/p>\n<p>&#8211; 225hp Pro XS DFI (2005-2019) 2-tahtinen 3-litrainen 6-sylinterinen<\/p>\n<p>&#8211; 225hp SeaPro Carb (1994-2001) 2-tahtinen 3-litrainen 6-sylinterinen<\/p>\n<p>&#8211; 225hp Sport XS 2-tahtinen 3-litrainen 6-sylinterinen<\/p>\n<p>&#8211; 225hp Verado (2005-2019) 4-tahtinen 6-sylinterinen<\/p>\n<p>&#8211; 225hp XS (2009) 2-tahtinen 6-sylinterinen<\/p>\n<p>&#8211; 3,0 L EFI Marathon (2002-2003) 225hp &amp; 250hp 2-tahtinen 6-sylinterinen<\/p>\n<p>&#8211; 3,0 L EFI Seapro (2002-2003) 225hp &amp; 250hp 2-tahtinen 6-sylinterinen<\/p>\n<p>&#8211; JP 3,0 L DFI (2005-2007) 2-tahtinen 6-sylinterinen<\/p>\n<p>&#8211; 250hp DFI (2006-2019) 2-tahtinen 3-litrainen 6-sylinterinen<\/p>\n<p>&#8211; 250hp EFI (1995-2009) 2-tahtinen 3-litrainen 6-sylinterinen<\/p>\n<p>&#8211; 250 pitk\u00e4 EFI (2004-2005) 2-tahtinen 3-litrainen 6-sylinterinen<\/p>\n<p>&#8211; 250hp Pro Verado (2006-2019) 4-tahtinen 6-sylinterinen<\/p>\n<p>&#8211; 250hp Pro XS DFI (2009-2019) 2-tahtinen 3-litrainen 6-sylinterinen<\/p>\n<p>&#8211; 250hp SportT XS 2-tahtinen 6-sylinterinen<\/p>\n<p>&#8211; 250hp Verado (2005-2019) 4-tahtinen 6-sylinterinen<\/p>\n<p>&#8211; 250XB EFI (2000-2002) 2-tahtinen 3-litrainen 6-sylinterinen<\/p>\n<p>&#8211; 250XS DFI (2003-2008) 250hp 2-tahtinen 3-litrainen 6-sylinterinen<\/p>\n<p>&#8211; 2,5 XS 2,5 L DFI (2005) 2-tahtinen 6-sylinterinen<\/p>\n<p>&#8211; 275hp Verado (2005-2019) 4-tahtinen 6-sylinterinen<\/p>\n<p>&#8211; 300 EFI ProMaxX (1998-2000) 2-tahtinen 3-litrainen 6-sylinterinen<\/p>\n<p>&#8211; 300 EFI SuperMagnum (1998-2000) 2-tahtinen 3-litrainen 6-sylinterinen<\/p>\n<p>&#8211; 300hp Pro Verado (2009-2019) 4-tahtinen 6-sylinterinen<\/p>\n<p>&#8211; 300hp Verado (2006-2019) 4-tahtinen 6-sylinterinen<\/p>\n<p>&#8211; 300X 3.0 L EFI Pro Max (2001-2005) 2-tahtinen 6-sylinterinen<\/p>\n<p>&#8211; 300XS 3.2 L DFI 300hp 2-tahtinen 6-sylinterinen<\/p>\n<p>&#8211; 350SCI Verado (2008-2019) 350hp 4-tahtinen 6-sylinterinen<\/p>\n<p>Chrysler \/ Force \/ US Marine:<\/p>\n<p>&#8211; 75hp (1999) 2-tahtinen 3-sylinterinen<\/p>\n<p>&#8211; 90hp (1995-1999) 2-tahtinen 3-sylinterinen<\/p>\n<p>&#8211; 120 hv (1995-1999) 2-tahtinen 4-sylinterinen<\/p>\n<\/div>\n<p>Mercury Mariner per\u00e4moottori varaosat<\/p>\n","protected":false},"excerpt":{"rendered":"<div>Mercury\/Mariner 40-250hv siipipy\u00f6r\u00e4<\/div>\n<div><\/div>\n<div>Mercury 30-300HP<\/div>\n<div>Mercruiser Alpha One Gen II<\/div>\n<div><\/div>\n<div>Ulkohalkaisija: 88mm<\/div>\n<div>Leveys: 32mm<\/div>\n<div>Sis\u00e4halkaisija: 22mm<\/div>\n<p>Tuote on verkkokauppatuote. Kaikilla tuotteilla normaalisti 1-5pv toimitusaika<\/p>\n","protected":false},"featured_media":5660,"comment_status":"open","ping_status":"closed","template":"","meta":{"jetpack_post_was_ever_published":false,"jetpack_publicize_message":"","jetpack_publicize_feature_enabled":true,"jetpack_social_post_already_shared":true,"jetpack_social_options":{"image_generator_settings":{"template":"highway","default_image_id":0,"font":"","enabled":false},"version":2}},"product_brand":[],"product_cat":[574,571,844],"product_tag":[387,386,579,145],"class_list":{"0":"post-5659","1":"product","2":"type-product","3":"status-publish","4":"has-post-thumbnail","6":"product_cat-mercury_mariner_siipipyorat","7":"product_cat-peramoottorin_siipipyora","8":"product_cat-siipipyora_peramoottori","9":"product_tag-mariner","10":"product_tag-mercury","11":"product_tag-peramoottorin-siipipyora","12":"product_tag-siipipyora","13":"brand-seax","15":"first","16":"instock","17":"taxable","18":"shipping-taxable","19":"purchasable","20":"product-type-simple"},"yoast_head":"<!-- This site is optimized with the Yoast SEO plugin v27.4 - https:\/\/yoast.com\/product\/yoast-seo-wordpress\/ -->\n<title>Mercury\/Mariner 40-250hv siipipy\u00f6r\u00e4-per\u00e4moottorinosat-per\u00e4moottori<\/title>\n<meta name=\"description\" content=\"Mercury\/Mariner 40-250hv siipipy\u00f6r\u00e4. Mercury ja mariner per\u00e4moottorin varaosat.Venevaraosat.fi. \u201dse laadukkaiden venetarvikkeiden edullinen verkkokauppa\u201d\" \/>\n<meta name=\"robots\" content=\"index, follow, max-snippet:-1, max-image-preview:large, max-video-preview:-1\" \/>\n<link rel=\"canonical\" href=\"https:\/\/veneakselisto.com\/kauppa\/tuote\/mercury-mariner-40-250hv-siipipyora\/\" \/>\n<meta property=\"og:locale\" content=\"fi_FI\" \/>\n<meta property=\"og:type\" content=\"article\" \/>\n<meta property=\"og:title\" content=\"Mercury\/Mariner 40-250hv siipipy\u00f6r\u00e4-per\u00e4moottorinosat-per\u00e4moottori\" \/>\n<meta property=\"og:description\" content=\"Mercury\/Mariner 40-250hv siipipy\u00f6r\u00e4. Mercury ja mariner per\u00e4moottorin varaosat.Venevaraosat.fi. \u201dse laadukkaiden venetarvikkeiden edullinen verkkokauppa\u201d\" \/>\n<meta property=\"og:url\" content=\"https:\/\/veneakselisto.com\/kauppa\/tuote\/mercury-mariner-40-250hv-siipipyora\/\" \/>\n<meta property=\"og:site_name\" content=\"Veneakselisto.com - verkkokauppa\" \/>\n<meta property=\"article:publisher\" content=\"https:\/\/www.facebook.com\/AlaMikkula\/\" \/>\n<meta property=\"article:modified_time\" content=\"2024-08-31T20:35:45+00:00\" \/>\n<meta property=\"og:image\" content=\"https:\/\/veneakselisto.com\/kauppa\/wp-content\/uploads\/2019\/09\/45307.jpg\" \/>\n\t<meta property=\"og:image:width\" content=\"500\" \/>\n\t<meta property=\"og:image:height\" content=\"500\" \/>\n\t<meta property=\"og:image:type\" content=\"image\/jpeg\" \/>\n<meta name=\"twitter:card\" content=\"summary_large_image\" \/>\n<meta name=\"twitter:label1\" content=\"Arvioitu lukuaika\" \/>\n\t<meta name=\"twitter:data1\" content=\"4 minuuttia\" \/>\n<script type=\"application\/ld+json\" class=\"yoast-schema-graph\">{\"@context\":\"https:\\\/\\\/schema.org\",\"@graph\":[{\"@type\":\"WebPage\",\"@id\":\"https:\\\/\\\/veneakselisto.com\\\/kauppa\\\/tuote\\\/mercury-mariner-40-250hv-siipipyora\\\/\",\"url\":\"https:\\\/\\\/veneakselisto.com\\\/kauppa\\\/tuote\\\/mercury-mariner-40-250hv-siipipyora\\\/\",\"name\":\"Mercury\\\/Mariner 40-250hv siipipy\u00f6r\u00e4-per\u00e4moottorinosat-per\u00e4moottori\",\"isPartOf\":{\"@id\":\"https:\\\/\\\/veneakselisto.com\\\/kauppa\\\/#website\"},\"primaryImageOfPage\":{\"@id\":\"https:\\\/\\\/veneakselisto.com\\\/kauppa\\\/tuote\\\/mercury-mariner-40-250hv-siipipyora\\\/#primaryimage\"},\"image\":{\"@id\":\"https:\\\/\\\/veneakselisto.com\\\/kauppa\\\/tuote\\\/mercury-mariner-40-250hv-siipipyora\\\/#primaryimage\"},\"thumbnailUrl\":\"https:\\\/\\\/i0.wp.com\\\/veneakselisto.com\\\/kauppa\\\/wp-content\\\/uploads\\\/2019\\\/09\\\/45307.jpg?fit=500%2C500&ssl=1\",\"datePublished\":\"2019-09-30T18:29:36+00:00\",\"dateModified\":\"2024-08-31T20:35:45+00:00\",\"description\":\"Mercury\\\/Mariner 40-250hv siipipy\u00f6r\u00e4. Mercury ja mariner per\u00e4moottorin varaosat.Venevaraosat.fi. \u201dse laadukkaiden venetarvikkeiden edullinen verkkokauppa\u201d\",\"breadcrumb\":{\"@id\":\"https:\\\/\\\/veneakselisto.com\\\/kauppa\\\/tuote\\\/mercury-mariner-40-250hv-siipipyora\\\/#breadcrumb\"},\"inLanguage\":\"fi\",\"potentialAction\":[{\"@type\":\"ReadAction\",\"target\":[\"https:\\\/\\\/veneakselisto.com\\\/kauppa\\\/tuote\\\/mercury-mariner-40-250hv-siipipyora\\\/\"]}]},{\"@type\":\"ImageObject\",\"inLanguage\":\"fi\",\"@id\":\"https:\\\/\\\/veneakselisto.com\\\/kauppa\\\/tuote\\\/mercury-mariner-40-250hv-siipipyora\\\/#primaryimage\",\"url\":\"https:\\\/\\\/i0.wp.com\\\/veneakselisto.com\\\/kauppa\\\/wp-content\\\/uploads\\\/2019\\\/09\\\/45307.jpg?fit=500%2C500&ssl=1\",\"contentUrl\":\"https:\\\/\\\/i0.wp.com\\\/veneakselisto.com\\\/kauppa\\\/wp-content\\\/uploads\\\/2019\\\/09\\\/45307.jpg?fit=500%2C500&ssl=1\",\"width\":500,\"height\":500,\"caption\":\"Mercruiser siipipy\u00f6r\u00e4t toimittaa Veneakselisto.com\"},{\"@type\":\"BreadcrumbList\",\"@id\":\"https:\\\/\\\/veneakselisto.com\\\/kauppa\\\/tuote\\\/mercury-mariner-40-250hv-siipipyora\\\/#breadcrumb\",\"itemListElement\":[{\"@type\":\"ListItem\",\"position\":1,\"name\":\"Etusivu\",\"item\":\"https:\\\/\\\/veneakselisto.com\\\/kauppa\\\/\"},{\"@type\":\"ListItem\",\"position\":2,\"name\":\"Kauppa\",\"item\":\"https:\\\/\\\/veneakselisto.com\\\/kauppa\\\/\"},{\"@type\":\"ListItem\",\"position\":3,\"name\":\"Mercury\\\/Mariner 40-250hv siipipy\u00f6r\u00e4\"}]},{\"@type\":\"WebSite\",\"@id\":\"https:\\\/\\\/veneakselisto.com\\\/kauppa\\\/#website\",\"url\":\"https:\\\/\\\/veneakselisto.com\\\/kauppa\\\/\",\"name\":\"Veneakselisto.com - verkkokauppa\",\"description\":\"Venetarvikkeiden maahantuonti ja myynti\",\"publisher\":{\"@id\":\"https:\\\/\\\/veneakselisto.com\\\/kauppa\\\/#organization\"},\"potentialAction\":[{\"@type\":\"SearchAction\",\"target\":{\"@type\":\"EntryPoint\",\"urlTemplate\":\"https:\\\/\\\/veneakselisto.com\\\/kauppa\\\/?s={search_term_string}\"},\"query-input\":{\"@type\":\"PropertyValueSpecification\",\"valueRequired\":true,\"valueName\":\"search_term_string\"}}],\"inLanguage\":\"fi\"},{\"@type\":\"Organization\",\"@id\":\"https:\\\/\\\/veneakselisto.com\\\/kauppa\\\/#organization\",\"name\":\"Veneakselisto.com verkkokauppa\",\"url\":\"https:\\\/\\\/veneakselisto.com\\\/kauppa\\\/\",\"logo\":{\"@type\":\"ImageObject\",\"inLanguage\":\"fi\",\"@id\":\"https:\\\/\\\/veneakselisto.com\\\/kauppa\\\/#\\\/schema\\\/logo\\\/image\\\/\",\"url\":\"https:\\\/\\\/i2.wp.com\\\/veneakselisto.com\\\/kauppa\\\/wp-content\\\/uploads\\\/2016\\\/06\\\/fb_icon.jpg?fit=327%2C327&ssl=1\",\"contentUrl\":\"https:\\\/\\\/i2.wp.com\\\/veneakselisto.com\\\/kauppa\\\/wp-content\\\/uploads\\\/2016\\\/06\\\/fb_icon.jpg?fit=327%2C327&ssl=1\",\"width\":327,\"height\":327,\"caption\":\"Veneakselisto.com verkkokauppa\"},\"image\":{\"@id\":\"https:\\\/\\\/veneakselisto.com\\\/kauppa\\\/#\\\/schema\\\/logo\\\/image\\\/\"},\"sameAs\":[\"https:\\\/\\\/www.facebook.com\\\/AlaMikkula\\\/\"]}]}<\/script>\n<!-- \/ Yoast SEO plugin. -->","yoast_head_json":{"title":"Mercury\/Mariner 40-250hv siipipy\u00f6r\u00e4-per\u00e4moottorinosat-per\u00e4moottori","description":"Mercury\/Mariner 40-250hv siipipy\u00f6r\u00e4. Mercury ja mariner per\u00e4moottorin varaosat.Venevaraosat.fi. \u201dse laadukkaiden venetarvikkeiden edullinen verkkokauppa\u201d","robots":{"index":"index","follow":"follow","max-snippet":"max-snippet:-1","max-image-preview":"max-image-preview:large","max-video-preview":"max-video-preview:-1"},"canonical":"https:\/\/veneakselisto.com\/kauppa\/tuote\/mercury-mariner-40-250hv-siipipyora\/","og_locale":"fi_FI","og_type":"article","og_title":"Mercury\/Mariner 40-250hv siipipy\u00f6r\u00e4-per\u00e4moottorinosat-per\u00e4moottori","og_description":"Mercury\/Mariner 40-250hv siipipy\u00f6r\u00e4. Mercury ja mariner per\u00e4moottorin varaosat.Venevaraosat.fi. \u201dse laadukkaiden venetarvikkeiden edullinen verkkokauppa\u201d","og_url":"https:\/\/veneakselisto.com\/kauppa\/tuote\/mercury-mariner-40-250hv-siipipyora\/","og_site_name":"Veneakselisto.com - verkkokauppa","article_publisher":"https:\/\/www.facebook.com\/AlaMikkula\/","article_modified_time":"2024-08-31T20:35:45+00:00","og_image":[{"width":500,"height":500,"url":"https:\/\/veneakselisto.com\/kauppa\/wp-content\/uploads\/2019\/09\/45307.jpg","type":"image\/jpeg"}],"twitter_card":"summary_large_image","twitter_misc":{"Arvioitu lukuaika":"4 minuuttia"},"schema":{"@context":"https:\/\/schema.org","@graph":[{"@type":"WebPage","@id":"https:\/\/veneakselisto.com\/kauppa\/tuote\/mercury-mariner-40-250hv-siipipyora\/","url":"https:\/\/veneakselisto.com\/kauppa\/tuote\/mercury-mariner-40-250hv-siipipyora\/","name":"Mercury\/Mariner 40-250hv siipipy\u00f6r\u00e4-per\u00e4moottorinosat-per\u00e4moottori","isPartOf":{"@id":"https:\/\/veneakselisto.com\/kauppa\/#website"},"primaryImageOfPage":{"@id":"https:\/\/veneakselisto.com\/kauppa\/tuote\/mercury-mariner-40-250hv-siipipyora\/#primaryimage"},"image":{"@id":"https:\/\/veneakselisto.com\/kauppa\/tuote\/mercury-mariner-40-250hv-siipipyora\/#primaryimage"},"thumbnailUrl":"https:\/\/i0.wp.com\/veneakselisto.com\/kauppa\/wp-content\/uploads\/2019\/09\/45307.jpg?fit=500%2C500&ssl=1","datePublished":"2019-09-30T18:29:36+00:00","dateModified":"2024-08-31T20:35:45+00:00","description":"Mercury\/Mariner 40-250hv siipipy\u00f6r\u00e4. Mercury ja mariner per\u00e4moottorin varaosat.Venevaraosat.fi. \u201dse laadukkaiden venetarvikkeiden edullinen verkkokauppa\u201d","breadcrumb":{"@id":"https:\/\/veneakselisto.com\/kauppa\/tuote\/mercury-mariner-40-250hv-siipipyora\/#breadcrumb"},"inLanguage":"fi","potentialAction":[{"@type":"ReadAction","target":["https:\/\/veneakselisto.com\/kauppa\/tuote\/mercury-mariner-40-250hv-siipipyora\/"]}]},{"@type":"ImageObject","inLanguage":"fi","@id":"https:\/\/veneakselisto.com\/kauppa\/tuote\/mercury-mariner-40-250hv-siipipyora\/#primaryimage","url":"https:\/\/i0.wp.com\/veneakselisto.com\/kauppa\/wp-content\/uploads\/2019\/09\/45307.jpg?fit=500%2C500&ssl=1","contentUrl":"https:\/\/i0.wp.com\/veneakselisto.com\/kauppa\/wp-content\/uploads\/2019\/09\/45307.jpg?fit=500%2C500&ssl=1","width":500,"height":500,"caption":"Mercruiser siipipy\u00f6r\u00e4t toimittaa Veneakselisto.com"},{"@type":"BreadcrumbList","@id":"https:\/\/veneakselisto.com\/kauppa\/tuote\/mercury-mariner-40-250hv-siipipyora\/#breadcrumb","itemListElement":[{"@type":"ListItem","position":1,"name":"Etusivu","item":"https:\/\/veneakselisto.com\/kauppa\/"},{"@type":"ListItem","position":2,"name":"Kauppa","item":"https:\/\/veneakselisto.com\/kauppa\/"},{"@type":"ListItem","position":3,"name":"Mercury\/Mariner 40-250hv siipipy\u00f6r\u00e4"}]},{"@type":"WebSite","@id":"https:\/\/veneakselisto.com\/kauppa\/#website","url":"https:\/\/veneakselisto.com\/kauppa\/","name":"Veneakselisto.com - verkkokauppa","description":"Venetarvikkeiden maahantuonti ja myynti","publisher":{"@id":"https:\/\/veneakselisto.com\/kauppa\/#organization"},"potentialAction":[{"@type":"SearchAction","target":{"@type":"EntryPoint","urlTemplate":"https:\/\/veneakselisto.com\/kauppa\/?s={search_term_string}"},"query-input":{"@type":"PropertyValueSpecification","valueRequired":true,"valueName":"search_term_string"}}],"inLanguage":"fi"},{"@type":"Organization","@id":"https:\/\/veneakselisto.com\/kauppa\/#organization","name":"Veneakselisto.com verkkokauppa","url":"https:\/\/veneakselisto.com\/kauppa\/","logo":{"@type":"ImageObject","inLanguage":"fi","@id":"https:\/\/veneakselisto.com\/kauppa\/#\/schema\/logo\/image\/","url":"https:\/\/i2.wp.com\/veneakselisto.com\/kauppa\/wp-content\/uploads\/2016\/06\/fb_icon.jpg?fit=327%2C327&ssl=1","contentUrl":"https:\/\/i2.wp.com\/veneakselisto.com\/kauppa\/wp-content\/uploads\/2016\/06\/fb_icon.jpg?fit=327%2C327&ssl=1","width":327,"height":327,"caption":"Veneakselisto.com verkkokauppa"},"image":{"@id":"https:\/\/veneakselisto.com\/kauppa\/#\/schema\/logo\/image\/"},"sameAs":["https:\/\/www.facebook.com\/AlaMikkula\/"]}]}},"jetpack_publicize_connections":[],"jetpack_sharing_enabled":true,"_links":{"self":[{"href":"https:\/\/veneakselisto.com\/kauppa\/wp-json\/wp\/v2\/product\/5659","targetHints":{"allow":["GET"]}}],"collection":[{"href":"https:\/\/veneakselisto.com\/kauppa\/wp-json\/wp\/v2\/product"}],"about":[{"href":"https:\/\/veneakselisto.com\/kauppa\/wp-json\/wp\/v2\/types\/product"}],"replies":[{"embeddable":true,"href":"https:\/\/veneakselisto.com\/kauppa\/wp-json\/wp\/v2\/comments?post=5659"}],"wp:featuredmedia":[{"embeddable":true,"href":"https:\/\/veneakselisto.com\/kauppa\/wp-json\/wp\/v2\/media\/5660"}],"wp:attachment":[{"href":"https:\/\/veneakselisto.com\/kauppa\/wp-json\/wp\/v2\/media?parent=5659"}],"wp:term":[{"taxonomy":"product_brand","embeddable":true,"href":"https:\/\/veneakselisto.com\/kauppa\/wp-json\/wp\/v2\/product_brand?post=5659"},{"taxonomy":"product_cat","embeddable":true,"href":"https:\/\/veneakselisto.com\/kauppa\/wp-json\/wp\/v2\/product_cat?post=5659"},{"taxonomy":"product_tag","embeddable":true,"href":"https:\/\/veneakselisto.com\/kauppa\/wp-json\/wp\/v2\/product_tag?post=5659"}],"curies":[{"name":"wp","href":"https:\/\/api.w.org\/{rel}","templated":true}]}}