{"id":5445,"date":"2019-09-06T11:57:05","date_gmt":"2019-09-06T08:57:05","guid":{"rendered":"https:\/\/veneakselisto.com\/kauppa\/?post_type=product&#038;p=5445"},"modified":"2025-03-21T09:24:05","modified_gmt":"2025-03-21T07:24:05","slug":"polttoainesuodatin-pumpulla-340vtepb","status":"publish","type":"product","link":"https:\/\/veneakselisto.com\/kauppa\/tuote\/polttoainesuodatin-pumpulla-340vtepb\/","title":{"rendered":"Polttoainesuodatin pumpulla 340VTEPB"},"content":{"rendered":"<p>&nbsp;<\/p>\n<table id=\"product-attribute-specs-table\" class=\"data-table\">\n<tbody>\n<tr class=\"first odd\">\n<th class=\"label\">Pump capacity (litres\/h)<\/th>\n<td class=\"data last\">265<\/td>\n<\/tr>\n<tr class=\"even\">\n<th class=\"label\">Version<\/th>\n<td class=\"data last\">Pumpulla<\/td>\n<\/tr>\n<tr class=\"odd\">\n<th class=\"label\">Connections<\/th>\n<td class=\"data last\">M16 x 1.5<\/td>\n<\/tr>\n<tr class=\"even\">\n<th class=\"label\">Dimensions (length x width x height) (mm)<\/th>\n<td class=\"data last\">265 x 120 x 120<\/td>\n<\/tr>\n<tr class=\"odd\">\n<th class=\"label\">Weight (kg)<\/th>\n<td class=\"data last\">1.45<\/td>\n<\/tr>\n<tr class=\"even\">\n<th class=\"label\">Replacement element<\/th>\n<td class=\"data last\">VT34EB<\/td>\n<\/tr>\n<tr class=\"odd\">\n<th class=\"label\">Filter grade<\/th>\n<td class=\"data last\">10 micron (blue) or 30 micron (red)<\/td>\n<\/tr>\n<tr class=\"even\">\n<th class=\"label\">Replace filter<\/th>\n<td class=\"data last\">Minimum annually<\/td>\n<\/tr>\n<tr class=\"last odd\">\n<th class=\"label\">Certified<\/th>\n<td class=\"data last\">CD + ABYC<\/td>\n<\/tr>\n<\/tbody>\n<\/table>\n<p>Malli VTEB \/ VTEPB<br \/>\nPitk\u00e4ik\u00e4iset suodattimet suuren suodatuspinta-alan ansiosta<br \/>\nPatentoitu virtausj\u00e4rjestelm\u00e4<br \/>\nPolttoainesuodattimet erottavat vett\u00e4 ja likaa polttoaineesta. Vetuksen spin-on-suodattimissa on patentoitu<br \/>\nvirtausj\u00e4rjestelm\u00e4 jossa vesi erotetaan ennen suodatusta. Lis\u00e4ksi suodatus tapahtuu suodattimen ulkopinnasta sis\u00e4\u00e4np\u00e4in,<br \/>\nmik\u00e4 lis\u00e4\u00e4 merkitt\u00e4v\u00e4sti suodatuspinta-alaa perinteisiin suodattimiin verrattuna. N\u00e4iden kahden ominaisuuden yhdistelm\u00e4<br \/>\ntakaa paremman suodatustehon sek\u00e4 merkitt\u00e4v\u00e4sti pidemm\u00e4n suodattimen vaihtov\u00e4lin.<br \/>\nHuom<br \/>\nN\u00e4m\u00e4 spin-on-suodattimet t\u00e4ytt\u00e4v\u00e4t kaikki CE- (ISO 10088) sek\u00e4 ABYC-vaatimukset ja ne voidaan asentaa moottoritilaan.<br \/>\nNe ovat l\u00e4p\u00e4isseet suodattimille teht\u00e4v\u00e4n 2,5 minuutin palotestin.<br \/>\nTuplasuodattimia suositellaan varsinkin vaativammissa olosuhteissa jolloin<br \/>\ntankissa olevat ep\u00e4puhtaudet voivat yll\u00e4tt\u00e4en l\u00e4hte\u00e4 liikkeelle ja tukkia<br \/>\nsuodattimen. Tuplasuodattimissa on venttiili jolla virtaus voidaan hetkess\u00e4 ohjata<br \/>\npuhtaan suodattimen kautta koneen k\u00e4ydess\u00e4. Tuplasuodattimissa on lis\u00e4ksi<br \/>\nmittari joka ilmaisee vaihtotarpeen.<br \/>\nVirtausmenetelm\u00e4n ansiosta suodatuspinta-ala on jopa viisinkertainen tavanomaisiin suodattimiin verrattuna. L\u00e4pin\u00e4kyv\u00e4<br \/>\nkuppi helpottaa vesim\u00e4\u00e4r\u00e4n tarkkailua. Suodatin ja kuppi vaihdetaan yhten\u00e4 elementtin\u00e4 mik\u00e4 tekee vaihdosta siistimp\u00e4\u00e4.<br \/>\nVaihtoty\u00f6 voidaan suorittaa ilman ty\u00f6kaluja ja jopa koneen ollessa k\u00e4ynniss\u00e4.<br \/>\nTiedot<br \/>\n\u2022 Sopii kaikille dieselmoottoreille aina 600 hv:aan asti<br \/>\n\u2022 Mukana liittimet 10 mm:n letkulle sek\u00e4 kolme tulppaa<br \/>\n\u2022 Kaikissa liittimiss\u00e4 o-rengastiivisteet<br \/>\n\u2022 Yksitt\u00e4iset Spin-on suodattimet on saatavana manuaalisella pumpulla mik\u00e4 helpottaa j\u00e4rjestelm\u00e4n ilmaamista (VTEPB)<\/p>\n","protected":false},"excerpt":{"rendered":"<p>VETUS<\/p>\n<p>Malli VTEPB Pumpulla<br \/>\nPitk\u00e4ik\u00e4iset suodattimet suuren suodatuspinta-alan ansiosta<br \/>\nPatentoitu virtausj\u00e4rjestelm\u00e4<\/p>\n<p>\u2022 Sopii kaikille dieselmoottoreille<br \/>\n\u2022 Mukana liittimet 10 mm:n letkulle sek\u00e4 kolme tulppaa, muut koot tilattava erikseen<br \/>\n\u2022 Kaikissa liittimiss\u00e4 o-rengastiivisteet<br \/>\n\u2022 Yksitt\u00e4iset Spin-on suodattimet on saatavana manuaalisella pumpulla mik\u00e4 helpottaa j\u00e4rjestelm\u00e4n ilmaamista (VTEPB)<\/p>\n","protected":false},"featured_media":5446,"comment_status":"open","ping_status":"closed","template":"","meta":{"jetpack_post_was_ever_published":false,"jetpack_publicize_message":"","jetpack_publicize_feature_enabled":true,"jetpack_social_post_already_shared":true,"jetpack_social_options":{"image_generator_settings":{"template":"highway","default_image_id":0,"font":"","enabled":false},"version":2}},"product_brand":[],"product_cat":[1059,1057,478,472,470],"product_tag":[794,793,64,792],"class_list":{"0":"post-5445","1":"product","2":"type-product","3":"status-publish","4":"has-post-thumbnail","6":"product_cat-vedeneroitin-diesel-vetus","7":"product_cat-polttoainejarjestelma","8":"product_cat-vetus_polttoainesuodatin_veneen_vedeneroitin","9":"product_cat-vetus_polttoainejarjestelma","10":"product_cat-vetus_vetus-venetarvikkeet_venetarvikeiden-maahantuonti-ja-myynti","11":"product_tag-dieselin-vedeneroitin","12":"product_tag-dieselsuodatin","13":"product_tag-polttoainesuodatin","14":"product_tag-vedeneroitin","15":"brand-vetus","17":"first","18":"instock","19":"sale","20":"taxable","21":"shipping-taxable","22":"purchasable","23":"product-type-simple"},"yoast_head":"<!-- This site is optimized with the Yoast SEO plugin v27.3 - https:\/\/yoast.com\/product\/yoast-seo-wordpress\/ -->\n<title>Polttoainesuodatin pumpulla 340VTEPB - Veneakselisto.com<\/title>\n<meta name=\"description\" content=\"Polttoainesuodatin pumpulla 340VTEPB. Todella laadukas polttoaineen vedenerotin\/suodatin Vetus. Tuotteen Toimittaa Veneakselisto.com\" \/>\n<meta name=\"robots\" content=\"index, follow, max-snippet:-1, max-image-preview:large, max-video-preview:-1\" \/>\n<link rel=\"canonical\" href=\"https:\/\/veneakselisto.com\/kauppa\/tuote\/polttoainesuodatin-pumpulla-340vtepb\/\" \/>\n<meta property=\"og:locale\" content=\"fi_FI\" \/>\n<meta property=\"og:type\" content=\"article\" \/>\n<meta property=\"og:title\" content=\"Polttoainesuodatin pumpulla 340VTEPB - Veneakselisto.com\" \/>\n<meta property=\"og:description\" content=\"Polttoainesuodatin pumpulla 340VTEPB. Todella laadukas polttoaineen vedenerotin\/suodatin Vetus. Tuotteen Toimittaa Veneakselisto.com\" \/>\n<meta property=\"og:url\" content=\"https:\/\/veneakselisto.com\/kauppa\/tuote\/polttoainesuodatin-pumpulla-340vtepb\/\" \/>\n<meta property=\"og:site_name\" content=\"Veneakselisto.com - verkkokauppa\" \/>\n<meta property=\"article:publisher\" content=\"https:\/\/www.facebook.com\/AlaMikkula\/\" \/>\n<meta property=\"article:modified_time\" content=\"2025-03-21T07:24:05+00:00\" \/>\n<meta property=\"og:image\" content=\"https:\/\/veneakselisto.com\/kauppa\/wp-content\/uploads\/2019\/09\/340VTEPB.jpg\" \/>\n\t<meta property=\"og:image:width\" content=\"500\" \/>\n\t<meta property=\"og:image:height\" content=\"500\" \/>\n\t<meta property=\"og:image:type\" content=\"image\/jpeg\" \/>\n<meta name=\"twitter:card\" content=\"summary_large_image\" \/>\n<meta name=\"twitter:label1\" content=\"Arvioitu lukuaika\" \/>\n\t<meta name=\"twitter:data1\" content=\"1 minuutti\" \/>\n<script type=\"application\/ld+json\" class=\"yoast-schema-graph\">{\"@context\":\"https:\\\/\\\/schema.org\",\"@graph\":[{\"@type\":\"WebPage\",\"@id\":\"https:\\\/\\\/veneakselisto.com\\\/kauppa\\\/tuote\\\/polttoainesuodatin-pumpulla-340vtepb\\\/\",\"url\":\"https:\\\/\\\/veneakselisto.com\\\/kauppa\\\/tuote\\\/polttoainesuodatin-pumpulla-340vtepb\\\/\",\"name\":\"Polttoainesuodatin pumpulla 340VTEPB - Veneakselisto.com\",\"isPartOf\":{\"@id\":\"https:\\\/\\\/veneakselisto.com\\\/kauppa\\\/#website\"},\"primaryImageOfPage\":{\"@id\":\"https:\\\/\\\/veneakselisto.com\\\/kauppa\\\/tuote\\\/polttoainesuodatin-pumpulla-340vtepb\\\/#primaryimage\"},\"image\":{\"@id\":\"https:\\\/\\\/veneakselisto.com\\\/kauppa\\\/tuote\\\/polttoainesuodatin-pumpulla-340vtepb\\\/#primaryimage\"},\"thumbnailUrl\":\"https:\\\/\\\/i0.wp.com\\\/veneakselisto.com\\\/kauppa\\\/wp-content\\\/uploads\\\/2019\\\/09\\\/340VTEPB.jpg?fit=500%2C500&ssl=1\",\"datePublished\":\"2019-09-06T08:57:05+00:00\",\"dateModified\":\"2025-03-21T07:24:05+00:00\",\"description\":\"Polttoainesuodatin pumpulla 340VTEPB. Todella laadukas polttoaineen vedenerotin\\\/suodatin Vetus. Tuotteen Toimittaa Veneakselisto.com\",\"breadcrumb\":{\"@id\":\"https:\\\/\\\/veneakselisto.com\\\/kauppa\\\/tuote\\\/polttoainesuodatin-pumpulla-340vtepb\\\/#breadcrumb\"},\"inLanguage\":\"fi\",\"potentialAction\":[{\"@type\":\"ReadAction\",\"target\":[\"https:\\\/\\\/veneakselisto.com\\\/kauppa\\\/tuote\\\/polttoainesuodatin-pumpulla-340vtepb\\\/\"]}]},{\"@type\":\"ImageObject\",\"inLanguage\":\"fi\",\"@id\":\"https:\\\/\\\/veneakselisto.com\\\/kauppa\\\/tuote\\\/polttoainesuodatin-pumpulla-340vtepb\\\/#primaryimage\",\"url\":\"https:\\\/\\\/i0.wp.com\\\/veneakselisto.com\\\/kauppa\\\/wp-content\\\/uploads\\\/2019\\\/09\\\/340VTEPB.jpg?fit=500%2C500&ssl=1\",\"contentUrl\":\"https:\\\/\\\/i0.wp.com\\\/veneakselisto.com\\\/kauppa\\\/wp-content\\\/uploads\\\/2019\\\/09\\\/340VTEPB.jpg?fit=500%2C500&ssl=1\",\"width\":500,\"height\":500,\"caption\":\"Polttoaineen suodatin\\\/vedeneroitin pumpulla. Venetarvikeiden maahantuonti ja myynti\"},{\"@type\":\"BreadcrumbList\",\"@id\":\"https:\\\/\\\/veneakselisto.com\\\/kauppa\\\/tuote\\\/polttoainesuodatin-pumpulla-340vtepb\\\/#breadcrumb\",\"itemListElement\":[{\"@type\":\"ListItem\",\"position\":1,\"name\":\"Etusivu\",\"item\":\"https:\\\/\\\/veneakselisto.com\\\/kauppa\\\/\"},{\"@type\":\"ListItem\",\"position\":2,\"name\":\"Kauppa\",\"item\":\"https:\\\/\\\/veneakselisto.com\\\/kauppa\\\/\"},{\"@type\":\"ListItem\",\"position\":3,\"name\":\"Polttoainesuodatin pumpulla 340VTEPB\"}]},{\"@type\":\"WebSite\",\"@id\":\"https:\\\/\\\/veneakselisto.com\\\/kauppa\\\/#website\",\"url\":\"https:\\\/\\\/veneakselisto.com\\\/kauppa\\\/\",\"name\":\"Veneakselisto.com - verkkokauppa\",\"description\":\"Venetarvikkeiden maahantuonti ja myynti\",\"publisher\":{\"@id\":\"https:\\\/\\\/veneakselisto.com\\\/kauppa\\\/#organization\"},\"potentialAction\":[{\"@type\":\"SearchAction\",\"target\":{\"@type\":\"EntryPoint\",\"urlTemplate\":\"https:\\\/\\\/veneakselisto.com\\\/kauppa\\\/?s={search_term_string}\"},\"query-input\":{\"@type\":\"PropertyValueSpecification\",\"valueRequired\":true,\"valueName\":\"search_term_string\"}}],\"inLanguage\":\"fi\"},{\"@type\":\"Organization\",\"@id\":\"https:\\\/\\\/veneakselisto.com\\\/kauppa\\\/#organization\",\"name\":\"Veneakselisto.com verkkokauppa\",\"url\":\"https:\\\/\\\/veneakselisto.com\\\/kauppa\\\/\",\"logo\":{\"@type\":\"ImageObject\",\"inLanguage\":\"fi\",\"@id\":\"https:\\\/\\\/veneakselisto.com\\\/kauppa\\\/#\\\/schema\\\/logo\\\/image\\\/\",\"url\":\"https:\\\/\\\/i2.wp.com\\\/veneakselisto.com\\\/kauppa\\\/wp-content\\\/uploads\\\/2016\\\/06\\\/fb_icon.jpg?fit=327%2C327&ssl=1\",\"contentUrl\":\"https:\\\/\\\/i2.wp.com\\\/veneakselisto.com\\\/kauppa\\\/wp-content\\\/uploads\\\/2016\\\/06\\\/fb_icon.jpg?fit=327%2C327&ssl=1\",\"width\":327,\"height\":327,\"caption\":\"Veneakselisto.com verkkokauppa\"},\"image\":{\"@id\":\"https:\\\/\\\/veneakselisto.com\\\/kauppa\\\/#\\\/schema\\\/logo\\\/image\\\/\"},\"sameAs\":[\"https:\\\/\\\/www.facebook.com\\\/AlaMikkula\\\/\"]}]}<\/script>\n<!-- \/ Yoast SEO plugin. -->","yoast_head_json":{"title":"Polttoainesuodatin pumpulla 340VTEPB - Veneakselisto.com","description":"Polttoainesuodatin pumpulla 340VTEPB. Todella laadukas polttoaineen vedenerotin\/suodatin Vetus. Tuotteen Toimittaa Veneakselisto.com","robots":{"index":"index","follow":"follow","max-snippet":"max-snippet:-1","max-image-preview":"max-image-preview:large","max-video-preview":"max-video-preview:-1"},"canonical":"https:\/\/veneakselisto.com\/kauppa\/tuote\/polttoainesuodatin-pumpulla-340vtepb\/","og_locale":"fi_FI","og_type":"article","og_title":"Polttoainesuodatin pumpulla 340VTEPB - Veneakselisto.com","og_description":"Polttoainesuodatin pumpulla 340VTEPB. Todella laadukas polttoaineen vedenerotin\/suodatin Vetus. Tuotteen Toimittaa Veneakselisto.com","og_url":"https:\/\/veneakselisto.com\/kauppa\/tuote\/polttoainesuodatin-pumpulla-340vtepb\/","og_site_name":"Veneakselisto.com - verkkokauppa","article_publisher":"https:\/\/www.facebook.com\/AlaMikkula\/","article_modified_time":"2025-03-21T07:24:05+00:00","og_image":[{"width":500,"height":500,"url":"https:\/\/veneakselisto.com\/kauppa\/wp-content\/uploads\/2019\/09\/340VTEPB.jpg","type":"image\/jpeg"}],"twitter_card":"summary_large_image","twitter_misc":{"Arvioitu lukuaika":"1 minuutti"},"schema":{"@context":"https:\/\/schema.org","@graph":[{"@type":"WebPage","@id":"https:\/\/veneakselisto.com\/kauppa\/tuote\/polttoainesuodatin-pumpulla-340vtepb\/","url":"https:\/\/veneakselisto.com\/kauppa\/tuote\/polttoainesuodatin-pumpulla-340vtepb\/","name":"Polttoainesuodatin pumpulla 340VTEPB - Veneakselisto.com","isPartOf":{"@id":"https:\/\/veneakselisto.com\/kauppa\/#website"},"primaryImageOfPage":{"@id":"https:\/\/veneakselisto.com\/kauppa\/tuote\/polttoainesuodatin-pumpulla-340vtepb\/#primaryimage"},"image":{"@id":"https:\/\/veneakselisto.com\/kauppa\/tuote\/polttoainesuodatin-pumpulla-340vtepb\/#primaryimage"},"thumbnailUrl":"https:\/\/i0.wp.com\/veneakselisto.com\/kauppa\/wp-content\/uploads\/2019\/09\/340VTEPB.jpg?fit=500%2C500&ssl=1","datePublished":"2019-09-06T08:57:05+00:00","dateModified":"2025-03-21T07:24:05+00:00","description":"Polttoainesuodatin pumpulla 340VTEPB. Todella laadukas polttoaineen vedenerotin\/suodatin Vetus. Tuotteen Toimittaa Veneakselisto.com","breadcrumb":{"@id":"https:\/\/veneakselisto.com\/kauppa\/tuote\/polttoainesuodatin-pumpulla-340vtepb\/#breadcrumb"},"inLanguage":"fi","potentialAction":[{"@type":"ReadAction","target":["https:\/\/veneakselisto.com\/kauppa\/tuote\/polttoainesuodatin-pumpulla-340vtepb\/"]}]},{"@type":"ImageObject","inLanguage":"fi","@id":"https:\/\/veneakselisto.com\/kauppa\/tuote\/polttoainesuodatin-pumpulla-340vtepb\/#primaryimage","url":"https:\/\/i0.wp.com\/veneakselisto.com\/kauppa\/wp-content\/uploads\/2019\/09\/340VTEPB.jpg?fit=500%2C500&ssl=1","contentUrl":"https:\/\/i0.wp.com\/veneakselisto.com\/kauppa\/wp-content\/uploads\/2019\/09\/340VTEPB.jpg?fit=500%2C500&ssl=1","width":500,"height":500,"caption":"Polttoaineen suodatin\/vedeneroitin pumpulla. Venetarvikeiden maahantuonti ja myynti"},{"@type":"BreadcrumbList","@id":"https:\/\/veneakselisto.com\/kauppa\/tuote\/polttoainesuodatin-pumpulla-340vtepb\/#breadcrumb","itemListElement":[{"@type":"ListItem","position":1,"name":"Etusivu","item":"https:\/\/veneakselisto.com\/kauppa\/"},{"@type":"ListItem","position":2,"name":"Kauppa","item":"https:\/\/veneakselisto.com\/kauppa\/"},{"@type":"ListItem","position":3,"name":"Polttoainesuodatin pumpulla 340VTEPB"}]},{"@type":"WebSite","@id":"https:\/\/veneakselisto.com\/kauppa\/#website","url":"https:\/\/veneakselisto.com\/kauppa\/","name":"Veneakselisto.com - verkkokauppa","description":"Venetarvikkeiden maahantuonti ja myynti","publisher":{"@id":"https:\/\/veneakselisto.com\/kauppa\/#organization"},"potentialAction":[{"@type":"SearchAction","target":{"@type":"EntryPoint","urlTemplate":"https:\/\/veneakselisto.com\/kauppa\/?s={search_term_string}"},"query-input":{"@type":"PropertyValueSpecification","valueRequired":true,"valueName":"search_term_string"}}],"inLanguage":"fi"},{"@type":"Organization","@id":"https:\/\/veneakselisto.com\/kauppa\/#organization","name":"Veneakselisto.com verkkokauppa","url":"https:\/\/veneakselisto.com\/kauppa\/","logo":{"@type":"ImageObject","inLanguage":"fi","@id":"https:\/\/veneakselisto.com\/kauppa\/#\/schema\/logo\/image\/","url":"https:\/\/i2.wp.com\/veneakselisto.com\/kauppa\/wp-content\/uploads\/2016\/06\/fb_icon.jpg?fit=327%2C327&ssl=1","contentUrl":"https:\/\/i2.wp.com\/veneakselisto.com\/kauppa\/wp-content\/uploads\/2016\/06\/fb_icon.jpg?fit=327%2C327&ssl=1","width":327,"height":327,"caption":"Veneakselisto.com verkkokauppa"},"image":{"@id":"https:\/\/veneakselisto.com\/kauppa\/#\/schema\/logo\/image\/"},"sameAs":["https:\/\/www.facebook.com\/AlaMikkula\/"]}]}},"jetpack_publicize_connections":[],"jetpack_sharing_enabled":true,"_links":{"self":[{"href":"https:\/\/veneakselisto.com\/kauppa\/wp-json\/wp\/v2\/product\/5445","targetHints":{"allow":["GET"]}}],"collection":[{"href":"https:\/\/veneakselisto.com\/kauppa\/wp-json\/wp\/v2\/product"}],"about":[{"href":"https:\/\/veneakselisto.com\/kauppa\/wp-json\/wp\/v2\/types\/product"}],"replies":[{"embeddable":true,"href":"https:\/\/veneakselisto.com\/kauppa\/wp-json\/wp\/v2\/comments?post=5445"}],"wp:featuredmedia":[{"embeddable":true,"href":"https:\/\/veneakselisto.com\/kauppa\/wp-json\/wp\/v2\/media\/5446"}],"wp:attachment":[{"href":"https:\/\/veneakselisto.com\/kauppa\/wp-json\/wp\/v2\/media?parent=5445"}],"wp:term":[{"taxonomy":"product_brand","embeddable":true,"href":"https:\/\/veneakselisto.com\/kauppa\/wp-json\/wp\/v2\/product_brand?post=5445"},{"taxonomy":"product_cat","embeddable":true,"href":"https:\/\/veneakselisto.com\/kauppa\/wp-json\/wp\/v2\/product_cat?post=5445"},{"taxonomy":"product_tag","embeddable":true,"href":"https:\/\/veneakselisto.com\/kauppa\/wp-json\/wp\/v2\/product_tag?post=5445"}],"curies":[{"name":"wp","href":"https:\/\/api.w.org\/{rel}","templated":true}]}}