{"id":4236,"date":"2019-02-28T10:27:15","date_gmt":"2019-02-28T08:27:15","guid":{"rendered":"https:\/\/veneakselisto.com\/kauppa\/?post_type=product&#038;p=4236"},"modified":"2026-03-30T21:30:26","modified_gmt":"2026-03-30T18:30:26","slug":"cvs-metallinen-merivesisuodatin-25mm-letkulle","status":"publish","type":"product","link":"https:\/\/veneakselisto.com\/kauppa\/tuote\/cvs-metallinen-merivesisuodatin-25mm-letkulle\/","title":{"rendered":"CVS Metallinen Merivesisuodatin 1&#8243;"},"content":{"rendered":"<div class=\"wpb-content-wrapper\"><p>[vc_row][vc_column][vc_column_text]CVS Metallinen Merivesisuodatin 1&#8243;<\/p>\n<p>Tilaa tarvittaessa letkukara 25mm=SLP125, 32mm=SLP132,\u00a0 25mm RST QA05MF-25 tai 30mm RST QA05MF-30<\/p>\n<p>Metallinen CWS-raakavesisuodatin<br \/>\nCWS-raakavesisuodatin on eritt\u00e4in tukeva ja on ratkaisu vaativiin kohteisiin kuten<br \/>\nammattialuksiin. Se soveltuu asennettavaksi my\u00f6s vesilinjan alapuolelle. Kansi on<br \/>\navattavissa yht\u00e4 ruuvia avaamalla. Testattu seitsem\u00e4n barin paineella.<br \/>\nSaatavana kolmea eri kokoa ja kierteet G1, G1 \u00bc ja G1 \u00bd letkukaroille. Sopivat letkukarat tilattava erikseen.[\/vc_column_text][\/vc_column][\/vc_row][vc_row][vc_column][vc_column_text]Kaikissa Vetus merivesisuodattimissa on l\u00e4pin\u00e4kyv\u00e4 kansi, joten suodattimen voi tarkistaa sit\u00e4 avaamatta.<br \/>\nSuuren suodatuspinnan ansiosta suodatinta tarvitsee harvoin puhdistaa.<\/p>\n<p><a href=\"http:\/\/www.vetus.com\/media\/magentominds\/sasdocument\/20140717171320_0.pdf\" target=\"_blank\" rel=\"noopener noreferrer\">FTR470 asennusohjeet (EN, NL, DE, FR, ES, IT)<\/a>[\/vc_column_text][\/vc_column][\/vc_row]<\/p>\n<\/div>","protected":false},"excerpt":{"rendered":"<p>CVS Metallinen Merivesisuodatin 1&#8243;<\/p>\n<p>Tiedot<br \/>\n\u2022 Runko nikkelipinnoitettua pronssia<br \/>\n\u2022 Kansi polykarbonaattia<br \/>\n\u2022 Suodatin haponkerst\u00e4v\u00e4\u00e4 ter\u00e4st\u00e4 (AISI 316)<br \/>\n\u2022 Asennusteline nikkelipinnoitettua pronssia<br \/>\n\u2022 Voidaan asentaa vesilinjan yl\u00e4- tai alapuolelle<\/p>\n<p>Tilaa tarvittaessa letkukara 25mm=SLP125, 32mm=SLP132,\u00a0 25mm RST QA05MF-25 tai 30mm RST QA05MF-30<\/p>\n<p>Suositeltu vedensy\u00f6tt\u00f6: 91 litraa\/min<\/p>\n<p>Kaikilla tuotteilla normaalisti 1-5pv toimitusaika<\/p>\n","protected":false},"featured_media":4237,"comment_status":"open","ping_status":"closed","template":"","meta":{"jetpack_post_was_ever_published":false,"jetpack_publicize_message":"","jetpack_publicize_feature_enabled":true,"jetpack_social_post_already_shared":true,"jetpack_social_options":{"image_generator_settings":{"template":"highway","default_image_id":0,"font":"","enabled":false},"version":2}},"product_brand":[],"product_cat":[1096,1097,43,41,470],"product_tag":[78,175,189,188],"class_list":{"0":"post-4236","1":"product","2":"type-product","3":"status-publish","4":"has-post-thumbnail","6":"product_cat-merimoottorin-jaahdytys","7":"product_cat-merivesisuodatin-vetus-varakansi","8":"product_cat-merivesisuodattimet_vetus_suodatin","9":"product_cat-moottorinjaahdytys","10":"product_cat-vetus_vetus-venetarvikkeet_venetarvikeiden-maahantuonti-ja-myynti","11":"product_tag-25mm","12":"product_tag-jaahdytys","13":"product_tag-merivesi","14":"product_tag-suodatin","15":"brand-vetus","17":"first","18":"onbackorder","19":"taxable","20":"shipping-taxable","21":"purchasable","22":"product-type-simple"},"yoast_head":"<!-- This site is optimized with the Yoast SEO plugin v27.3 - https:\/\/yoast.com\/product\/yoast-seo-wordpress\/ -->\n<title>CVS Metallinen Merivesisuodatin 1&quot;-Vetus-Verkkokauppa<\/title>\n<meta name=\"description\" content=\"CVS Metallinen Merivesisuodatin 1&quot;. Vetus venetarvikkeet toimittaa Venetarvikkeiden maahantuonti ja myynti-Veneakselisto.com-Merivesikaivo\" \/>\n<meta name=\"robots\" content=\"index, follow, max-snippet:-1, max-image-preview:large, max-video-preview:-1\" \/>\n<link rel=\"canonical\" href=\"https:\/\/veneakselisto.com\/kauppa\/tuote\/cvs-metallinen-merivesisuodatin-25mm-letkulle\/\" \/>\n<meta property=\"og:locale\" content=\"fi_FI\" \/>\n<meta property=\"og:type\" content=\"article\" \/>\n<meta property=\"og:title\" content=\"CVS Metallinen Merivesisuodatin 1&quot;-Vetus-Verkkokauppa\" \/>\n<meta property=\"og:description\" content=\"CVS Metallinen Merivesisuodatin 1&quot;. Vetus venetarvikkeet toimittaa Venetarvikkeiden maahantuonti ja myynti-Veneakselisto.com-Merivesikaivo\" \/>\n<meta property=\"og:url\" content=\"https:\/\/veneakselisto.com\/kauppa\/tuote\/cvs-metallinen-merivesisuodatin-25mm-letkulle\/\" \/>\n<meta property=\"og:site_name\" content=\"Veneakselisto.com - verkkokauppa\" \/>\n<meta property=\"article:publisher\" content=\"https:\/\/www.facebook.com\/AlaMikkula\/\" \/>\n<meta property=\"article:modified_time\" content=\"2026-03-30T18:30:26+00:00\" \/>\n<meta property=\"og:image\" content=\"https:\/\/veneakselisto.com\/kauppa\/wp-content\/uploads\/2019\/02\/vetus-CWS-suodatin.jpg\" \/>\n\t<meta property=\"og:image:width\" content=\"700\" \/>\n\t<meta property=\"og:image:height\" content=\"700\" \/>\n\t<meta property=\"og:image:type\" content=\"image\/jpeg\" \/>\n<meta name=\"twitter:card\" content=\"summary_large_image\" \/>\n<meta name=\"twitter:label1\" content=\"Arvioitu lukuaika\" \/>\n\t<meta name=\"twitter:data1\" content=\"1 minuutti\" \/>\n<script type=\"application\/ld+json\" class=\"yoast-schema-graph\">{\"@context\":\"https:\\\/\\\/schema.org\",\"@graph\":[{\"@type\":\"WebPage\",\"@id\":\"https:\\\/\\\/veneakselisto.com\\\/kauppa\\\/tuote\\\/cvs-metallinen-merivesisuodatin-25mm-letkulle\\\/\",\"url\":\"https:\\\/\\\/veneakselisto.com\\\/kauppa\\\/tuote\\\/cvs-metallinen-merivesisuodatin-25mm-letkulle\\\/\",\"name\":\"CVS Metallinen Merivesisuodatin 1\\\"-Vetus-Verkkokauppa\",\"isPartOf\":{\"@id\":\"https:\\\/\\\/veneakselisto.com\\\/kauppa\\\/#website\"},\"primaryImageOfPage\":{\"@id\":\"https:\\\/\\\/veneakselisto.com\\\/kauppa\\\/tuote\\\/cvs-metallinen-merivesisuodatin-25mm-letkulle\\\/#primaryimage\"},\"image\":{\"@id\":\"https:\\\/\\\/veneakselisto.com\\\/kauppa\\\/tuote\\\/cvs-metallinen-merivesisuodatin-25mm-letkulle\\\/#primaryimage\"},\"thumbnailUrl\":\"https:\\\/\\\/i0.wp.com\\\/veneakselisto.com\\\/kauppa\\\/wp-content\\\/uploads\\\/2019\\\/02\\\/vetus-CWS-suodatin.jpg?fit=700%2C700&ssl=1\",\"datePublished\":\"2019-02-28T08:27:15+00:00\",\"dateModified\":\"2026-03-30T18:30:26+00:00\",\"description\":\"CVS Metallinen Merivesisuodatin 1\\\". Vetus venetarvikkeet toimittaa Venetarvikkeiden maahantuonti ja myynti-Veneakselisto.com-Merivesikaivo\",\"breadcrumb\":{\"@id\":\"https:\\\/\\\/veneakselisto.com\\\/kauppa\\\/tuote\\\/cvs-metallinen-merivesisuodatin-25mm-letkulle\\\/#breadcrumb\"},\"inLanguage\":\"fi\",\"potentialAction\":[{\"@type\":\"ReadAction\",\"target\":[\"https:\\\/\\\/veneakselisto.com\\\/kauppa\\\/tuote\\\/cvs-metallinen-merivesisuodatin-25mm-letkulle\\\/\"]}]},{\"@type\":\"ImageObject\",\"inLanguage\":\"fi\",\"@id\":\"https:\\\/\\\/veneakselisto.com\\\/kauppa\\\/tuote\\\/cvs-metallinen-merivesisuodatin-25mm-letkulle\\\/#primaryimage\",\"url\":\"https:\\\/\\\/i0.wp.com\\\/veneakselisto.com\\\/kauppa\\\/wp-content\\\/uploads\\\/2019\\\/02\\\/vetus-CWS-suodatin.jpg?fit=700%2C700&ssl=1\",\"contentUrl\":\"https:\\\/\\\/i0.wp.com\\\/veneakselisto.com\\\/kauppa\\\/wp-content\\\/uploads\\\/2019\\\/02\\\/vetus-CWS-suodatin.jpg?fit=700%2C700&ssl=1\",\"width\":700,\"height\":700,\"caption\":\"Vetus Merisuodatin pronssista-Venevaraosat.fi\"},{\"@type\":\"BreadcrumbList\",\"@id\":\"https:\\\/\\\/veneakselisto.com\\\/kauppa\\\/tuote\\\/cvs-metallinen-merivesisuodatin-25mm-letkulle\\\/#breadcrumb\",\"itemListElement\":[{\"@type\":\"ListItem\",\"position\":1,\"name\":\"Etusivu\",\"item\":\"https:\\\/\\\/veneakselisto.com\\\/kauppa\\\/\"},{\"@type\":\"ListItem\",\"position\":2,\"name\":\"Kauppa\",\"item\":\"https:\\\/\\\/veneakselisto.com\\\/kauppa\\\/\"},{\"@type\":\"ListItem\",\"position\":3,\"name\":\"CVS Metallinen Merivesisuodatin 1&#8243;\"}]},{\"@type\":\"WebSite\",\"@id\":\"https:\\\/\\\/veneakselisto.com\\\/kauppa\\\/#website\",\"url\":\"https:\\\/\\\/veneakselisto.com\\\/kauppa\\\/\",\"name\":\"Veneakselisto.com - verkkokauppa\",\"description\":\"Venetarvikkeiden maahantuonti ja myynti\",\"publisher\":{\"@id\":\"https:\\\/\\\/veneakselisto.com\\\/kauppa\\\/#organization\"},\"potentialAction\":[{\"@type\":\"SearchAction\",\"target\":{\"@type\":\"EntryPoint\",\"urlTemplate\":\"https:\\\/\\\/veneakselisto.com\\\/kauppa\\\/?s={search_term_string}\"},\"query-input\":{\"@type\":\"PropertyValueSpecification\",\"valueRequired\":true,\"valueName\":\"search_term_string\"}}],\"inLanguage\":\"fi\"},{\"@type\":\"Organization\",\"@id\":\"https:\\\/\\\/veneakselisto.com\\\/kauppa\\\/#organization\",\"name\":\"Veneakselisto.com verkkokauppa\",\"url\":\"https:\\\/\\\/veneakselisto.com\\\/kauppa\\\/\",\"logo\":{\"@type\":\"ImageObject\",\"inLanguage\":\"fi\",\"@id\":\"https:\\\/\\\/veneakselisto.com\\\/kauppa\\\/#\\\/schema\\\/logo\\\/image\\\/\",\"url\":\"https:\\\/\\\/i2.wp.com\\\/veneakselisto.com\\\/kauppa\\\/wp-content\\\/uploads\\\/2016\\\/06\\\/fb_icon.jpg?fit=327%2C327&ssl=1\",\"contentUrl\":\"https:\\\/\\\/i2.wp.com\\\/veneakselisto.com\\\/kauppa\\\/wp-content\\\/uploads\\\/2016\\\/06\\\/fb_icon.jpg?fit=327%2C327&ssl=1\",\"width\":327,\"height\":327,\"caption\":\"Veneakselisto.com verkkokauppa\"},\"image\":{\"@id\":\"https:\\\/\\\/veneakselisto.com\\\/kauppa\\\/#\\\/schema\\\/logo\\\/image\\\/\"},\"sameAs\":[\"https:\\\/\\\/www.facebook.com\\\/AlaMikkula\\\/\"]}]}<\/script>\n<!-- \/ Yoast SEO plugin. -->","yoast_head_json":{"title":"CVS Metallinen Merivesisuodatin 1\"-Vetus-Verkkokauppa","description":"CVS Metallinen Merivesisuodatin 1\". Vetus venetarvikkeet toimittaa Venetarvikkeiden maahantuonti ja myynti-Veneakselisto.com-Merivesikaivo","robots":{"index":"index","follow":"follow","max-snippet":"max-snippet:-1","max-image-preview":"max-image-preview:large","max-video-preview":"max-video-preview:-1"},"canonical":"https:\/\/veneakselisto.com\/kauppa\/tuote\/cvs-metallinen-merivesisuodatin-25mm-letkulle\/","og_locale":"fi_FI","og_type":"article","og_title":"CVS Metallinen Merivesisuodatin 1\"-Vetus-Verkkokauppa","og_description":"CVS Metallinen Merivesisuodatin 1\". Vetus venetarvikkeet toimittaa Venetarvikkeiden maahantuonti ja myynti-Veneakselisto.com-Merivesikaivo","og_url":"https:\/\/veneakselisto.com\/kauppa\/tuote\/cvs-metallinen-merivesisuodatin-25mm-letkulle\/","og_site_name":"Veneakselisto.com - verkkokauppa","article_publisher":"https:\/\/www.facebook.com\/AlaMikkula\/","article_modified_time":"2026-03-30T18:30:26+00:00","og_image":[{"width":700,"height":700,"url":"https:\/\/veneakselisto.com\/kauppa\/wp-content\/uploads\/2019\/02\/vetus-CWS-suodatin.jpg","type":"image\/jpeg"}],"twitter_card":"summary_large_image","twitter_misc":{"Arvioitu lukuaika":"1 minuutti"},"schema":{"@context":"https:\/\/schema.org","@graph":[{"@type":"WebPage","@id":"https:\/\/veneakselisto.com\/kauppa\/tuote\/cvs-metallinen-merivesisuodatin-25mm-letkulle\/","url":"https:\/\/veneakselisto.com\/kauppa\/tuote\/cvs-metallinen-merivesisuodatin-25mm-letkulle\/","name":"CVS Metallinen Merivesisuodatin 1\"-Vetus-Verkkokauppa","isPartOf":{"@id":"https:\/\/veneakselisto.com\/kauppa\/#website"},"primaryImageOfPage":{"@id":"https:\/\/veneakselisto.com\/kauppa\/tuote\/cvs-metallinen-merivesisuodatin-25mm-letkulle\/#primaryimage"},"image":{"@id":"https:\/\/veneakselisto.com\/kauppa\/tuote\/cvs-metallinen-merivesisuodatin-25mm-letkulle\/#primaryimage"},"thumbnailUrl":"https:\/\/i0.wp.com\/veneakselisto.com\/kauppa\/wp-content\/uploads\/2019\/02\/vetus-CWS-suodatin.jpg?fit=700%2C700&ssl=1","datePublished":"2019-02-28T08:27:15+00:00","dateModified":"2026-03-30T18:30:26+00:00","description":"CVS Metallinen Merivesisuodatin 1\". Vetus venetarvikkeet toimittaa Venetarvikkeiden maahantuonti ja myynti-Veneakselisto.com-Merivesikaivo","breadcrumb":{"@id":"https:\/\/veneakselisto.com\/kauppa\/tuote\/cvs-metallinen-merivesisuodatin-25mm-letkulle\/#breadcrumb"},"inLanguage":"fi","potentialAction":[{"@type":"ReadAction","target":["https:\/\/veneakselisto.com\/kauppa\/tuote\/cvs-metallinen-merivesisuodatin-25mm-letkulle\/"]}]},{"@type":"ImageObject","inLanguage":"fi","@id":"https:\/\/veneakselisto.com\/kauppa\/tuote\/cvs-metallinen-merivesisuodatin-25mm-letkulle\/#primaryimage","url":"https:\/\/i0.wp.com\/veneakselisto.com\/kauppa\/wp-content\/uploads\/2019\/02\/vetus-CWS-suodatin.jpg?fit=700%2C700&ssl=1","contentUrl":"https:\/\/i0.wp.com\/veneakselisto.com\/kauppa\/wp-content\/uploads\/2019\/02\/vetus-CWS-suodatin.jpg?fit=700%2C700&ssl=1","width":700,"height":700,"caption":"Vetus Merisuodatin pronssista-Venevaraosat.fi"},{"@type":"BreadcrumbList","@id":"https:\/\/veneakselisto.com\/kauppa\/tuote\/cvs-metallinen-merivesisuodatin-25mm-letkulle\/#breadcrumb","itemListElement":[{"@type":"ListItem","position":1,"name":"Etusivu","item":"https:\/\/veneakselisto.com\/kauppa\/"},{"@type":"ListItem","position":2,"name":"Kauppa","item":"https:\/\/veneakselisto.com\/kauppa\/"},{"@type":"ListItem","position":3,"name":"CVS Metallinen Merivesisuodatin 1&#8243;"}]},{"@type":"WebSite","@id":"https:\/\/veneakselisto.com\/kauppa\/#website","url":"https:\/\/veneakselisto.com\/kauppa\/","name":"Veneakselisto.com - verkkokauppa","description":"Venetarvikkeiden maahantuonti ja myynti","publisher":{"@id":"https:\/\/veneakselisto.com\/kauppa\/#organization"},"potentialAction":[{"@type":"SearchAction","target":{"@type":"EntryPoint","urlTemplate":"https:\/\/veneakselisto.com\/kauppa\/?s={search_term_string}"},"query-input":{"@type":"PropertyValueSpecification","valueRequired":true,"valueName":"search_term_string"}}],"inLanguage":"fi"},{"@type":"Organization","@id":"https:\/\/veneakselisto.com\/kauppa\/#organization","name":"Veneakselisto.com verkkokauppa","url":"https:\/\/veneakselisto.com\/kauppa\/","logo":{"@type":"ImageObject","inLanguage":"fi","@id":"https:\/\/veneakselisto.com\/kauppa\/#\/schema\/logo\/image\/","url":"https:\/\/i2.wp.com\/veneakselisto.com\/kauppa\/wp-content\/uploads\/2016\/06\/fb_icon.jpg?fit=327%2C327&ssl=1","contentUrl":"https:\/\/i2.wp.com\/veneakselisto.com\/kauppa\/wp-content\/uploads\/2016\/06\/fb_icon.jpg?fit=327%2C327&ssl=1","width":327,"height":327,"caption":"Veneakselisto.com verkkokauppa"},"image":{"@id":"https:\/\/veneakselisto.com\/kauppa\/#\/schema\/logo\/image\/"},"sameAs":["https:\/\/www.facebook.com\/AlaMikkula\/"]}]}},"jetpack_publicize_connections":[],"jetpack_sharing_enabled":true,"_links":{"self":[{"href":"https:\/\/veneakselisto.com\/kauppa\/wp-json\/wp\/v2\/product\/4236","targetHints":{"allow":["GET"]}}],"collection":[{"href":"https:\/\/veneakselisto.com\/kauppa\/wp-json\/wp\/v2\/product"}],"about":[{"href":"https:\/\/veneakselisto.com\/kauppa\/wp-json\/wp\/v2\/types\/product"}],"replies":[{"embeddable":true,"href":"https:\/\/veneakselisto.com\/kauppa\/wp-json\/wp\/v2\/comments?post=4236"}],"wp:featuredmedia":[{"embeddable":true,"href":"https:\/\/veneakselisto.com\/kauppa\/wp-json\/wp\/v2\/media\/4237"}],"wp:attachment":[{"href":"https:\/\/veneakselisto.com\/kauppa\/wp-json\/wp\/v2\/media?parent=4236"}],"wp:term":[{"taxonomy":"product_brand","embeddable":true,"href":"https:\/\/veneakselisto.com\/kauppa\/wp-json\/wp\/v2\/product_brand?post=4236"},{"taxonomy":"product_cat","embeddable":true,"href":"https:\/\/veneakselisto.com\/kauppa\/wp-json\/wp\/v2\/product_cat?post=4236"},{"taxonomy":"product_tag","embeddable":true,"href":"https:\/\/veneakselisto.com\/kauppa\/wp-json\/wp\/v2\/product_tag?post=4236"}],"curies":[{"name":"wp","href":"https:\/\/api.w.org\/{rel}","templated":true}]}}