{"id":3927,"date":"2019-01-28T15:25:08","date_gmt":"2019-01-28T13:25:08","guid":{"rendered":"https:\/\/veneakselisto.com\/kauppa\/?post_type=product&#038;p=3927"},"modified":"2026-03-30T11:12:17","modified_gmt":"2026-03-30T08:12:17","slug":"cablf45-kaukosaatokaapeli","status":"publish","type":"product","link":"https:\/\/veneakselisto.com\/kauppa\/tuote\/cablf45-kaukosaatokaapeli\/","title":{"rendered":"CABLF 4.5m kaukos\u00e4\u00e4t\u00f6kaapeli"},"content":{"rendered":"<p>CABLF45 4.5m kaukos\u00e4\u00e4t\u00f6kaapeli<\/p>\n<p>Malli LF (low friction) Vetus kaukos\u00e4\u00e4t\u00f6kaapeli<br \/>\nErinomaisen kest\u00e4v\u00e4 ja taipuisa<br \/>\nT\u00e4m\u00e4 korkelaatuisen s\u00e4\u00e4t\u00f6kaapelin sisus on monis\u00e4ikeinen ydin, joka on<br \/>\np\u00e4\u00e4llystetty poimutetulla synteettisell\u00e4 materiaalilla. T\u00e4m\u00e4 pit\u00e4\u00e4 syntyv\u00e4n<br \/>\nkitkan ulkokuoreen mahdollisimman pienen\u00e4 ja mahdollistaa kaapelin<br \/>\nkevyen liikkumisen. LF kaapeli sopii erityisesti hankaliin ja pitkiin vetoihin<br \/>\nsek\u00e4 kaksoisohjauspiste-asennuksiin.<br \/>\nTiedot<br \/>\n\u2022 Pituudet 0.5 &#8211; 10 metri\u00e4 puolen metrin v\u00e4lein<br \/>\n\u2022 Jopa 17 metrin kaapeleita saatavana erikoistilauksesta<br \/>\n\u2022 Nimellinen liikkuma: 75 mm<br \/>\n\u2022 Minimi taivutuss\u00e4de: 165 mm<br \/>\n\u2022 Standardip\u00e4\u00e4t 10-32 UNF kierteill\u00e4<\/p>\n","protected":false},"excerpt":{"rendered":"<p>Malli LF (low friction) Kaukos\u00e4\u00e4t\u00f6kaapeli<br \/>\nErinomaisen kest\u00e4v\u00e4 ja taipuisa<br \/>\nT\u00e4m\u00e4 korkelaatuisen s\u00e4\u00e4t\u00f6kaapelin sisus on monis\u00e4ikeinen ydin, joka on<br \/>\np\u00e4\u00e4llystetty poimutetulla synteettisell\u00e4 materiaalilla. T\u00e4m\u00e4 pit\u00e4\u00e4 syntyv\u00e4n<br \/>\nkitkan ulkokuoreen mahdollisimman pienen\u00e4 ja mahdollistaa kaapelin<br \/>\nkevyen liikkumisen. LF kaapeli sopii erityisesti hankaliin ja pitkiin vetoihin<br \/>\nsek\u00e4 kaksoisohjauspiste-asennuksiin.<\/p>\n<p>Kaikilla tuotteille 1-5 p\u00e4iv\u00e4n toimitusaika normaalisti<\/p>\n","protected":false},"featured_media":3890,"comment_status":"open","ping_status":"closed","template":"","meta":{"jetpack_post_was_ever_published":false,"jetpack_publicize_message":"","jetpack_publicize_feature_enabled":true,"jetpack_social_post_already_shared":true,"jetpack_social_options":{"image_generator_settings":{"template":"highway","default_image_id":0,"font":"","enabled":false},"version":2}},"product_brand":[],"product_cat":[1004,1002,1003,1001,490,1005,484,485,1006,1008,491,470,1007,269],"product_tag":[486,489,488,487,98],"class_list":{"0":"post-3927","1":"product","2":"type-product","3":"status-publish","4":"has-post-thumbnail","6":"product_cat-honda-veneen-ohjaus-kaukosaatokaapeli-volvo-penta-peramoottorit-huolto-osat","7":"product_cat-veneen-ohjaus-kaukosaatokaapeli-volvo-penta-volvo-penta-vara-houlto-osat","8":"product_cat-veneen-ohjaus-kaukosaatokaapeli-volvo-penta-peramoottorit-huolto-osat","9":"product_cat-veneen-ohjaus-kaukosaatokaapeli-volvo-penta","10":"product_cat-veneen-ohjaus_kaukosaatolaite_kaukohallinta_veneen_ohjaus_kaukosaatolaite_kaukohallinta","11":"product_cat-mariner-kaapeli","12":"product_cat-veneen-ohjaus-kaukosaatolaite-keulapotkuri","13":"product_cat-veneen-ohjaus-hallinta","14":"product_cat-suzuki-kaapeli","15":"product_cat-tohatsu-kaapeli","16":"product_cat-veneen-ohjaus_kaukosaatolaite_kaukohallinta_veneen_ohjaus_kaukosaatolaite_kaukohallinta-2","17":"product_cat-vetus_vetus-venetarvikkeet_venetarvikeiden-maahantuonti-ja-myynti","18":"product_cat-yamaha-kaapeli","19":"product_cat-volvo-penta-varaosat-houlto-osat","20":"product_tag-kaukohallintalaite","21":"product_tag-morse","22":"product_tag-teleflex","23":"product_tag-veneen-ohjaus","24":"product_tag-vetus","25":"brand-vetus","27":"first","28":"instock","29":"sale","30":"taxable","31":"shipping-taxable","32":"purchasable","33":"product-type-simple"},"yoast_head":"<!-- This site is optimized with the Yoast SEO plugin v27.3 - https:\/\/yoast.com\/product\/yoast-seo-wordpress\/ -->\n<title>CABLF45 4.5m kaukos\u00e4\u00e4t\u00f6kaapeli - Veneakselisto.com<\/title>\n<meta name=\"description\" content=\"CABLF45 4.5m kaukos\u00e4\u00e4t\u00f6kaapeli. Laadukkaita Vetus kaukohallintalaitteita saa muovi,haponkest\u00e4v\u00e4ll\u00e4 tai alumini kuorella. Pienkitkaiset kaukos\u00e4\u00e4t\u00f6kaapelit\" \/>\n<meta name=\"robots\" content=\"index, follow, max-snippet:-1, max-image-preview:large, max-video-preview:-1\" \/>\n<link rel=\"canonical\" href=\"https:\/\/veneakselisto.com\/kauppa\/tuote\/cablf45-kaukosaatokaapeli\/\" \/>\n<meta property=\"og:locale\" content=\"fi_FI\" \/>\n<meta property=\"og:type\" content=\"article\" \/>\n<meta property=\"og:title\" content=\"CABLF45 4.5m kaukos\u00e4\u00e4t\u00f6kaapeli - Veneakselisto.com\" \/>\n<meta property=\"og:description\" content=\"CABLF45 4.5m kaukos\u00e4\u00e4t\u00f6kaapeli. Laadukkaita Vetus kaukohallintalaitteita saa muovi,haponkest\u00e4v\u00e4ll\u00e4 tai alumini kuorella. Pienkitkaiset kaukos\u00e4\u00e4t\u00f6kaapelit\" \/>\n<meta property=\"og:url\" content=\"https:\/\/veneakselisto.com\/kauppa\/tuote\/cablf45-kaukosaatokaapeli\/\" \/>\n<meta property=\"og:site_name\" content=\"Veneakselisto.com - verkkokauppa\" \/>\n<meta property=\"article:publisher\" content=\"https:\/\/www.facebook.com\/AlaMikkula\/\" \/>\n<meta property=\"article:modified_time\" content=\"2026-03-30T08:12:17+00:00\" \/>\n<meta property=\"og:image\" content=\"https:\/\/veneakselisto.com\/kauppa\/wp-content\/uploads\/2019\/01\/CABLF.png\" \/>\n\t<meta property=\"og:image:width\" content=\"700\" \/>\n\t<meta property=\"og:image:height\" content=\"700\" \/>\n\t<meta property=\"og:image:type\" content=\"image\/png\" \/>\n<meta name=\"twitter:card\" content=\"summary_large_image\" \/>\n<script type=\"application\/ld+json\" class=\"yoast-schema-graph\">{\"@context\":\"https:\\\/\\\/schema.org\",\"@graph\":[{\"@type\":\"WebPage\",\"@id\":\"https:\\\/\\\/veneakselisto.com\\\/kauppa\\\/tuote\\\/cablf45-kaukosaatokaapeli\\\/\",\"url\":\"https:\\\/\\\/veneakselisto.com\\\/kauppa\\\/tuote\\\/cablf45-kaukosaatokaapeli\\\/\",\"name\":\"CABLF45 4.5m kaukos\u00e4\u00e4t\u00f6kaapeli - Veneakselisto.com\",\"isPartOf\":{\"@id\":\"https:\\\/\\\/veneakselisto.com\\\/kauppa\\\/#website\"},\"primaryImageOfPage\":{\"@id\":\"https:\\\/\\\/veneakselisto.com\\\/kauppa\\\/tuote\\\/cablf45-kaukosaatokaapeli\\\/#primaryimage\"},\"image\":{\"@id\":\"https:\\\/\\\/veneakselisto.com\\\/kauppa\\\/tuote\\\/cablf45-kaukosaatokaapeli\\\/#primaryimage\"},\"thumbnailUrl\":\"https:\\\/\\\/i0.wp.com\\\/veneakselisto.com\\\/kauppa\\\/wp-content\\\/uploads\\\/2019\\\/01\\\/CABLF.png?fit=700%2C700&ssl=1\",\"datePublished\":\"2019-01-28T13:25:08+00:00\",\"dateModified\":\"2026-03-30T08:12:17+00:00\",\"description\":\"CABLF45 4.5m kaukos\u00e4\u00e4t\u00f6kaapeli. Laadukkaita Vetus kaukohallintalaitteita saa muovi,haponkest\u00e4v\u00e4ll\u00e4 tai alumini kuorella. Pienkitkaiset kaukos\u00e4\u00e4t\u00f6kaapelit\",\"breadcrumb\":{\"@id\":\"https:\\\/\\\/veneakselisto.com\\\/kauppa\\\/tuote\\\/cablf45-kaukosaatokaapeli\\\/#breadcrumb\"},\"inLanguage\":\"fi\",\"potentialAction\":[{\"@type\":\"ReadAction\",\"target\":[\"https:\\\/\\\/veneakselisto.com\\\/kauppa\\\/tuote\\\/cablf45-kaukosaatokaapeli\\\/\"]}]},{\"@type\":\"ImageObject\",\"inLanguage\":\"fi\",\"@id\":\"https:\\\/\\\/veneakselisto.com\\\/kauppa\\\/tuote\\\/cablf45-kaukosaatokaapeli\\\/#primaryimage\",\"url\":\"https:\\\/\\\/i0.wp.com\\\/veneakselisto.com\\\/kauppa\\\/wp-content\\\/uploads\\\/2019\\\/01\\\/CABLF.png?fit=700%2C700&ssl=1\",\"contentUrl\":\"https:\\\/\\\/i0.wp.com\\\/veneakselisto.com\\\/kauppa\\\/wp-content\\\/uploads\\\/2019\\\/01\\\/CABLF.png?fit=700%2C700&ssl=1\",\"width\":700,\"height\":700,\"caption\":\"Vetus kauk\u00f6s\u00e4\u00e4t\u00f6kaapelit toimittaa Veneakselisto.com. Venetarvikkeiden maahantuonti ja myynti\"},{\"@type\":\"BreadcrumbList\",\"@id\":\"https:\\\/\\\/veneakselisto.com\\\/kauppa\\\/tuote\\\/cablf45-kaukosaatokaapeli\\\/#breadcrumb\",\"itemListElement\":[{\"@type\":\"ListItem\",\"position\":1,\"name\":\"Etusivu\",\"item\":\"https:\\\/\\\/veneakselisto.com\\\/kauppa\\\/\"},{\"@type\":\"ListItem\",\"position\":2,\"name\":\"Kauppa\",\"item\":\"https:\\\/\\\/veneakselisto.com\\\/kauppa\\\/\"},{\"@type\":\"ListItem\",\"position\":3,\"name\":\"CABLF 4.5m kaukos\u00e4\u00e4t\u00f6kaapeli\"}]},{\"@type\":\"WebSite\",\"@id\":\"https:\\\/\\\/veneakselisto.com\\\/kauppa\\\/#website\",\"url\":\"https:\\\/\\\/veneakselisto.com\\\/kauppa\\\/\",\"name\":\"Veneakselisto.com - verkkokauppa\",\"description\":\"Venetarvikkeiden maahantuonti ja myynti\",\"publisher\":{\"@id\":\"https:\\\/\\\/veneakselisto.com\\\/kauppa\\\/#organization\"},\"potentialAction\":[{\"@type\":\"SearchAction\",\"target\":{\"@type\":\"EntryPoint\",\"urlTemplate\":\"https:\\\/\\\/veneakselisto.com\\\/kauppa\\\/?s={search_term_string}\"},\"query-input\":{\"@type\":\"PropertyValueSpecification\",\"valueRequired\":true,\"valueName\":\"search_term_string\"}}],\"inLanguage\":\"fi\"},{\"@type\":\"Organization\",\"@id\":\"https:\\\/\\\/veneakselisto.com\\\/kauppa\\\/#organization\",\"name\":\"Veneakselisto.com verkkokauppa\",\"url\":\"https:\\\/\\\/veneakselisto.com\\\/kauppa\\\/\",\"logo\":{\"@type\":\"ImageObject\",\"inLanguage\":\"fi\",\"@id\":\"https:\\\/\\\/veneakselisto.com\\\/kauppa\\\/#\\\/schema\\\/logo\\\/image\\\/\",\"url\":\"https:\\\/\\\/i2.wp.com\\\/veneakselisto.com\\\/kauppa\\\/wp-content\\\/uploads\\\/2016\\\/06\\\/fb_icon.jpg?fit=327%2C327&ssl=1\",\"contentUrl\":\"https:\\\/\\\/i2.wp.com\\\/veneakselisto.com\\\/kauppa\\\/wp-content\\\/uploads\\\/2016\\\/06\\\/fb_icon.jpg?fit=327%2C327&ssl=1\",\"width\":327,\"height\":327,\"caption\":\"Veneakselisto.com verkkokauppa\"},\"image\":{\"@id\":\"https:\\\/\\\/veneakselisto.com\\\/kauppa\\\/#\\\/schema\\\/logo\\\/image\\\/\"},\"sameAs\":[\"https:\\\/\\\/www.facebook.com\\\/AlaMikkula\\\/\"]}]}<\/script>\n<!-- \/ Yoast SEO plugin. -->","yoast_head_json":{"title":"CABLF45 4.5m kaukos\u00e4\u00e4t\u00f6kaapeli - Veneakselisto.com","description":"CABLF45 4.5m kaukos\u00e4\u00e4t\u00f6kaapeli. Laadukkaita Vetus kaukohallintalaitteita saa muovi,haponkest\u00e4v\u00e4ll\u00e4 tai alumini kuorella. Pienkitkaiset kaukos\u00e4\u00e4t\u00f6kaapelit","robots":{"index":"index","follow":"follow","max-snippet":"max-snippet:-1","max-image-preview":"max-image-preview:large","max-video-preview":"max-video-preview:-1"},"canonical":"https:\/\/veneakselisto.com\/kauppa\/tuote\/cablf45-kaukosaatokaapeli\/","og_locale":"fi_FI","og_type":"article","og_title":"CABLF45 4.5m kaukos\u00e4\u00e4t\u00f6kaapeli - Veneakselisto.com","og_description":"CABLF45 4.5m kaukos\u00e4\u00e4t\u00f6kaapeli. Laadukkaita Vetus kaukohallintalaitteita saa muovi,haponkest\u00e4v\u00e4ll\u00e4 tai alumini kuorella. Pienkitkaiset kaukos\u00e4\u00e4t\u00f6kaapelit","og_url":"https:\/\/veneakselisto.com\/kauppa\/tuote\/cablf45-kaukosaatokaapeli\/","og_site_name":"Veneakselisto.com - verkkokauppa","article_publisher":"https:\/\/www.facebook.com\/AlaMikkula\/","article_modified_time":"2026-03-30T08:12:17+00:00","og_image":[{"width":700,"height":700,"url":"https:\/\/veneakselisto.com\/kauppa\/wp-content\/uploads\/2019\/01\/CABLF.png","type":"image\/png"}],"twitter_card":"summary_large_image","schema":{"@context":"https:\/\/schema.org","@graph":[{"@type":"WebPage","@id":"https:\/\/veneakselisto.com\/kauppa\/tuote\/cablf45-kaukosaatokaapeli\/","url":"https:\/\/veneakselisto.com\/kauppa\/tuote\/cablf45-kaukosaatokaapeli\/","name":"CABLF45 4.5m kaukos\u00e4\u00e4t\u00f6kaapeli - Veneakselisto.com","isPartOf":{"@id":"https:\/\/veneakselisto.com\/kauppa\/#website"},"primaryImageOfPage":{"@id":"https:\/\/veneakselisto.com\/kauppa\/tuote\/cablf45-kaukosaatokaapeli\/#primaryimage"},"image":{"@id":"https:\/\/veneakselisto.com\/kauppa\/tuote\/cablf45-kaukosaatokaapeli\/#primaryimage"},"thumbnailUrl":"https:\/\/i0.wp.com\/veneakselisto.com\/kauppa\/wp-content\/uploads\/2019\/01\/CABLF.png?fit=700%2C700&ssl=1","datePublished":"2019-01-28T13:25:08+00:00","dateModified":"2026-03-30T08:12:17+00:00","description":"CABLF45 4.5m kaukos\u00e4\u00e4t\u00f6kaapeli. Laadukkaita Vetus kaukohallintalaitteita saa muovi,haponkest\u00e4v\u00e4ll\u00e4 tai alumini kuorella. Pienkitkaiset kaukos\u00e4\u00e4t\u00f6kaapelit","breadcrumb":{"@id":"https:\/\/veneakselisto.com\/kauppa\/tuote\/cablf45-kaukosaatokaapeli\/#breadcrumb"},"inLanguage":"fi","potentialAction":[{"@type":"ReadAction","target":["https:\/\/veneakselisto.com\/kauppa\/tuote\/cablf45-kaukosaatokaapeli\/"]}]},{"@type":"ImageObject","inLanguage":"fi","@id":"https:\/\/veneakselisto.com\/kauppa\/tuote\/cablf45-kaukosaatokaapeli\/#primaryimage","url":"https:\/\/i0.wp.com\/veneakselisto.com\/kauppa\/wp-content\/uploads\/2019\/01\/CABLF.png?fit=700%2C700&ssl=1","contentUrl":"https:\/\/i0.wp.com\/veneakselisto.com\/kauppa\/wp-content\/uploads\/2019\/01\/CABLF.png?fit=700%2C700&ssl=1","width":700,"height":700,"caption":"Vetus kauk\u00f6s\u00e4\u00e4t\u00f6kaapelit toimittaa Veneakselisto.com. Venetarvikkeiden maahantuonti ja myynti"},{"@type":"BreadcrumbList","@id":"https:\/\/veneakselisto.com\/kauppa\/tuote\/cablf45-kaukosaatokaapeli\/#breadcrumb","itemListElement":[{"@type":"ListItem","position":1,"name":"Etusivu","item":"https:\/\/veneakselisto.com\/kauppa\/"},{"@type":"ListItem","position":2,"name":"Kauppa","item":"https:\/\/veneakselisto.com\/kauppa\/"},{"@type":"ListItem","position":3,"name":"CABLF 4.5m kaukos\u00e4\u00e4t\u00f6kaapeli"}]},{"@type":"WebSite","@id":"https:\/\/veneakselisto.com\/kauppa\/#website","url":"https:\/\/veneakselisto.com\/kauppa\/","name":"Veneakselisto.com - verkkokauppa","description":"Venetarvikkeiden maahantuonti ja myynti","publisher":{"@id":"https:\/\/veneakselisto.com\/kauppa\/#organization"},"potentialAction":[{"@type":"SearchAction","target":{"@type":"EntryPoint","urlTemplate":"https:\/\/veneakselisto.com\/kauppa\/?s={search_term_string}"},"query-input":{"@type":"PropertyValueSpecification","valueRequired":true,"valueName":"search_term_string"}}],"inLanguage":"fi"},{"@type":"Organization","@id":"https:\/\/veneakselisto.com\/kauppa\/#organization","name":"Veneakselisto.com verkkokauppa","url":"https:\/\/veneakselisto.com\/kauppa\/","logo":{"@type":"ImageObject","inLanguage":"fi","@id":"https:\/\/veneakselisto.com\/kauppa\/#\/schema\/logo\/image\/","url":"https:\/\/i2.wp.com\/veneakselisto.com\/kauppa\/wp-content\/uploads\/2016\/06\/fb_icon.jpg?fit=327%2C327&ssl=1","contentUrl":"https:\/\/i2.wp.com\/veneakselisto.com\/kauppa\/wp-content\/uploads\/2016\/06\/fb_icon.jpg?fit=327%2C327&ssl=1","width":327,"height":327,"caption":"Veneakselisto.com verkkokauppa"},"image":{"@id":"https:\/\/veneakselisto.com\/kauppa\/#\/schema\/logo\/image\/"},"sameAs":["https:\/\/www.facebook.com\/AlaMikkula\/"]}]}},"jetpack_publicize_connections":[],"jetpack_sharing_enabled":true,"_links":{"self":[{"href":"https:\/\/veneakselisto.com\/kauppa\/wp-json\/wp\/v2\/product\/3927","targetHints":{"allow":["GET"]}}],"collection":[{"href":"https:\/\/veneakselisto.com\/kauppa\/wp-json\/wp\/v2\/product"}],"about":[{"href":"https:\/\/veneakselisto.com\/kauppa\/wp-json\/wp\/v2\/types\/product"}],"replies":[{"embeddable":true,"href":"https:\/\/veneakselisto.com\/kauppa\/wp-json\/wp\/v2\/comments?post=3927"}],"wp:featuredmedia":[{"embeddable":true,"href":"https:\/\/veneakselisto.com\/kauppa\/wp-json\/wp\/v2\/media\/3890"}],"wp:attachment":[{"href":"https:\/\/veneakselisto.com\/kauppa\/wp-json\/wp\/v2\/media?parent=3927"}],"wp:term":[{"taxonomy":"product_brand","embeddable":true,"href":"https:\/\/veneakselisto.com\/kauppa\/wp-json\/wp\/v2\/product_brand?post=3927"},{"taxonomy":"product_cat","embeddable":true,"href":"https:\/\/veneakselisto.com\/kauppa\/wp-json\/wp\/v2\/product_cat?post=3927"},{"taxonomy":"product_tag","embeddable":true,"href":"https:\/\/veneakselisto.com\/kauppa\/wp-json\/wp\/v2\/product_tag?post=3927"}],"curies":[{"name":"wp","href":"https:\/\/api.w.org\/{rel}","templated":true}]}}