{"id":3583,"date":"2018-12-13T10:49:35","date_gmt":"2018-12-13T08:49:35","guid":{"rendered":"https:\/\/veneakselisto.com\/kauppa\/?post_type=product&#038;p=3583"},"modified":"2025-02-05T09:07:51","modified_gmt":"2025-02-05T07:07:51","slug":"vetus-unifl1330-joustokytkin-30mm-akselille","status":"publish","type":"product","link":"https:\/\/veneakselisto.com\/kauppa\/tuote\/vetus-unifl1330-joustokytkin-30mm-akselille\/","title":{"rendered":"Vetus UNIFL1330 Joustokytkin 30mm akselille"},"content":{"rendered":"<p>Vetus UNIFL1330 Joustokytkin 30mm akselille.<\/p>\n<p>Uniflex<br \/>\nPotkuriakselin tarkkaan linjaukseen ja keskitt\u00e4miseen<br \/>\nUniflex kytkimet sallivat 2\u00ba kulmapoikkeaman.<br \/>\nNe keskitt\u00e4v\u00e4t potkuriakselin kytkimeen kartionmuotoisella kiinnityskeski\u00f6ll\u00e4 (kiristyskartio liitos) ja se on ihanteellinen joustokytkin potkuriakselin<br \/>\nja moottorin v\u00e4lille, kun k\u00e4ytet\u00e4\u00e4n joustavaa akselitiivistett\u00e4 ja moottori on asennettu kumityynyjen varaan. N\u00e4m\u00e4 kytkimet ovat<br \/>\nmy\u00f6s varmistettu aksiaali- ja radiaalivoimia vastaan. Jos potkuriakseli on asennettu moottoriin n\u00e4hden 2\u00ba kulmaan, on suurin<br \/>\nsallittu potkuriakselin kierrosluku 1500 kierr.\/min.<\/p>\n<p>Tuotetiedot Uniflex malli 13 ja 16\u2022 Kartionmuotoinen kiinnityskeski\u00f6 (sopii &#8220;suoralle&#8221; akselille, )<br \/>\n\u2022 Kiinnityskeski\u00f6 20, 25 ja 30 mm potkuriakseleille (malli 13), ja 30, 35 tai 40 mm (malli 16)\u2022 4\u201d kiinnityslaippa (malli 13) ja\/tai 5\u201d laippa (malli 16) Hurth, Velvet, TD, ZF, PRM ja muun merkkisille merivaihteille, Ei V-VAIHTEELLE<br \/>\n\u2022 Halkaisija 130mm, L=98mm<\/p>\n","protected":false},"excerpt":{"rendered":"<p>Vetus UNIFL\u00a0 joustokytkin 30 mm akselille. Voimme my\u00f6s toimittaaVetus kiinnityspulttisarjan.\u00a0 Tuotekoodi TMCSET<\/p>\n<p>Tehonkesto max 3,6hv\/100rpm. Esim. 3600rpm, 2:1 v\u00e4litys. 3,6&#215;18=65hv<\/p>\n<p>Jos tarvitset apua Vetus joustokytkimen valinnassa ota rohkeasti yhteytt\u00e4 09-8779230 tai akseli@veneakselisto.fi<\/p>\n<p>Kaikilla tuotteilla normaalisti 1-5pv toimitusaika<\/p>\n","protected":false},"featured_media":3581,"comment_status":"open","ping_status":"closed","template":"","meta":{"jetpack_post_was_ever_published":false,"jetpack_publicize_message":"","jetpack_publicize_feature_enabled":true,"jetpack_social_post_already_shared":true,"jetpack_social_options":{"image_generator_settings":{"template":"highway","default_image_id":0,"font":"","enabled":false},"version":2}},"product_brand":[],"product_cat":[32,460],"product_tag":[237,238],"class_list":{"0":"post-3583","1":"product","2":"type-product","3":"status-publish","4":"has-post-thumbnail","6":"product_cat-joustokytkimet","7":"product_cat-joustokytkimet_potkuriakselit_ja_tarvikkeet","8":"product_tag-jostokytkin","9":"product_tag-joustolaippa-joustokytkin","10":"brand-vetus","12":"first","13":"instock","14":"sale","15":"taxable","16":"shipping-taxable","17":"purchasable","18":"product-type-simple"},"yoast_head":"<!-- This site is optimized with the Yoast SEO plugin v27.3 - https:\/\/yoast.com\/product\/yoast-seo-wordpress\/ -->\n<title>Vetus UNIFL1330 Joustokytkin 30mm akselille - Veneakselisto.com<\/title>\n<meta name=\"description\" content=\"Vetus UNIFL1330 Joustokytkin 30mm akselille. Vetus joustokytkimet toimittaa Veneakselisto.com aina edulliseen Veneakselisto hintaan\" \/>\n<meta name=\"robots\" content=\"index, follow, max-snippet:-1, max-image-preview:large, max-video-preview:-1\" \/>\n<link rel=\"canonical\" href=\"https:\/\/veneakselisto.com\/kauppa\/tuote\/vetus-unifl1330-joustokytkin-30mm-akselille\/\" \/>\n<meta property=\"og:locale\" content=\"fi_FI\" \/>\n<meta property=\"og:type\" content=\"article\" \/>\n<meta property=\"og:title\" content=\"Vetus UNIFL1330 Joustokytkin 30mm akselille - Veneakselisto.com\" \/>\n<meta property=\"og:description\" content=\"Vetus UNIFL1330 Joustokytkin 30mm akselille. Vetus joustokytkimet toimittaa Veneakselisto.com aina edulliseen Veneakselisto hintaan\" \/>\n<meta property=\"og:url\" content=\"https:\/\/veneakselisto.com\/kauppa\/tuote\/vetus-unifl1330-joustokytkin-30mm-akselille\/\" \/>\n<meta property=\"og:site_name\" content=\"Veneakselisto.com - verkkokauppa\" \/>\n<meta property=\"article:publisher\" content=\"https:\/\/www.facebook.com\/AlaMikkula\/\" \/>\n<meta property=\"article:modified_time\" content=\"2025-02-05T07:07:51+00:00\" \/>\n<meta property=\"og:image\" content=\"https:\/\/veneakselisto.com\/kauppa\/wp-content\/uploads\/2018\/12\/UNIFLEX-1.png\" \/>\n\t<meta property=\"og:image:width\" content=\"467\" \/>\n\t<meta property=\"og:image:height\" content=\"467\" \/>\n\t<meta property=\"og:image:type\" content=\"image\/png\" \/>\n<meta name=\"twitter:card\" content=\"summary_large_image\" \/>\n<meta name=\"twitter:label1\" content=\"Arvioitu lukuaika\" \/>\n\t<meta name=\"twitter:data1\" content=\"1 minuutti\" \/>\n<script type=\"application\/ld+json\" class=\"yoast-schema-graph\">{\"@context\":\"https:\\\/\\\/schema.org\",\"@graph\":[{\"@type\":\"WebPage\",\"@id\":\"https:\\\/\\\/veneakselisto.com\\\/kauppa\\\/tuote\\\/vetus-unifl1330-joustokytkin-30mm-akselille\\\/\",\"url\":\"https:\\\/\\\/veneakselisto.com\\\/kauppa\\\/tuote\\\/vetus-unifl1330-joustokytkin-30mm-akselille\\\/\",\"name\":\"Vetus UNIFL1330 Joustokytkin 30mm akselille - Veneakselisto.com\",\"isPartOf\":{\"@id\":\"https:\\\/\\\/veneakselisto.com\\\/kauppa\\\/#website\"},\"primaryImageOfPage\":{\"@id\":\"https:\\\/\\\/veneakselisto.com\\\/kauppa\\\/tuote\\\/vetus-unifl1330-joustokytkin-30mm-akselille\\\/#primaryimage\"},\"image\":{\"@id\":\"https:\\\/\\\/veneakselisto.com\\\/kauppa\\\/tuote\\\/vetus-unifl1330-joustokytkin-30mm-akselille\\\/#primaryimage\"},\"thumbnailUrl\":\"https:\\\/\\\/i0.wp.com\\\/veneakselisto.com\\\/kauppa\\\/wp-content\\\/uploads\\\/2018\\\/12\\\/UNIFLEX-1.png?fit=467%2C467&ssl=1\",\"datePublished\":\"2018-12-13T08:49:35+00:00\",\"dateModified\":\"2025-02-05T07:07:51+00:00\",\"description\":\"Vetus UNIFL1330 Joustokytkin 30mm akselille. Vetus joustokytkimet toimittaa Veneakselisto.com aina edulliseen Veneakselisto hintaan\",\"breadcrumb\":{\"@id\":\"https:\\\/\\\/veneakselisto.com\\\/kauppa\\\/tuote\\\/vetus-unifl1330-joustokytkin-30mm-akselille\\\/#breadcrumb\"},\"inLanguage\":\"fi\",\"potentialAction\":[{\"@type\":\"ReadAction\",\"target\":[\"https:\\\/\\\/veneakselisto.com\\\/kauppa\\\/tuote\\\/vetus-unifl1330-joustokytkin-30mm-akselille\\\/\"]}]},{\"@type\":\"ImageObject\",\"inLanguage\":\"fi\",\"@id\":\"https:\\\/\\\/veneakselisto.com\\\/kauppa\\\/tuote\\\/vetus-unifl1330-joustokytkin-30mm-akselille\\\/#primaryimage\",\"url\":\"https:\\\/\\\/i0.wp.com\\\/veneakselisto.com\\\/kauppa\\\/wp-content\\\/uploads\\\/2018\\\/12\\\/UNIFLEX-1.png?fit=467%2C467&ssl=1\",\"contentUrl\":\"https:\\\/\\\/i0.wp.com\\\/veneakselisto.com\\\/kauppa\\\/wp-content\\\/uploads\\\/2018\\\/12\\\/UNIFLEX-1.png?fit=467%2C467&ssl=1\",\"width\":467,\"height\":467,\"caption\":\"Centa joustokytkin\"},{\"@type\":\"BreadcrumbList\",\"@id\":\"https:\\\/\\\/veneakselisto.com\\\/kauppa\\\/tuote\\\/vetus-unifl1330-joustokytkin-30mm-akselille\\\/#breadcrumb\",\"itemListElement\":[{\"@type\":\"ListItem\",\"position\":1,\"name\":\"Etusivu\",\"item\":\"https:\\\/\\\/veneakselisto.com\\\/kauppa\\\/\"},{\"@type\":\"ListItem\",\"position\":2,\"name\":\"Kauppa\",\"item\":\"https:\\\/\\\/veneakselisto.com\\\/kauppa\\\/\"},{\"@type\":\"ListItem\",\"position\":3,\"name\":\"Vetus UNIFL1330 Joustokytkin 30mm akselille\"}]},{\"@type\":\"WebSite\",\"@id\":\"https:\\\/\\\/veneakselisto.com\\\/kauppa\\\/#website\",\"url\":\"https:\\\/\\\/veneakselisto.com\\\/kauppa\\\/\",\"name\":\"Veneakselisto.com - verkkokauppa\",\"description\":\"Venetarvikkeiden maahantuonti ja myynti\",\"publisher\":{\"@id\":\"https:\\\/\\\/veneakselisto.com\\\/kauppa\\\/#organization\"},\"potentialAction\":[{\"@type\":\"SearchAction\",\"target\":{\"@type\":\"EntryPoint\",\"urlTemplate\":\"https:\\\/\\\/veneakselisto.com\\\/kauppa\\\/?s={search_term_string}\"},\"query-input\":{\"@type\":\"PropertyValueSpecification\",\"valueRequired\":true,\"valueName\":\"search_term_string\"}}],\"inLanguage\":\"fi\"},{\"@type\":\"Organization\",\"@id\":\"https:\\\/\\\/veneakselisto.com\\\/kauppa\\\/#organization\",\"name\":\"Veneakselisto.com verkkokauppa\",\"url\":\"https:\\\/\\\/veneakselisto.com\\\/kauppa\\\/\",\"logo\":{\"@type\":\"ImageObject\",\"inLanguage\":\"fi\",\"@id\":\"https:\\\/\\\/veneakselisto.com\\\/kauppa\\\/#\\\/schema\\\/logo\\\/image\\\/\",\"url\":\"https:\\\/\\\/i2.wp.com\\\/veneakselisto.com\\\/kauppa\\\/wp-content\\\/uploads\\\/2016\\\/06\\\/fb_icon.jpg?fit=327%2C327&ssl=1\",\"contentUrl\":\"https:\\\/\\\/i2.wp.com\\\/veneakselisto.com\\\/kauppa\\\/wp-content\\\/uploads\\\/2016\\\/06\\\/fb_icon.jpg?fit=327%2C327&ssl=1\",\"width\":327,\"height\":327,\"caption\":\"Veneakselisto.com verkkokauppa\"},\"image\":{\"@id\":\"https:\\\/\\\/veneakselisto.com\\\/kauppa\\\/#\\\/schema\\\/logo\\\/image\\\/\"},\"sameAs\":[\"https:\\\/\\\/www.facebook.com\\\/AlaMikkula\\\/\"]}]}<\/script>\n<!-- \/ Yoast SEO plugin. -->","yoast_head_json":{"title":"Vetus UNIFL1330 Joustokytkin 30mm akselille - Veneakselisto.com","description":"Vetus UNIFL1330 Joustokytkin 30mm akselille. Vetus joustokytkimet toimittaa Veneakselisto.com aina edulliseen Veneakselisto hintaan","robots":{"index":"index","follow":"follow","max-snippet":"max-snippet:-1","max-image-preview":"max-image-preview:large","max-video-preview":"max-video-preview:-1"},"canonical":"https:\/\/veneakselisto.com\/kauppa\/tuote\/vetus-unifl1330-joustokytkin-30mm-akselille\/","og_locale":"fi_FI","og_type":"article","og_title":"Vetus UNIFL1330 Joustokytkin 30mm akselille - Veneakselisto.com","og_description":"Vetus UNIFL1330 Joustokytkin 30mm akselille. Vetus joustokytkimet toimittaa Veneakselisto.com aina edulliseen Veneakselisto hintaan","og_url":"https:\/\/veneakselisto.com\/kauppa\/tuote\/vetus-unifl1330-joustokytkin-30mm-akselille\/","og_site_name":"Veneakselisto.com - verkkokauppa","article_publisher":"https:\/\/www.facebook.com\/AlaMikkula\/","article_modified_time":"2025-02-05T07:07:51+00:00","og_image":[{"width":467,"height":467,"url":"https:\/\/veneakselisto.com\/kauppa\/wp-content\/uploads\/2018\/12\/UNIFLEX-1.png","type":"image\/png"}],"twitter_card":"summary_large_image","twitter_misc":{"Arvioitu lukuaika":"1 minuutti"},"schema":{"@context":"https:\/\/schema.org","@graph":[{"@type":"WebPage","@id":"https:\/\/veneakselisto.com\/kauppa\/tuote\/vetus-unifl1330-joustokytkin-30mm-akselille\/","url":"https:\/\/veneakselisto.com\/kauppa\/tuote\/vetus-unifl1330-joustokytkin-30mm-akselille\/","name":"Vetus UNIFL1330 Joustokytkin 30mm akselille - Veneakselisto.com","isPartOf":{"@id":"https:\/\/veneakselisto.com\/kauppa\/#website"},"primaryImageOfPage":{"@id":"https:\/\/veneakselisto.com\/kauppa\/tuote\/vetus-unifl1330-joustokytkin-30mm-akselille\/#primaryimage"},"image":{"@id":"https:\/\/veneakselisto.com\/kauppa\/tuote\/vetus-unifl1330-joustokytkin-30mm-akselille\/#primaryimage"},"thumbnailUrl":"https:\/\/i0.wp.com\/veneakselisto.com\/kauppa\/wp-content\/uploads\/2018\/12\/UNIFLEX-1.png?fit=467%2C467&ssl=1","datePublished":"2018-12-13T08:49:35+00:00","dateModified":"2025-02-05T07:07:51+00:00","description":"Vetus UNIFL1330 Joustokytkin 30mm akselille. Vetus joustokytkimet toimittaa Veneakselisto.com aina edulliseen Veneakselisto hintaan","breadcrumb":{"@id":"https:\/\/veneakselisto.com\/kauppa\/tuote\/vetus-unifl1330-joustokytkin-30mm-akselille\/#breadcrumb"},"inLanguage":"fi","potentialAction":[{"@type":"ReadAction","target":["https:\/\/veneakselisto.com\/kauppa\/tuote\/vetus-unifl1330-joustokytkin-30mm-akselille\/"]}]},{"@type":"ImageObject","inLanguage":"fi","@id":"https:\/\/veneakselisto.com\/kauppa\/tuote\/vetus-unifl1330-joustokytkin-30mm-akselille\/#primaryimage","url":"https:\/\/i0.wp.com\/veneakselisto.com\/kauppa\/wp-content\/uploads\/2018\/12\/UNIFLEX-1.png?fit=467%2C467&ssl=1","contentUrl":"https:\/\/i0.wp.com\/veneakselisto.com\/kauppa\/wp-content\/uploads\/2018\/12\/UNIFLEX-1.png?fit=467%2C467&ssl=1","width":467,"height":467,"caption":"Centa joustokytkin"},{"@type":"BreadcrumbList","@id":"https:\/\/veneakselisto.com\/kauppa\/tuote\/vetus-unifl1330-joustokytkin-30mm-akselille\/#breadcrumb","itemListElement":[{"@type":"ListItem","position":1,"name":"Etusivu","item":"https:\/\/veneakselisto.com\/kauppa\/"},{"@type":"ListItem","position":2,"name":"Kauppa","item":"https:\/\/veneakselisto.com\/kauppa\/"},{"@type":"ListItem","position":3,"name":"Vetus UNIFL1330 Joustokytkin 30mm akselille"}]},{"@type":"WebSite","@id":"https:\/\/veneakselisto.com\/kauppa\/#website","url":"https:\/\/veneakselisto.com\/kauppa\/","name":"Veneakselisto.com - verkkokauppa","description":"Venetarvikkeiden maahantuonti ja myynti","publisher":{"@id":"https:\/\/veneakselisto.com\/kauppa\/#organization"},"potentialAction":[{"@type":"SearchAction","target":{"@type":"EntryPoint","urlTemplate":"https:\/\/veneakselisto.com\/kauppa\/?s={search_term_string}"},"query-input":{"@type":"PropertyValueSpecification","valueRequired":true,"valueName":"search_term_string"}}],"inLanguage":"fi"},{"@type":"Organization","@id":"https:\/\/veneakselisto.com\/kauppa\/#organization","name":"Veneakselisto.com verkkokauppa","url":"https:\/\/veneakselisto.com\/kauppa\/","logo":{"@type":"ImageObject","inLanguage":"fi","@id":"https:\/\/veneakselisto.com\/kauppa\/#\/schema\/logo\/image\/","url":"https:\/\/i2.wp.com\/veneakselisto.com\/kauppa\/wp-content\/uploads\/2016\/06\/fb_icon.jpg?fit=327%2C327&ssl=1","contentUrl":"https:\/\/i2.wp.com\/veneakselisto.com\/kauppa\/wp-content\/uploads\/2016\/06\/fb_icon.jpg?fit=327%2C327&ssl=1","width":327,"height":327,"caption":"Veneakselisto.com verkkokauppa"},"image":{"@id":"https:\/\/veneakselisto.com\/kauppa\/#\/schema\/logo\/image\/"},"sameAs":["https:\/\/www.facebook.com\/AlaMikkula\/"]}]}},"jetpack_publicize_connections":[],"jetpack_sharing_enabled":true,"_links":{"self":[{"href":"https:\/\/veneakselisto.com\/kauppa\/wp-json\/wp\/v2\/product\/3583","targetHints":{"allow":["GET"]}}],"collection":[{"href":"https:\/\/veneakselisto.com\/kauppa\/wp-json\/wp\/v2\/product"}],"about":[{"href":"https:\/\/veneakselisto.com\/kauppa\/wp-json\/wp\/v2\/types\/product"}],"replies":[{"embeddable":true,"href":"https:\/\/veneakselisto.com\/kauppa\/wp-json\/wp\/v2\/comments?post=3583"}],"wp:featuredmedia":[{"embeddable":true,"href":"https:\/\/veneakselisto.com\/kauppa\/wp-json\/wp\/v2\/media\/3581"}],"wp:attachment":[{"href":"https:\/\/veneakselisto.com\/kauppa\/wp-json\/wp\/v2\/media?parent=3583"}],"wp:term":[{"taxonomy":"product_brand","embeddable":true,"href":"https:\/\/veneakselisto.com\/kauppa\/wp-json\/wp\/v2\/product_brand?post=3583"},{"taxonomy":"product_cat","embeddable":true,"href":"https:\/\/veneakselisto.com\/kauppa\/wp-json\/wp\/v2\/product_cat?post=3583"},{"taxonomy":"product_tag","embeddable":true,"href":"https:\/\/veneakselisto.com\/kauppa\/wp-json\/wp\/v2\/product_tag?post=3583"}],"curies":[{"name":"wp","href":"https:\/\/api.w.org\/{rel}","templated":true}]}}