{"id":23021,"date":"2025-09-11T15:42:46","date_gmt":"2025-09-11T12:42:46","guid":{"rendered":"https:\/\/veneakselisto.com\/kauppa\/?post_type=product&#038;p=23021"},"modified":"2025-09-11T15:58:34","modified_gmt":"2025-09-11T12:58:34","slug":"ilt120ph-septi-ja-makeanvedentankin-tarkastusluukku","status":"publish","type":"product","link":"https:\/\/veneakselisto.com\/kauppa\/tuote\/ilt120ph-septi-ja-makeanvedentankin-tarkastusluukku\/","title":{"rendered":"ILT120PH Septi -ja makeanvedentankin tarkastusluukku"},"content":{"rendered":"<p>ILT120PH Septi -ja makeanvedentankin tarkastusluukku<\/p>\n<p>Tarkastuskansi ILT120PH<\/p>\n<p>Sopii septi -ja makeanveden tankeille joiden sein\u00e4m\u00e4 paksuus on 4-10mm<\/p>\n<p>Yleismallinen tarkastusluukku polttoaine-, septi- ja makeavesitankeille<br \/>\nILT on innovatiivinen tarkastuskansi, joka helpottaa tankin tarkastamista ja<br \/>\npuhdistamista. Tarkastuskannessa on vastalaippa ja silikonitiiviste, jotka ty\u00f6nnet\u00e4\u00e4n<br \/>\ns\u00e4ili\u00f6ss\u00e4 olevaan \u00d8 159 mm reik\u00e4\u00e4n. Ainoa mit\u00e4 tarvitsee tehd\u00e4, on kirist\u00e4\u00e4 viisi pulttia,<br \/>\njotka puristavat tiivisteen aukon reunaa vasten.<br \/>\n\u00c4lykk\u00e4\u00e4n kansimekanismin ansiosta luukku ei jumiudu vaikka se olisi avaamatta<br \/>\npitki\u00e4kin aikoja. ISO\/FDIS 21487-standardin mukaan polttoainetankeissa tulee olla<br \/>\nv\u00e4hint\u00e4\u00e4n 120 mm:n tarkistusluukku. ILT-vastaa n\u00e4it\u00e4 vaatimuksia.<br \/>\nILT120PL sopii tankkeihin, joiden sein\u00e4m\u00e4paksuus on 0,8-4 mm.<\/p>\n<p>Innovatiivinen ja tukeva rakenne<br \/>\nKaikkia tankkeja tulee toisinaan puhdistaa tai muuten huoltaa. ILT-tarkastusluukku on<br \/>\neritt\u00e4in helppo asentaa; tankkiin porataan \u00d8 159 mm:n reik\u00e4, tarkistusluukku painetaan<br \/>\naukkoon ja kiristet\u00e4\u00e4n nelj\u00e4ll\u00e4 valmiiksi asennetulla pultilla \u2013 yksinkertaista. \u00c4lykk\u00e4\u00e4n<br \/>\nkansimekanismin ansiosta luukku ei jumiudu vaikka se olisi avaamatta pitki\u00e4kin aikoja.<br \/>\nISO\/FDIS 21487-standardin mukaan tankeissa tulee olla v\u00e4hint\u00e4\u00e4n 120 mm:n<br \/>\ntarkistusluukku. ILT-vastaa n\u00e4it\u00e4 vaatimuksia.<\/p>\n<p>Eritt\u00e4in helppo asennus. Porataan \u00d8 159 mm:n reik\u00e4, ILT reik\u00e4\u00e4n ja kiristys. Sokean<br \/>\npeitelevyn tilalle saatavana erilaisia ILT-asennussarjoja.<\/p>\n<p>ILT120PH Septi -ja makeanvedentankin tarkastusluukku<\/p>\n<p>&nbsp;<\/p>\n","protected":false},"excerpt":{"rendered":"<p>ILT120PH Septi -ja makeanvedentankin tarkastusluukku<\/p>\n<p>Tarkastuskansi ILT120PH<\/p>\n<p>Sopii septi -ja makeanveden tankeille joiden sein\u00e4m\u00e4 paksuus on 4-10mm<\/p>\n<p>Kaikilla tuotteilla normaalisti 1-5pv toimitusaika<\/p>\n","protected":false},"featured_media":5247,"comment_status":"open","ping_status":"closed","template":"","meta":{"jetpack_post_was_ever_published":false,"jetpack_publicize_message":"","jetpack_publicize_feature_enabled":true,"jetpack_social_post_already_shared":true,"jetpack_social_options":{"image_generator_settings":{"template":"highway","default_image_id":0,"font":"","enabled":false},"version":2}},"product_brand":[],"product_cat":[1063,58,1077,1078,939,142,1086,476,470],"product_tag":[1181,474,1014,98],"class_list":{"0":"post-23021","1":"product","2":"type-product","3":"status-publish","4":"has-post-thumbnail","6":"product_cat-vetus-septitankki-jatevesijarjestelma","7":"product_cat-jatevesipumput-ja-tarvikkeet","8":"product_cat-vetus-jatevesi-septisailio-tarvikkeet","9":"product_cat-vetus-makeavesijarjestelma-juomavesi","10":"product_cat-makeavesitankin-tarvikkeet-asennus","11":"product_cat-vesi-ja-wc-jarjestelmat","12":"product_cat-tarvikkeet-makeallevedelle","13":"product_cat-vetus_vetus-venetarvikkeet_venetarvikeiden-maahantuonti-ja-myynti-vetus_vetus-venetarvikkeet_venetarvikeiden-maahantuonti-ja-myynti","14":"product_cat-vetus_vetus-venetarvikkeet_venetarvikeiden-maahantuonti-ja-myynti","15":"product_tag-makeavesi","16":"product_tag-septi","17":"product_tag-septitanki","18":"product_tag-vetus","19":"brand-vetus","21":"first","22":"instock","23":"taxable","24":"shipping-taxable","25":"purchasable","26":"product-type-simple"},"yoast_head":"<!-- This site is optimized with the Yoast SEO plugin v27.3 - https:\/\/yoast.com\/product\/yoast-seo-wordpress\/ -->\n<title>ILT120PH Septi -ja makeanvedentankin tarkastusluukku-veneakseli<\/title>\n<meta name=\"description\" content=\"ILT120PH Septi -ja makeanvedentankin tarkastusluukku -Vetus Venetarvikkeet-Veneakselisto.com-Venetarvikkeiden erikoisliike.\" \/>\n<meta name=\"robots\" content=\"index, follow, max-snippet:-1, max-image-preview:large, max-video-preview:-1\" \/>\n<link rel=\"canonical\" href=\"https:\/\/veneakselisto.com\/kauppa\/tuote\/ilt120ph-septi-ja-makeanvedentankin-tarkastusluukku\/\" \/>\n<meta property=\"og:locale\" content=\"fi_FI\" \/>\n<meta property=\"og:type\" content=\"article\" \/>\n<meta property=\"og:title\" content=\"ILT120PH Septi -ja makeanvedentankin tarkastusluukku-veneakseli\" \/>\n<meta property=\"og:description\" content=\"ILT120PH Septi -ja makeanvedentankin tarkastusluukku -Vetus Venetarvikkeet-Veneakselisto.com-Venetarvikkeiden erikoisliike.\" \/>\n<meta property=\"og:url\" content=\"https:\/\/veneakselisto.com\/kauppa\/tuote\/ilt120ph-septi-ja-makeanvedentankin-tarkastusluukku\/\" \/>\n<meta property=\"og:site_name\" content=\"Veneakselisto.com - verkkokauppa\" \/>\n<meta property=\"article:publisher\" content=\"https:\/\/www.facebook.com\/AlaMikkula\/\" \/>\n<meta property=\"article:modified_time\" content=\"2025-09-11T12:58:34+00:00\" \/>\n<meta property=\"og:image\" content=\"https:\/\/veneakselisto.com\/kauppa\/wp-content\/uploads\/2019\/03\/ilt120.png\" \/>\n\t<meta property=\"og:image:width\" content=\"500\" \/>\n\t<meta property=\"og:image:height\" content=\"500\" \/>\n\t<meta property=\"og:image:type\" content=\"image\/png\" \/>\n<meta name=\"twitter:card\" content=\"summary_large_image\" \/>\n<meta name=\"twitter:label1\" content=\"Arvioitu lukuaika\" \/>\n\t<meta name=\"twitter:data1\" content=\"2 minuuttia\" \/>\n<script type=\"application\/ld+json\" class=\"yoast-schema-graph\">{\"@context\":\"https:\\\/\\\/schema.org\",\"@graph\":[{\"@type\":\"WebPage\",\"@id\":\"https:\\\/\\\/veneakselisto.com\\\/kauppa\\\/tuote\\\/ilt120ph-septi-ja-makeanvedentankin-tarkastusluukku\\\/\",\"url\":\"https:\\\/\\\/veneakselisto.com\\\/kauppa\\\/tuote\\\/ilt120ph-septi-ja-makeanvedentankin-tarkastusluukku\\\/\",\"name\":\"ILT120PH Septi -ja makeanvedentankin tarkastusluukku-veneakseli\",\"isPartOf\":{\"@id\":\"https:\\\/\\\/veneakselisto.com\\\/kauppa\\\/#website\"},\"primaryImageOfPage\":{\"@id\":\"https:\\\/\\\/veneakselisto.com\\\/kauppa\\\/tuote\\\/ilt120ph-septi-ja-makeanvedentankin-tarkastusluukku\\\/#primaryimage\"},\"image\":{\"@id\":\"https:\\\/\\\/veneakselisto.com\\\/kauppa\\\/tuote\\\/ilt120ph-septi-ja-makeanvedentankin-tarkastusluukku\\\/#primaryimage\"},\"thumbnailUrl\":\"https:\\\/\\\/i0.wp.com\\\/veneakselisto.com\\\/kauppa\\\/wp-content\\\/uploads\\\/2019\\\/03\\\/ilt120.png?fit=500%2C500&ssl=1\",\"datePublished\":\"2025-09-11T12:42:46+00:00\",\"dateModified\":\"2025-09-11T12:58:34+00:00\",\"description\":\"ILT120PH Septi -ja makeanvedentankin tarkastusluukku -Vetus Venetarvikkeet-Veneakselisto.com-Venetarvikkeiden erikoisliike.\",\"breadcrumb\":{\"@id\":\"https:\\\/\\\/veneakselisto.com\\\/kauppa\\\/tuote\\\/ilt120ph-septi-ja-makeanvedentankin-tarkastusluukku\\\/#breadcrumb\"},\"inLanguage\":\"fi\",\"potentialAction\":[{\"@type\":\"ReadAction\",\"target\":[\"https:\\\/\\\/veneakselisto.com\\\/kauppa\\\/tuote\\\/ilt120ph-septi-ja-makeanvedentankin-tarkastusluukku\\\/\"]}]},{\"@type\":\"ImageObject\",\"inLanguage\":\"fi\",\"@id\":\"https:\\\/\\\/veneakselisto.com\\\/kauppa\\\/tuote\\\/ilt120ph-septi-ja-makeanvedentankin-tarkastusluukku\\\/#primaryimage\",\"url\":\"https:\\\/\\\/i0.wp.com\\\/veneakselisto.com\\\/kauppa\\\/wp-content\\\/uploads\\\/2019\\\/03\\\/ilt120.png?fit=500%2C500&ssl=1\",\"contentUrl\":\"https:\\\/\\\/i0.wp.com\\\/veneakselisto.com\\\/kauppa\\\/wp-content\\\/uploads\\\/2019\\\/03\\\/ilt120.png?fit=500%2C500&ssl=1\",\"width\":500,\"height\":500,\"caption\":\"Vetus ILT120 tarkastusluukku-venetarvikkeiden maahantuonti ja myynti. Veneakselisto.com\"},{\"@type\":\"BreadcrumbList\",\"@id\":\"https:\\\/\\\/veneakselisto.com\\\/kauppa\\\/tuote\\\/ilt120ph-septi-ja-makeanvedentankin-tarkastusluukku\\\/#breadcrumb\",\"itemListElement\":[{\"@type\":\"ListItem\",\"position\":1,\"name\":\"Etusivu\",\"item\":\"https:\\\/\\\/veneakselisto.com\\\/kauppa\\\/\"},{\"@type\":\"ListItem\",\"position\":2,\"name\":\"Kauppa\",\"item\":\"https:\\\/\\\/veneakselisto.com\\\/kauppa\\\/\"},{\"@type\":\"ListItem\",\"position\":3,\"name\":\"ILT120PH Septi -ja makeanvedentankin tarkastusluukku\"}]},{\"@type\":\"WebSite\",\"@id\":\"https:\\\/\\\/veneakselisto.com\\\/kauppa\\\/#website\",\"url\":\"https:\\\/\\\/veneakselisto.com\\\/kauppa\\\/\",\"name\":\"Veneakselisto.com - verkkokauppa\",\"description\":\"Venetarvikkeiden maahantuonti ja myynti\",\"publisher\":{\"@id\":\"https:\\\/\\\/veneakselisto.com\\\/kauppa\\\/#organization\"},\"potentialAction\":[{\"@type\":\"SearchAction\",\"target\":{\"@type\":\"EntryPoint\",\"urlTemplate\":\"https:\\\/\\\/veneakselisto.com\\\/kauppa\\\/?s={search_term_string}\"},\"query-input\":{\"@type\":\"PropertyValueSpecification\",\"valueRequired\":true,\"valueName\":\"search_term_string\"}}],\"inLanguage\":\"fi\"},{\"@type\":\"Organization\",\"@id\":\"https:\\\/\\\/veneakselisto.com\\\/kauppa\\\/#organization\",\"name\":\"Veneakselisto.com verkkokauppa\",\"url\":\"https:\\\/\\\/veneakselisto.com\\\/kauppa\\\/\",\"logo\":{\"@type\":\"ImageObject\",\"inLanguage\":\"fi\",\"@id\":\"https:\\\/\\\/veneakselisto.com\\\/kauppa\\\/#\\\/schema\\\/logo\\\/image\\\/\",\"url\":\"https:\\\/\\\/i2.wp.com\\\/veneakselisto.com\\\/kauppa\\\/wp-content\\\/uploads\\\/2016\\\/06\\\/fb_icon.jpg?fit=327%2C327&ssl=1\",\"contentUrl\":\"https:\\\/\\\/i2.wp.com\\\/veneakselisto.com\\\/kauppa\\\/wp-content\\\/uploads\\\/2016\\\/06\\\/fb_icon.jpg?fit=327%2C327&ssl=1\",\"width\":327,\"height\":327,\"caption\":\"Veneakselisto.com verkkokauppa\"},\"image\":{\"@id\":\"https:\\\/\\\/veneakselisto.com\\\/kauppa\\\/#\\\/schema\\\/logo\\\/image\\\/\"},\"sameAs\":[\"https:\\\/\\\/www.facebook.com\\\/AlaMikkula\\\/\"]}]}<\/script>\n<!-- \/ Yoast SEO plugin. -->","yoast_head_json":{"title":"ILT120PH Septi -ja makeanvedentankin tarkastusluukku-veneakseli","description":"ILT120PH Septi -ja makeanvedentankin tarkastusluukku -Vetus Venetarvikkeet-Veneakselisto.com-Venetarvikkeiden erikoisliike.","robots":{"index":"index","follow":"follow","max-snippet":"max-snippet:-1","max-image-preview":"max-image-preview:large","max-video-preview":"max-video-preview:-1"},"canonical":"https:\/\/veneakselisto.com\/kauppa\/tuote\/ilt120ph-septi-ja-makeanvedentankin-tarkastusluukku\/","og_locale":"fi_FI","og_type":"article","og_title":"ILT120PH Septi -ja makeanvedentankin tarkastusluukku-veneakseli","og_description":"ILT120PH Septi -ja makeanvedentankin tarkastusluukku -Vetus Venetarvikkeet-Veneakselisto.com-Venetarvikkeiden erikoisliike.","og_url":"https:\/\/veneakselisto.com\/kauppa\/tuote\/ilt120ph-septi-ja-makeanvedentankin-tarkastusluukku\/","og_site_name":"Veneakselisto.com - verkkokauppa","article_publisher":"https:\/\/www.facebook.com\/AlaMikkula\/","article_modified_time":"2025-09-11T12:58:34+00:00","og_image":[{"width":500,"height":500,"url":"https:\/\/veneakselisto.com\/kauppa\/wp-content\/uploads\/2019\/03\/ilt120.png","type":"image\/png"}],"twitter_card":"summary_large_image","twitter_misc":{"Arvioitu lukuaika":"2 minuuttia"},"schema":{"@context":"https:\/\/schema.org","@graph":[{"@type":"WebPage","@id":"https:\/\/veneakselisto.com\/kauppa\/tuote\/ilt120ph-septi-ja-makeanvedentankin-tarkastusluukku\/","url":"https:\/\/veneakselisto.com\/kauppa\/tuote\/ilt120ph-septi-ja-makeanvedentankin-tarkastusluukku\/","name":"ILT120PH Septi -ja makeanvedentankin tarkastusluukku-veneakseli","isPartOf":{"@id":"https:\/\/veneakselisto.com\/kauppa\/#website"},"primaryImageOfPage":{"@id":"https:\/\/veneakselisto.com\/kauppa\/tuote\/ilt120ph-septi-ja-makeanvedentankin-tarkastusluukku\/#primaryimage"},"image":{"@id":"https:\/\/veneakselisto.com\/kauppa\/tuote\/ilt120ph-septi-ja-makeanvedentankin-tarkastusluukku\/#primaryimage"},"thumbnailUrl":"https:\/\/i0.wp.com\/veneakselisto.com\/kauppa\/wp-content\/uploads\/2019\/03\/ilt120.png?fit=500%2C500&ssl=1","datePublished":"2025-09-11T12:42:46+00:00","dateModified":"2025-09-11T12:58:34+00:00","description":"ILT120PH Septi -ja makeanvedentankin tarkastusluukku -Vetus Venetarvikkeet-Veneakselisto.com-Venetarvikkeiden erikoisliike.","breadcrumb":{"@id":"https:\/\/veneakselisto.com\/kauppa\/tuote\/ilt120ph-septi-ja-makeanvedentankin-tarkastusluukku\/#breadcrumb"},"inLanguage":"fi","potentialAction":[{"@type":"ReadAction","target":["https:\/\/veneakselisto.com\/kauppa\/tuote\/ilt120ph-septi-ja-makeanvedentankin-tarkastusluukku\/"]}]},{"@type":"ImageObject","inLanguage":"fi","@id":"https:\/\/veneakselisto.com\/kauppa\/tuote\/ilt120ph-septi-ja-makeanvedentankin-tarkastusluukku\/#primaryimage","url":"https:\/\/i0.wp.com\/veneakselisto.com\/kauppa\/wp-content\/uploads\/2019\/03\/ilt120.png?fit=500%2C500&ssl=1","contentUrl":"https:\/\/i0.wp.com\/veneakselisto.com\/kauppa\/wp-content\/uploads\/2019\/03\/ilt120.png?fit=500%2C500&ssl=1","width":500,"height":500,"caption":"Vetus ILT120 tarkastusluukku-venetarvikkeiden maahantuonti ja myynti. Veneakselisto.com"},{"@type":"BreadcrumbList","@id":"https:\/\/veneakselisto.com\/kauppa\/tuote\/ilt120ph-septi-ja-makeanvedentankin-tarkastusluukku\/#breadcrumb","itemListElement":[{"@type":"ListItem","position":1,"name":"Etusivu","item":"https:\/\/veneakselisto.com\/kauppa\/"},{"@type":"ListItem","position":2,"name":"Kauppa","item":"https:\/\/veneakselisto.com\/kauppa\/"},{"@type":"ListItem","position":3,"name":"ILT120PH Septi -ja makeanvedentankin tarkastusluukku"}]},{"@type":"WebSite","@id":"https:\/\/veneakselisto.com\/kauppa\/#website","url":"https:\/\/veneakselisto.com\/kauppa\/","name":"Veneakselisto.com - verkkokauppa","description":"Venetarvikkeiden maahantuonti ja myynti","publisher":{"@id":"https:\/\/veneakselisto.com\/kauppa\/#organization"},"potentialAction":[{"@type":"SearchAction","target":{"@type":"EntryPoint","urlTemplate":"https:\/\/veneakselisto.com\/kauppa\/?s={search_term_string}"},"query-input":{"@type":"PropertyValueSpecification","valueRequired":true,"valueName":"search_term_string"}}],"inLanguage":"fi"},{"@type":"Organization","@id":"https:\/\/veneakselisto.com\/kauppa\/#organization","name":"Veneakselisto.com verkkokauppa","url":"https:\/\/veneakselisto.com\/kauppa\/","logo":{"@type":"ImageObject","inLanguage":"fi","@id":"https:\/\/veneakselisto.com\/kauppa\/#\/schema\/logo\/image\/","url":"https:\/\/i2.wp.com\/veneakselisto.com\/kauppa\/wp-content\/uploads\/2016\/06\/fb_icon.jpg?fit=327%2C327&ssl=1","contentUrl":"https:\/\/i2.wp.com\/veneakselisto.com\/kauppa\/wp-content\/uploads\/2016\/06\/fb_icon.jpg?fit=327%2C327&ssl=1","width":327,"height":327,"caption":"Veneakselisto.com verkkokauppa"},"image":{"@id":"https:\/\/veneakselisto.com\/kauppa\/#\/schema\/logo\/image\/"},"sameAs":["https:\/\/www.facebook.com\/AlaMikkula\/"]}]}},"jetpack_publicize_connections":[],"jetpack_sharing_enabled":true,"_links":{"self":[{"href":"https:\/\/veneakselisto.com\/kauppa\/wp-json\/wp\/v2\/product\/23021","targetHints":{"allow":["GET"]}}],"collection":[{"href":"https:\/\/veneakselisto.com\/kauppa\/wp-json\/wp\/v2\/product"}],"about":[{"href":"https:\/\/veneakselisto.com\/kauppa\/wp-json\/wp\/v2\/types\/product"}],"replies":[{"embeddable":true,"href":"https:\/\/veneakselisto.com\/kauppa\/wp-json\/wp\/v2\/comments?post=23021"}],"wp:featuredmedia":[{"embeddable":true,"href":"https:\/\/veneakselisto.com\/kauppa\/wp-json\/wp\/v2\/media\/5247"}],"wp:attachment":[{"href":"https:\/\/veneakselisto.com\/kauppa\/wp-json\/wp\/v2\/media?parent=23021"}],"wp:term":[{"taxonomy":"product_brand","embeddable":true,"href":"https:\/\/veneakselisto.com\/kauppa\/wp-json\/wp\/v2\/product_brand?post=23021"},{"taxonomy":"product_cat","embeddable":true,"href":"https:\/\/veneakselisto.com\/kauppa\/wp-json\/wp\/v2\/product_cat?post=23021"},{"taxonomy":"product_tag","embeddable":true,"href":"https:\/\/veneakselisto.com\/kauppa\/wp-json\/wp\/v2\/product_tag?post=23021"}],"curies":[{"name":"wp","href":"https:\/\/api.w.org\/{rel}","templated":true}]}}