{"id":21279,"date":"2025-01-28T15:31:26","date_gmt":"2025-01-28T13:31:26","guid":{"rendered":"https:\/\/veneakselisto.com\/kauppa\/?post_type=product&#038;p=21279"},"modified":"2025-03-10T11:29:18","modified_gmt":"2025-03-10T09:29:18","slug":"seastar-safe-t-qc-ohjaussarja-5-1m","status":"publish","type":"product","link":"https:\/\/veneakselisto.com\/kauppa\/tuote\/seastar-safe-t-qc-ohjaussarja-5-1m\/","title":{"rendered":"SeaStar safe-T QC ohjaussarja 5.1m"},"content":{"rendered":"<p>SeaStar safe-T QC ohjaussarja 5.1m<\/p>\n<p>-SeaStar safe-T QC ohjaussarja 5.1m ohjauskaapelilla. Rikiputkikiinnitys.<\/p>\n<p>-TELSH5094 safe-T QC ohjausrumpu<\/p>\n<p>-TELSSC6217 ohjauskaapeli<\/p>\n<p>-TELSB27484 ohjausrummun asennussarja<\/p>\n<p>Max hv 230hv V6<\/p>\n<div id=\"description\" class=\"data item content\" role=\"tabpanel\" aria-labelledby=\"tab-label-description\" data-role=\"content\" aria-hidden=\"false\">\n<div class=\"product attribute description\">\n<div class=\"value\">\n<ul>\n<li>\n<div id=\"description\" class=\"data item content\" role=\"tabpanel\" aria-labelledby=\"tab-label-description\" data-role=\"content\" aria-hidden=\"false\">\n<div class=\"product attribute description\">\n<div class=\"value\">\n<ul>\n<li>Safe-T QC (Quick Connect) on perinteinen kaapeliohjaus per\u00e4moottoreille, per\u00e4simille ja vetolaitteille.<\/li>\n<li>Ohjauskaapelin kiinnitys on helppoa ohjausvaihteessa olevan pikaliittimen ansiosta.<\/li>\n<li>Kierroksia 3.0<\/li>\n<li>Per\u00e4moottorit, vetolaitteet ja per\u00e4simet<\/li>\n<li>Nopea asentaa<\/li>\n<li>Takuu 2 vuotta<\/li>\n<\/ul>\n<\/div>\n<\/div>\n<\/div>\n<\/li>\n<\/ul>\n<\/div>\n<\/div>\n<\/div>\n<p>Safe-T QC kaapeliohjaus<br \/>\nSafe-T QC (Quick Connect) on perinteinen kaapeliohjaus per\u00e4moottoreille, per\u00e4simille ja vetolaitteille. Ohjauskaapelin kiinnitys on helppoa ohjausvaihteessa olevan pikaliittimen ansiosta.<\/p>\n<p>SeaStar Safe-T QC -ohjaussarja tarjoaa nopean ja helpon asennuksen patentoidulla, ty\u00f6kaluttomalla prosessilla. Huom: vaatii kaapelin liit\u00e4nn\u00e4n ruorissa.<\/p>\n<p>Perinteinen SeaStar mekaaninen ohjaus on suosittu valinta sis\u00e4per\u00e4moottoreille, sis\u00e4moottoreille . Se on ihanteellinen veneisiin, joissa ei vaadita No FeedBack -j\u00e4rjestelmi\u00e4. Safe-T Quick Connect Steering System ohjaussarja, lyhent\u00e4\u00e4 asennusaikaa 50 %. Lis\u00e4ksi kompakti muotoilu vaatii vain v\u00e4h\u00e4n tilaa kojelaudan takana. T\u00e4m\u00e4n turvallisen ja luotettavan ohjaussarjan ainutlaatuinen muotoilu mahdollistaa &#8220;ei ty\u00f6kaluja&#8221; -asennuksen.<\/p>\n<p>&nbsp;<\/p>\n","protected":false},"excerpt":{"rendered":"<div id=\"description\" class=\"data item content\" role=\"tabpanel\" aria-labelledby=\"tab-label-description\" data-role=\"content\" aria-hidden=\"false\">\n<div class=\"product attribute description\">\n<div class=\"value\">\n<p>SeaStar safe-T QC ohjaussarja 5.1m<\/p>\n<p>-SeaStar safe-T QC ohjaussarja 3.9m ohjauskaapelilla. Rikiputkikiinnitys.<\/p>\n<p>-TELSH5094 safe-T QC ohjausrumpu<\/p>\n<p>-TELSSC6217 ohjauskaapeli<\/p>\n<p>-TELSB27484 ohjausrummun asennussarja<\/p>\n<p>Max hv 230hv V6<\/p>\n<div id=\"description\" class=\"data item content\" role=\"tabpanel\" aria-labelledby=\"tab-label-description\" data-role=\"content\" aria-hidden=\"false\">\n<div class=\"product attribute description\">\n<div class=\"value\">\n<ul>\n<li>\n<div id=\"description\" class=\"data item content\" role=\"tabpanel\" aria-labelledby=\"tab-label-description\" data-role=\"content\" aria-hidden=\"false\">\n<div class=\"product attribute description\">\n<div class=\"value\">\n<ul>\n<li>Safe-T QC (Quick Connect) on perinteinen kaapeliohjaus per\u00e4moottoreille, per\u00e4simille ja vetolaitteille.<\/li>\n<li>Ohjauskaapelin kiinnitys on helppoa ohjausvaihteessa olevan pikaliittimen ansiosta.<\/li>\n<li>Kierroksia 3.0<\/li>\n<li>Per\u00e4moottorit, vetolaitteet ja per\u00e4simet<\/li>\n<li>Nopea asentaa<\/li>\n<li>Takuu 2 vuotta<\/li>\n<\/ul>\n<\/div>\n<\/div>\n<\/div>\n<\/li>\n<\/ul>\n<\/div>\n<\/div>\n<\/div>\n<p>Verkkokauppatuote. Toimitus 2-3pv normaalisti.<\/p>\n<\/div>\n<\/div>\n<\/div>\n","protected":false},"featured_media":21266,"comment_status":"open","ping_status":"closed","template":"","meta":{"jetpack_post_was_ever_published":false,"jetpack_publicize_message":"","jetpack_publicize_feature_enabled":true,"jetpack_social_post_already_shared":true,"jetpack_social_options":{"image_generator_settings":{"template":"highway","default_image_id":0,"font":"","enabled":false},"version":2}},"product_brand":[],"product_cat":[1352,484,1245,1353],"product_tag":[],"class_list":{"0":"post-21279","1":"product","2":"type-product","3":"status-publish","4":"has-post-thumbnail","6":"product_cat-peramoottorin_kaapeliohjaus","7":"product_cat-veneen-ohjaus-kaukosaatolaite-keulapotkuri","8":"product_cat-peramoottori_peravetolaite","9":"product_cat-peramoottorin_kaapeliohjaus-veneen-ohjaus","10":"brand-seastar","12":"first","13":"instock","14":"sale","15":"taxable","16":"shipping-taxable","17":"purchasable","18":"product-type-simple"},"yoast_head":"<!-- This site is optimized with the Yoast SEO plugin v27.3 - https:\/\/yoast.com\/product\/yoast-seo-wordpress\/ -->\n<title>SeaStar safe-T QC ohjaussarja 5.1m - Veneakselisto.com - verkkokauppa<\/title>\n<meta name=\"description\" content=\"SeaStar safe-T QC ohjaussarja 5.1m. Teleflex veneen kaapeliohjaukset toimittaa venetarvikkeiden erikoisliike-veneakselisto.com\" \/>\n<meta name=\"robots\" content=\"index, follow, max-snippet:-1, max-image-preview:large, max-video-preview:-1\" \/>\n<link rel=\"canonical\" href=\"https:\/\/veneakselisto.com\/kauppa\/tuote\/seastar-safe-t-qc-ohjaussarja-5-1m\/\" \/>\n<meta property=\"og:locale\" content=\"fi_FI\" \/>\n<meta property=\"og:type\" content=\"article\" \/>\n<meta property=\"og:title\" content=\"SeaStar safe-T QC ohjaussarja 5.1m - Veneakselisto.com - verkkokauppa\" \/>\n<meta property=\"og:description\" content=\"SeaStar safe-T QC ohjaussarja 5.1m. Teleflex veneen kaapeliohjaukset toimittaa venetarvikkeiden erikoisliike-veneakselisto.com\" \/>\n<meta property=\"og:url\" content=\"https:\/\/veneakselisto.com\/kauppa\/tuote\/seastar-safe-t-qc-ohjaussarja-5-1m\/\" \/>\n<meta property=\"og:site_name\" content=\"Veneakselisto.com - verkkokauppa\" \/>\n<meta property=\"article:publisher\" content=\"https:\/\/www.facebook.com\/AlaMikkula\/\" \/>\n<meta property=\"article:modified_time\" content=\"2025-03-10T09:29:18+00:00\" \/>\n<meta property=\"og:image\" content=\"https:\/\/veneakselisto.com\/kauppa\/wp-content\/uploads\/2025\/01\/Safe-T-QC-ohjaussarja.jpg\" \/>\n\t<meta property=\"og:image:width\" content=\"500\" \/>\n\t<meta property=\"og:image:height\" content=\"500\" \/>\n\t<meta property=\"og:image:type\" content=\"image\/jpeg\" \/>\n<meta name=\"twitter:card\" content=\"summary_large_image\" \/>\n<meta name=\"twitter:label1\" content=\"Arvioitu lukuaika\" \/>\n\t<meta name=\"twitter:data1\" content=\"2 minuuttia\" \/>\n<script type=\"application\/ld+json\" class=\"yoast-schema-graph\">{\"@context\":\"https:\\\/\\\/schema.org\",\"@graph\":[{\"@type\":\"WebPage\",\"@id\":\"https:\\\/\\\/veneakselisto.com\\\/kauppa\\\/tuote\\\/seastar-safe-t-qc-ohjaussarja-5-1m\\\/\",\"url\":\"https:\\\/\\\/veneakselisto.com\\\/kauppa\\\/tuote\\\/seastar-safe-t-qc-ohjaussarja-5-1m\\\/\",\"name\":\"SeaStar safe-T QC ohjaussarja 5.1m - Veneakselisto.com - verkkokauppa\",\"isPartOf\":{\"@id\":\"https:\\\/\\\/veneakselisto.com\\\/kauppa\\\/#website\"},\"primaryImageOfPage\":{\"@id\":\"https:\\\/\\\/veneakselisto.com\\\/kauppa\\\/tuote\\\/seastar-safe-t-qc-ohjaussarja-5-1m\\\/#primaryimage\"},\"image\":{\"@id\":\"https:\\\/\\\/veneakselisto.com\\\/kauppa\\\/tuote\\\/seastar-safe-t-qc-ohjaussarja-5-1m\\\/#primaryimage\"},\"thumbnailUrl\":\"https:\\\/\\\/i0.wp.com\\\/veneakselisto.com\\\/kauppa\\\/wp-content\\\/uploads\\\/2025\\\/01\\\/Safe-T-QC-ohjaussarja.jpg?fit=500%2C500&ssl=1\",\"datePublished\":\"2025-01-28T13:31:26+00:00\",\"dateModified\":\"2025-03-10T09:29:18+00:00\",\"description\":\"SeaStar safe-T QC ohjaussarja 5.1m. Teleflex veneen kaapeliohjaukset toimittaa venetarvikkeiden erikoisliike-veneakselisto.com\",\"breadcrumb\":{\"@id\":\"https:\\\/\\\/veneakselisto.com\\\/kauppa\\\/tuote\\\/seastar-safe-t-qc-ohjaussarja-5-1m\\\/#breadcrumb\"},\"inLanguage\":\"fi\",\"potentialAction\":[{\"@type\":\"ReadAction\",\"target\":[\"https:\\\/\\\/veneakselisto.com\\\/kauppa\\\/tuote\\\/seastar-safe-t-qc-ohjaussarja-5-1m\\\/\"]}]},{\"@type\":\"ImageObject\",\"inLanguage\":\"fi\",\"@id\":\"https:\\\/\\\/veneakselisto.com\\\/kauppa\\\/tuote\\\/seastar-safe-t-qc-ohjaussarja-5-1m\\\/#primaryimage\",\"url\":\"https:\\\/\\\/i0.wp.com\\\/veneakselisto.com\\\/kauppa\\\/wp-content\\\/uploads\\\/2025\\\/01\\\/Safe-T-QC-ohjaussarja.jpg?fit=500%2C500&ssl=1\",\"contentUrl\":\"https:\\\/\\\/i0.wp.com\\\/veneakselisto.com\\\/kauppa\\\/wp-content\\\/uploads\\\/2025\\\/01\\\/Safe-T-QC-ohjaussarja.jpg?fit=500%2C500&ssl=1\",\"width\":500,\"height\":500,\"caption\":\"Safe-T-QC-ohjaussarja-Helppo ja edullinen-Seastar-veneakselisto.com\"},{\"@type\":\"BreadcrumbList\",\"@id\":\"https:\\\/\\\/veneakselisto.com\\\/kauppa\\\/tuote\\\/seastar-safe-t-qc-ohjaussarja-5-1m\\\/#breadcrumb\",\"itemListElement\":[{\"@type\":\"ListItem\",\"position\":1,\"name\":\"Etusivu\",\"item\":\"https:\\\/\\\/veneakselisto.com\\\/kauppa\\\/\"},{\"@type\":\"ListItem\",\"position\":2,\"name\":\"Kauppa\",\"item\":\"https:\\\/\\\/veneakselisto.com\\\/kauppa\\\/\"},{\"@type\":\"ListItem\",\"position\":3,\"name\":\"SeaStar safe-T QC ohjaussarja 5.1m\"}]},{\"@type\":\"WebSite\",\"@id\":\"https:\\\/\\\/veneakselisto.com\\\/kauppa\\\/#website\",\"url\":\"https:\\\/\\\/veneakselisto.com\\\/kauppa\\\/\",\"name\":\"Veneakselisto.com - verkkokauppa\",\"description\":\"Venetarvikkeiden maahantuonti ja myynti\",\"publisher\":{\"@id\":\"https:\\\/\\\/veneakselisto.com\\\/kauppa\\\/#organization\"},\"potentialAction\":[{\"@type\":\"SearchAction\",\"target\":{\"@type\":\"EntryPoint\",\"urlTemplate\":\"https:\\\/\\\/veneakselisto.com\\\/kauppa\\\/?s={search_term_string}\"},\"query-input\":{\"@type\":\"PropertyValueSpecification\",\"valueRequired\":true,\"valueName\":\"search_term_string\"}}],\"inLanguage\":\"fi\"},{\"@type\":\"Organization\",\"@id\":\"https:\\\/\\\/veneakselisto.com\\\/kauppa\\\/#organization\",\"name\":\"Veneakselisto.com verkkokauppa\",\"url\":\"https:\\\/\\\/veneakselisto.com\\\/kauppa\\\/\",\"logo\":{\"@type\":\"ImageObject\",\"inLanguage\":\"fi\",\"@id\":\"https:\\\/\\\/veneakselisto.com\\\/kauppa\\\/#\\\/schema\\\/logo\\\/image\\\/\",\"url\":\"https:\\\/\\\/i2.wp.com\\\/veneakselisto.com\\\/kauppa\\\/wp-content\\\/uploads\\\/2016\\\/06\\\/fb_icon.jpg?fit=327%2C327&ssl=1\",\"contentUrl\":\"https:\\\/\\\/i2.wp.com\\\/veneakselisto.com\\\/kauppa\\\/wp-content\\\/uploads\\\/2016\\\/06\\\/fb_icon.jpg?fit=327%2C327&ssl=1\",\"width\":327,\"height\":327,\"caption\":\"Veneakselisto.com verkkokauppa\"},\"image\":{\"@id\":\"https:\\\/\\\/veneakselisto.com\\\/kauppa\\\/#\\\/schema\\\/logo\\\/image\\\/\"},\"sameAs\":[\"https:\\\/\\\/www.facebook.com\\\/AlaMikkula\\\/\"]}]}<\/script>\n<!-- \/ Yoast SEO plugin. -->","yoast_head_json":{"title":"SeaStar safe-T QC ohjaussarja 5.1m - Veneakselisto.com - verkkokauppa","description":"SeaStar safe-T QC ohjaussarja 5.1m. Teleflex veneen kaapeliohjaukset toimittaa venetarvikkeiden erikoisliike-veneakselisto.com","robots":{"index":"index","follow":"follow","max-snippet":"max-snippet:-1","max-image-preview":"max-image-preview:large","max-video-preview":"max-video-preview:-1"},"canonical":"https:\/\/veneakselisto.com\/kauppa\/tuote\/seastar-safe-t-qc-ohjaussarja-5-1m\/","og_locale":"fi_FI","og_type":"article","og_title":"SeaStar safe-T QC ohjaussarja 5.1m - Veneakselisto.com - verkkokauppa","og_description":"SeaStar safe-T QC ohjaussarja 5.1m. Teleflex veneen kaapeliohjaukset toimittaa venetarvikkeiden erikoisliike-veneakselisto.com","og_url":"https:\/\/veneakselisto.com\/kauppa\/tuote\/seastar-safe-t-qc-ohjaussarja-5-1m\/","og_site_name":"Veneakselisto.com - verkkokauppa","article_publisher":"https:\/\/www.facebook.com\/AlaMikkula\/","article_modified_time":"2025-03-10T09:29:18+00:00","og_image":[{"width":500,"height":500,"url":"https:\/\/veneakselisto.com\/kauppa\/wp-content\/uploads\/2025\/01\/Safe-T-QC-ohjaussarja.jpg","type":"image\/jpeg"}],"twitter_card":"summary_large_image","twitter_misc":{"Arvioitu lukuaika":"2 minuuttia"},"schema":{"@context":"https:\/\/schema.org","@graph":[{"@type":"WebPage","@id":"https:\/\/veneakselisto.com\/kauppa\/tuote\/seastar-safe-t-qc-ohjaussarja-5-1m\/","url":"https:\/\/veneakselisto.com\/kauppa\/tuote\/seastar-safe-t-qc-ohjaussarja-5-1m\/","name":"SeaStar safe-T QC ohjaussarja 5.1m - Veneakselisto.com - verkkokauppa","isPartOf":{"@id":"https:\/\/veneakselisto.com\/kauppa\/#website"},"primaryImageOfPage":{"@id":"https:\/\/veneakselisto.com\/kauppa\/tuote\/seastar-safe-t-qc-ohjaussarja-5-1m\/#primaryimage"},"image":{"@id":"https:\/\/veneakselisto.com\/kauppa\/tuote\/seastar-safe-t-qc-ohjaussarja-5-1m\/#primaryimage"},"thumbnailUrl":"https:\/\/i0.wp.com\/veneakselisto.com\/kauppa\/wp-content\/uploads\/2025\/01\/Safe-T-QC-ohjaussarja.jpg?fit=500%2C500&ssl=1","datePublished":"2025-01-28T13:31:26+00:00","dateModified":"2025-03-10T09:29:18+00:00","description":"SeaStar safe-T QC ohjaussarja 5.1m. Teleflex veneen kaapeliohjaukset toimittaa venetarvikkeiden erikoisliike-veneakselisto.com","breadcrumb":{"@id":"https:\/\/veneakselisto.com\/kauppa\/tuote\/seastar-safe-t-qc-ohjaussarja-5-1m\/#breadcrumb"},"inLanguage":"fi","potentialAction":[{"@type":"ReadAction","target":["https:\/\/veneakselisto.com\/kauppa\/tuote\/seastar-safe-t-qc-ohjaussarja-5-1m\/"]}]},{"@type":"ImageObject","inLanguage":"fi","@id":"https:\/\/veneakselisto.com\/kauppa\/tuote\/seastar-safe-t-qc-ohjaussarja-5-1m\/#primaryimage","url":"https:\/\/i0.wp.com\/veneakselisto.com\/kauppa\/wp-content\/uploads\/2025\/01\/Safe-T-QC-ohjaussarja.jpg?fit=500%2C500&ssl=1","contentUrl":"https:\/\/i0.wp.com\/veneakselisto.com\/kauppa\/wp-content\/uploads\/2025\/01\/Safe-T-QC-ohjaussarja.jpg?fit=500%2C500&ssl=1","width":500,"height":500,"caption":"Safe-T-QC-ohjaussarja-Helppo ja edullinen-Seastar-veneakselisto.com"},{"@type":"BreadcrumbList","@id":"https:\/\/veneakselisto.com\/kauppa\/tuote\/seastar-safe-t-qc-ohjaussarja-5-1m\/#breadcrumb","itemListElement":[{"@type":"ListItem","position":1,"name":"Etusivu","item":"https:\/\/veneakselisto.com\/kauppa\/"},{"@type":"ListItem","position":2,"name":"Kauppa","item":"https:\/\/veneakselisto.com\/kauppa\/"},{"@type":"ListItem","position":3,"name":"SeaStar safe-T QC ohjaussarja 5.1m"}]},{"@type":"WebSite","@id":"https:\/\/veneakselisto.com\/kauppa\/#website","url":"https:\/\/veneakselisto.com\/kauppa\/","name":"Veneakselisto.com - verkkokauppa","description":"Venetarvikkeiden maahantuonti ja myynti","publisher":{"@id":"https:\/\/veneakselisto.com\/kauppa\/#organization"},"potentialAction":[{"@type":"SearchAction","target":{"@type":"EntryPoint","urlTemplate":"https:\/\/veneakselisto.com\/kauppa\/?s={search_term_string}"},"query-input":{"@type":"PropertyValueSpecification","valueRequired":true,"valueName":"search_term_string"}}],"inLanguage":"fi"},{"@type":"Organization","@id":"https:\/\/veneakselisto.com\/kauppa\/#organization","name":"Veneakselisto.com verkkokauppa","url":"https:\/\/veneakselisto.com\/kauppa\/","logo":{"@type":"ImageObject","inLanguage":"fi","@id":"https:\/\/veneakselisto.com\/kauppa\/#\/schema\/logo\/image\/","url":"https:\/\/i2.wp.com\/veneakselisto.com\/kauppa\/wp-content\/uploads\/2016\/06\/fb_icon.jpg?fit=327%2C327&ssl=1","contentUrl":"https:\/\/i2.wp.com\/veneakselisto.com\/kauppa\/wp-content\/uploads\/2016\/06\/fb_icon.jpg?fit=327%2C327&ssl=1","width":327,"height":327,"caption":"Veneakselisto.com verkkokauppa"},"image":{"@id":"https:\/\/veneakselisto.com\/kauppa\/#\/schema\/logo\/image\/"},"sameAs":["https:\/\/www.facebook.com\/AlaMikkula\/"]}]}},"jetpack_publicize_connections":[],"jetpack_sharing_enabled":true,"_links":{"self":[{"href":"https:\/\/veneakselisto.com\/kauppa\/wp-json\/wp\/v2\/product\/21279","targetHints":{"allow":["GET"]}}],"collection":[{"href":"https:\/\/veneakselisto.com\/kauppa\/wp-json\/wp\/v2\/product"}],"about":[{"href":"https:\/\/veneakselisto.com\/kauppa\/wp-json\/wp\/v2\/types\/product"}],"replies":[{"embeddable":true,"href":"https:\/\/veneakselisto.com\/kauppa\/wp-json\/wp\/v2\/comments?post=21279"}],"wp:featuredmedia":[{"embeddable":true,"href":"https:\/\/veneakselisto.com\/kauppa\/wp-json\/wp\/v2\/media\/21266"}],"wp:attachment":[{"href":"https:\/\/veneakselisto.com\/kauppa\/wp-json\/wp\/v2\/media?parent=21279"}],"wp:term":[{"taxonomy":"product_brand","embeddable":true,"href":"https:\/\/veneakselisto.com\/kauppa\/wp-json\/wp\/v2\/product_brand?post=21279"},{"taxonomy":"product_cat","embeddable":true,"href":"https:\/\/veneakselisto.com\/kauppa\/wp-json\/wp\/v2\/product_cat?post=21279"},{"taxonomy":"product_tag","embeddable":true,"href":"https:\/\/veneakselisto.com\/kauppa\/wp-json\/wp\/v2\/product_tag?post=21279"}],"curies":[{"name":"wp","href":"https:\/\/api.w.org\/{rel}","templated":true}]}}