{"id":21069,"date":"2025-01-17T08:47:53","date_gmt":"2025-01-17T06:47:53","guid":{"rendered":"https:\/\/veneakselisto.com\/kauppa\/?post_type=product&#038;p=21069"},"modified":"2026-04-08T01:52:24","modified_gmt":"2026-04-07T22:52:24","slug":"bennett-slt10-10x10-automaattiset-trimmilevyt","status":"publish","type":"product","link":"https:\/\/veneakselisto.com\/kauppa\/tuote\/bennett-slt10-10x10-automaattiset-trimmilevyt\/","title":{"rendered":"Bennett SLT10 10&#215;10&#8243; automaattiset trimmilevyt"},"content":{"rendered":"<h4 class=\"title-main title-product\">Bennett SLT10 10&#215;10&#8243; automaattiset trimmilevyt<\/h4>\n<div id=\"description\" class=\"data item content\" role=\"tabpanel\" aria-labelledby=\"tab-label-description\" data-role=\"content\" aria-hidden=\"false\">\n<div class=\"product attribute description\">\n<div class=\"value\">\n<p>Bennet automaattiset trimmilevyt edullisesti my\u00f6s pieniin veneisiin. Bennett SLT10 trimmilevyt ovat nopeasti ja helposti asennettavat. Bennett automaattiset trimmilevyt ovat edullisen ja toimivan ratkaisun 4.3-5.5m\u00a0 (14-18 jalkaisiin) veneisiin.<\/p>\n<p>Levynkoko 10&#215;10&#8243; (254x254mm)<\/p>\n<p>Bennett SLT10 trimmitasot ovat automaattisesti toimivat eik\u00e4 niit\u00e4 tarvitse s\u00e4\u00e4t\u00e4\u00e4 tai liitt\u00e4\u00e4 veneen s\u00e4hk\u00f6j\u00e4rjestelm\u00e4\u00e4n. Bennett SLT10 ovat jousi avusteiset automaattiset trimmilevyt ja pienent\u00e4v\u00e4t veneen liukuunl\u00e4ht\u00f6 kynnyst\u00e4 ja Bennett SLT10 automattiset trimmilevyt tekev\u00e4t veneest\u00e4si my\u00f6s vakaamman kaikissa vauhdeissa.<\/p>\n<p>Bennett SLT10 automaattiset trimmitasot on valmistettu ruostumattomasta ter\u00e4ksest\u00e4.<\/p>\n<p>Eli, <span style=\"color: #ff0000;\">Bennett trimmilevyt parantavat suorituskyky\u00e4 ja tehokkuutta sek\u00e4 lis\u00e4\u00e4v\u00e4t turvallisuutta.<\/span><\/p>\n<p>Vuonna 1960 Charles Bennett keksi ensimm\u00e4isen s\u00e4\u00e4dett\u00e4v\u00e4n trimmitaskuj\u00e4rjestelm\u00e4n. Siit\u00e4 l\u00e4htien olemme jatkaneet eteenp\u00e4in viemist\u00e4 ja ottaneet k\u00e4ytt\u00f6\u00f6n lukemattomia alaa muuttavia innovaatioita parantaaksemme veneilykokemusta. Olemme ty\u00f6skennelleet maailman parhaiden veneenrakentajien ja harrastajien kanssa luodaksemme joukon poikkeuksellisia tuotteita, ja tuemme niit\u00e4 alan parhaimmalla takuulla. Bennett Marine on my\u00f6s ainoa valmistaja, joka tarjoaa sek\u00e4 s\u00e4hk\u00f6isi\u00e4 ett\u00e4 hydraulisia trimmitaskuj\u00e4rjestelmi\u00e4.<\/p>\n<p>Bennett Marinella trimmilevyt eiv\u00e4t ole sivutuote, vaan yrityksen ainoa tuote. T\u00e4m\u00e4n erikoistumisen ja yli 40 vuoden kokemuksen tuloksena voit nauttia enemm\u00e4n veneilyst\u00e4.<br \/>\nBennett trimmilevyt parantavat suorituskyky\u00e4 ja tehokkuutta sek\u00e4 lis\u00e4\u00e4v\u00e4t turvallisuutta.<\/p>\n<p>Bennett SLT10 10&#215;10&#8243; automaattiset trimmilevyt<\/p>\n<\/div>\n<\/div>\n<\/div>\n","protected":false},"excerpt":{"rendered":"<h4 class=\"title-main title-product\">Bennett SLT10 10&#215;10&#8243; automaattiset trimmilevyt<\/h4>\n<div id=\"description\" class=\"data item content\" role=\"tabpanel\" aria-labelledby=\"tab-label-description\" data-role=\"content\" aria-hidden=\"false\">\n<div class=\"product attribute description\">\n<div class=\"value\">\n<p>Bennet automaattiset trimmilevyt edullisesti my\u00f6s pieniin veneisiin. Bennett SLT10 trimmilevyt ovat nopeasti ja helposti asennettavat. Bennett automaattiset trimmilevyt ovat edullisen ja toimivan ratkaisun 4.3-5.5m\u00a0 (14-18 jalkaisiin) veneisiin.<\/p>\n<\/div>\n<\/div>\n<\/div>\n<p>&nbsp;<\/p>\n<p>Verkkokauppatuote. Toimitus 1-3pv normaalisti<\/p>\n","protected":false},"featured_media":21071,"comment_status":"open","ping_status":"closed","template":"","meta":{"jetpack_post_was_ever_published":false,"jetpack_publicize_message":"","jetpack_publicize_feature_enabled":true,"jetpack_social_post_already_shared":true,"jetpack_social_options":{"image_generator_settings":{"template":"highway","default_image_id":0,"font":"","enabled":false},"version":2}},"product_brand":[],"product_cat":[1339,485,1245,1338],"product_tag":[1342,1341],"class_list":{"0":"post-21069","1":"product","2":"type-product","3":"status-publish","4":"has-post-thumbnail","6":"product_cat-veneen_trimmitaso_sarjat_bennett_trimmitaso_dometic","7":"product_cat-veneen-ohjaus-hallinta","8":"product_cat-peramoottori_peravetolaite","9":"product_cat-veneen_trimmilevy_sarja_bennett_trimmitaso","10":"product_tag-trimmilevy","11":"product_tag-trimmitaso","12":"brand-bennett","14":"first","15":"onbackorder","16":"taxable","17":"shipping-taxable","18":"purchasable","19":"product-type-simple"},"yoast_head":"<!-- This site is optimized with the Yoast SEO plugin v27.3 - https:\/\/yoast.com\/product\/yoast-seo-wordpress\/ -->\n<title>Bennett SLT10 10x10&quot; automaattiset trimmilevyt - Veneakselisto.com - verkkokauppa<\/title>\n<meta name=\"description\" content=\"Bennett SLT10 10x10&quot; automaattiset trimmilevyt. Bennett trimmitasot toimittaa veneakselisto.com. Venetarvikkeiden maahantuonti ja myynti.\" \/>\n<meta name=\"robots\" content=\"index, follow, max-snippet:-1, max-image-preview:large, max-video-preview:-1\" \/>\n<link rel=\"canonical\" href=\"https:\/\/veneakselisto.com\/kauppa\/tuote\/bennett-slt10-10x10-automaattiset-trimmilevyt\/\" \/>\n<meta property=\"og:locale\" content=\"fi_FI\" \/>\n<meta property=\"og:type\" content=\"article\" \/>\n<meta property=\"og:title\" content=\"Bennett SLT10 10x10&quot; automaattiset trimmilevyt - Veneakselisto.com - verkkokauppa\" \/>\n<meta property=\"og:description\" content=\"Bennett SLT10 10x10&quot; automaattiset trimmilevyt. Bennett trimmitasot toimittaa veneakselisto.com. Venetarvikkeiden maahantuonti ja myynti.\" \/>\n<meta property=\"og:url\" content=\"https:\/\/veneakselisto.com\/kauppa\/tuote\/bennett-slt10-10x10-automaattiset-trimmilevyt\/\" \/>\n<meta property=\"og:site_name\" content=\"Veneakselisto.com - verkkokauppa\" \/>\n<meta property=\"article:publisher\" content=\"https:\/\/www.facebook.com\/AlaMikkula\/\" \/>\n<meta property=\"article:modified_time\" content=\"2026-04-07T22:52:24+00:00\" \/>\n<meta property=\"og:image\" content=\"https:\/\/veneakselisto.com\/kauppa\/wp-content\/uploads\/2025\/01\/SLT10-Bennett-trimmitaso.jpg\" \/>\n\t<meta property=\"og:image:width\" content=\"500\" \/>\n\t<meta property=\"og:image:height\" content=\"500\" \/>\n\t<meta property=\"og:image:type\" content=\"image\/jpeg\" \/>\n<meta name=\"twitter:card\" content=\"summary_large_image\" \/>\n<meta name=\"twitter:label1\" content=\"Arvioitu lukuaika\" \/>\n\t<meta name=\"twitter:data1\" content=\"2 minuuttia\" \/>\n<script type=\"application\/ld+json\" class=\"yoast-schema-graph\">{\"@context\":\"https:\\\/\\\/schema.org\",\"@graph\":[{\"@type\":\"WebPage\",\"@id\":\"https:\\\/\\\/veneakselisto.com\\\/kauppa\\\/tuote\\\/bennett-slt10-10x10-automaattiset-trimmilevyt\\\/\",\"url\":\"https:\\\/\\\/veneakselisto.com\\\/kauppa\\\/tuote\\\/bennett-slt10-10x10-automaattiset-trimmilevyt\\\/\",\"name\":\"Bennett SLT10 10x10\\\" automaattiset trimmilevyt - Veneakselisto.com - verkkokauppa\",\"isPartOf\":{\"@id\":\"https:\\\/\\\/veneakselisto.com\\\/kauppa\\\/#website\"},\"primaryImageOfPage\":{\"@id\":\"https:\\\/\\\/veneakselisto.com\\\/kauppa\\\/tuote\\\/bennett-slt10-10x10-automaattiset-trimmilevyt\\\/#primaryimage\"},\"image\":{\"@id\":\"https:\\\/\\\/veneakselisto.com\\\/kauppa\\\/tuote\\\/bennett-slt10-10x10-automaattiset-trimmilevyt\\\/#primaryimage\"},\"thumbnailUrl\":\"https:\\\/\\\/i0.wp.com\\\/veneakselisto.com\\\/kauppa\\\/wp-content\\\/uploads\\\/2025\\\/01\\\/SLT10-Bennett-trimmitaso.jpg?fit=500%2C500&ssl=1\",\"datePublished\":\"2025-01-17T06:47:53+00:00\",\"dateModified\":\"2026-04-07T22:52:24+00:00\",\"description\":\"Bennett SLT10 10x10\\\" automaattiset trimmilevyt. Bennett trimmitasot toimittaa veneakselisto.com. Venetarvikkeiden maahantuonti ja myynti.\",\"breadcrumb\":{\"@id\":\"https:\\\/\\\/veneakselisto.com\\\/kauppa\\\/tuote\\\/bennett-slt10-10x10-automaattiset-trimmilevyt\\\/#breadcrumb\"},\"inLanguage\":\"fi\",\"potentialAction\":[{\"@type\":\"ReadAction\",\"target\":[\"https:\\\/\\\/veneakselisto.com\\\/kauppa\\\/tuote\\\/bennett-slt10-10x10-automaattiset-trimmilevyt\\\/\"]}]},{\"@type\":\"ImageObject\",\"inLanguage\":\"fi\",\"@id\":\"https:\\\/\\\/veneakselisto.com\\\/kauppa\\\/tuote\\\/bennett-slt10-10x10-automaattiset-trimmilevyt\\\/#primaryimage\",\"url\":\"https:\\\/\\\/i0.wp.com\\\/veneakselisto.com\\\/kauppa\\\/wp-content\\\/uploads\\\/2025\\\/01\\\/SLT10-Bennett-trimmitaso.jpg?fit=500%2C500&ssl=1\",\"contentUrl\":\"https:\\\/\\\/i0.wp.com\\\/veneakselisto.com\\\/kauppa\\\/wp-content\\\/uploads\\\/2025\\\/01\\\/SLT10-Bennett-trimmitaso.jpg?fit=500%2C500&ssl=1\",\"width\":500,\"height\":500,\"caption\":\"SLT10 Bennett automaatti-trimmitaso-Veneakselisto.com\"},{\"@type\":\"BreadcrumbList\",\"@id\":\"https:\\\/\\\/veneakselisto.com\\\/kauppa\\\/tuote\\\/bennett-slt10-10x10-automaattiset-trimmilevyt\\\/#breadcrumb\",\"itemListElement\":[{\"@type\":\"ListItem\",\"position\":1,\"name\":\"Etusivu\",\"item\":\"https:\\\/\\\/veneakselisto.com\\\/kauppa\\\/\"},{\"@type\":\"ListItem\",\"position\":2,\"name\":\"Kauppa\",\"item\":\"https:\\\/\\\/veneakselisto.com\\\/kauppa\\\/\"},{\"@type\":\"ListItem\",\"position\":3,\"name\":\"Bennett SLT10 10&#215;10&#8243; automaattiset trimmilevyt\"}]},{\"@type\":\"WebSite\",\"@id\":\"https:\\\/\\\/veneakselisto.com\\\/kauppa\\\/#website\",\"url\":\"https:\\\/\\\/veneakselisto.com\\\/kauppa\\\/\",\"name\":\"Veneakselisto.com - verkkokauppa\",\"description\":\"Venetarvikkeiden maahantuonti ja myynti\",\"publisher\":{\"@id\":\"https:\\\/\\\/veneakselisto.com\\\/kauppa\\\/#organization\"},\"potentialAction\":[{\"@type\":\"SearchAction\",\"target\":{\"@type\":\"EntryPoint\",\"urlTemplate\":\"https:\\\/\\\/veneakselisto.com\\\/kauppa\\\/?s={search_term_string}\"},\"query-input\":{\"@type\":\"PropertyValueSpecification\",\"valueRequired\":true,\"valueName\":\"search_term_string\"}}],\"inLanguage\":\"fi\"},{\"@type\":\"Organization\",\"@id\":\"https:\\\/\\\/veneakselisto.com\\\/kauppa\\\/#organization\",\"name\":\"Veneakselisto.com verkkokauppa\",\"url\":\"https:\\\/\\\/veneakselisto.com\\\/kauppa\\\/\",\"logo\":{\"@type\":\"ImageObject\",\"inLanguage\":\"fi\",\"@id\":\"https:\\\/\\\/veneakselisto.com\\\/kauppa\\\/#\\\/schema\\\/logo\\\/image\\\/\",\"url\":\"https:\\\/\\\/i2.wp.com\\\/veneakselisto.com\\\/kauppa\\\/wp-content\\\/uploads\\\/2016\\\/06\\\/fb_icon.jpg?fit=327%2C327&ssl=1\",\"contentUrl\":\"https:\\\/\\\/i2.wp.com\\\/veneakselisto.com\\\/kauppa\\\/wp-content\\\/uploads\\\/2016\\\/06\\\/fb_icon.jpg?fit=327%2C327&ssl=1\",\"width\":327,\"height\":327,\"caption\":\"Veneakselisto.com verkkokauppa\"},\"image\":{\"@id\":\"https:\\\/\\\/veneakselisto.com\\\/kauppa\\\/#\\\/schema\\\/logo\\\/image\\\/\"},\"sameAs\":[\"https:\\\/\\\/www.facebook.com\\\/AlaMikkula\\\/\"]}]}<\/script>\n<!-- \/ Yoast SEO plugin. -->","yoast_head_json":{"title":"Bennett SLT10 10x10\" automaattiset trimmilevyt - Veneakselisto.com - verkkokauppa","description":"Bennett SLT10 10x10\" automaattiset trimmilevyt. Bennett trimmitasot toimittaa veneakselisto.com. Venetarvikkeiden maahantuonti ja myynti.","robots":{"index":"index","follow":"follow","max-snippet":"max-snippet:-1","max-image-preview":"max-image-preview:large","max-video-preview":"max-video-preview:-1"},"canonical":"https:\/\/veneakselisto.com\/kauppa\/tuote\/bennett-slt10-10x10-automaattiset-trimmilevyt\/","og_locale":"fi_FI","og_type":"article","og_title":"Bennett SLT10 10x10\" automaattiset trimmilevyt - Veneakselisto.com - verkkokauppa","og_description":"Bennett SLT10 10x10\" automaattiset trimmilevyt. Bennett trimmitasot toimittaa veneakselisto.com. Venetarvikkeiden maahantuonti ja myynti.","og_url":"https:\/\/veneakselisto.com\/kauppa\/tuote\/bennett-slt10-10x10-automaattiset-trimmilevyt\/","og_site_name":"Veneakselisto.com - verkkokauppa","article_publisher":"https:\/\/www.facebook.com\/AlaMikkula\/","article_modified_time":"2026-04-07T22:52:24+00:00","og_image":[{"width":500,"height":500,"url":"https:\/\/veneakselisto.com\/kauppa\/wp-content\/uploads\/2025\/01\/SLT10-Bennett-trimmitaso.jpg","type":"image\/jpeg"}],"twitter_card":"summary_large_image","twitter_misc":{"Arvioitu lukuaika":"2 minuuttia"},"schema":{"@context":"https:\/\/schema.org","@graph":[{"@type":"WebPage","@id":"https:\/\/veneakselisto.com\/kauppa\/tuote\/bennett-slt10-10x10-automaattiset-trimmilevyt\/","url":"https:\/\/veneakselisto.com\/kauppa\/tuote\/bennett-slt10-10x10-automaattiset-trimmilevyt\/","name":"Bennett SLT10 10x10\" automaattiset trimmilevyt - Veneakselisto.com - verkkokauppa","isPartOf":{"@id":"https:\/\/veneakselisto.com\/kauppa\/#website"},"primaryImageOfPage":{"@id":"https:\/\/veneakselisto.com\/kauppa\/tuote\/bennett-slt10-10x10-automaattiset-trimmilevyt\/#primaryimage"},"image":{"@id":"https:\/\/veneakselisto.com\/kauppa\/tuote\/bennett-slt10-10x10-automaattiset-trimmilevyt\/#primaryimage"},"thumbnailUrl":"https:\/\/i0.wp.com\/veneakselisto.com\/kauppa\/wp-content\/uploads\/2025\/01\/SLT10-Bennett-trimmitaso.jpg?fit=500%2C500&ssl=1","datePublished":"2025-01-17T06:47:53+00:00","dateModified":"2026-04-07T22:52:24+00:00","description":"Bennett SLT10 10x10\" automaattiset trimmilevyt. Bennett trimmitasot toimittaa veneakselisto.com. Venetarvikkeiden maahantuonti ja myynti.","breadcrumb":{"@id":"https:\/\/veneakselisto.com\/kauppa\/tuote\/bennett-slt10-10x10-automaattiset-trimmilevyt\/#breadcrumb"},"inLanguage":"fi","potentialAction":[{"@type":"ReadAction","target":["https:\/\/veneakselisto.com\/kauppa\/tuote\/bennett-slt10-10x10-automaattiset-trimmilevyt\/"]}]},{"@type":"ImageObject","inLanguage":"fi","@id":"https:\/\/veneakselisto.com\/kauppa\/tuote\/bennett-slt10-10x10-automaattiset-trimmilevyt\/#primaryimage","url":"https:\/\/i0.wp.com\/veneakselisto.com\/kauppa\/wp-content\/uploads\/2025\/01\/SLT10-Bennett-trimmitaso.jpg?fit=500%2C500&ssl=1","contentUrl":"https:\/\/i0.wp.com\/veneakselisto.com\/kauppa\/wp-content\/uploads\/2025\/01\/SLT10-Bennett-trimmitaso.jpg?fit=500%2C500&ssl=1","width":500,"height":500,"caption":"SLT10 Bennett automaatti-trimmitaso-Veneakselisto.com"},{"@type":"BreadcrumbList","@id":"https:\/\/veneakselisto.com\/kauppa\/tuote\/bennett-slt10-10x10-automaattiset-trimmilevyt\/#breadcrumb","itemListElement":[{"@type":"ListItem","position":1,"name":"Etusivu","item":"https:\/\/veneakselisto.com\/kauppa\/"},{"@type":"ListItem","position":2,"name":"Kauppa","item":"https:\/\/veneakselisto.com\/kauppa\/"},{"@type":"ListItem","position":3,"name":"Bennett SLT10 10&#215;10&#8243; automaattiset trimmilevyt"}]},{"@type":"WebSite","@id":"https:\/\/veneakselisto.com\/kauppa\/#website","url":"https:\/\/veneakselisto.com\/kauppa\/","name":"Veneakselisto.com - verkkokauppa","description":"Venetarvikkeiden maahantuonti ja myynti","publisher":{"@id":"https:\/\/veneakselisto.com\/kauppa\/#organization"},"potentialAction":[{"@type":"SearchAction","target":{"@type":"EntryPoint","urlTemplate":"https:\/\/veneakselisto.com\/kauppa\/?s={search_term_string}"},"query-input":{"@type":"PropertyValueSpecification","valueRequired":true,"valueName":"search_term_string"}}],"inLanguage":"fi"},{"@type":"Organization","@id":"https:\/\/veneakselisto.com\/kauppa\/#organization","name":"Veneakselisto.com verkkokauppa","url":"https:\/\/veneakselisto.com\/kauppa\/","logo":{"@type":"ImageObject","inLanguage":"fi","@id":"https:\/\/veneakselisto.com\/kauppa\/#\/schema\/logo\/image\/","url":"https:\/\/i2.wp.com\/veneakselisto.com\/kauppa\/wp-content\/uploads\/2016\/06\/fb_icon.jpg?fit=327%2C327&ssl=1","contentUrl":"https:\/\/i2.wp.com\/veneakselisto.com\/kauppa\/wp-content\/uploads\/2016\/06\/fb_icon.jpg?fit=327%2C327&ssl=1","width":327,"height":327,"caption":"Veneakselisto.com verkkokauppa"},"image":{"@id":"https:\/\/veneakselisto.com\/kauppa\/#\/schema\/logo\/image\/"},"sameAs":["https:\/\/www.facebook.com\/AlaMikkula\/"]}]}},"jetpack_publicize_connections":[],"jetpack_sharing_enabled":true,"_links":{"self":[{"href":"https:\/\/veneakselisto.com\/kauppa\/wp-json\/wp\/v2\/product\/21069","targetHints":{"allow":["GET"]}}],"collection":[{"href":"https:\/\/veneakselisto.com\/kauppa\/wp-json\/wp\/v2\/product"}],"about":[{"href":"https:\/\/veneakselisto.com\/kauppa\/wp-json\/wp\/v2\/types\/product"}],"replies":[{"embeddable":true,"href":"https:\/\/veneakselisto.com\/kauppa\/wp-json\/wp\/v2\/comments?post=21069"}],"wp:featuredmedia":[{"embeddable":true,"href":"https:\/\/veneakselisto.com\/kauppa\/wp-json\/wp\/v2\/media\/21071"}],"wp:attachment":[{"href":"https:\/\/veneakselisto.com\/kauppa\/wp-json\/wp\/v2\/media?parent=21069"}],"wp:term":[{"taxonomy":"product_brand","embeddable":true,"href":"https:\/\/veneakselisto.com\/kauppa\/wp-json\/wp\/v2\/product_brand?post=21069"},{"taxonomy":"product_cat","embeddable":true,"href":"https:\/\/veneakselisto.com\/kauppa\/wp-json\/wp\/v2\/product_cat?post=21069"},{"taxonomy":"product_tag","embeddable":true,"href":"https:\/\/veneakselisto.com\/kauppa\/wp-json\/wp\/v2\/product_tag?post=21069"}],"curies":[{"name":"wp","href":"https:\/\/api.w.org\/{rel}","templated":true}]}}