{"id":19262,"date":"2024-04-04T15:28:01","date_gmt":"2024-04-04T12:28:01","guid":{"rendered":"https:\/\/veneakselisto.com\/kauppa\/?post_type=product&#038;p=19262"},"modified":"2025-03-20T09:49:02","modified_gmt":"2025-03-20T07:49:02","slug":"1-1-4-t-kappale-aisi-316","status":"publish","type":"product","link":"https:\/\/veneakselisto.com\/kauppa\/tuote\/1-1-4-t-kappale-aisi-316\/","title":{"rendered":"1 1\/4&#8243; T-Kappale (AISI 316)"},"content":{"rendered":"<p>1 1\/4&#8243; T-Kappale (AISI 316)<\/p>\n<p>V-Quipment helat ovat luotettavia ja valmistettu korkealuokkaisista materiaaleista. Merivedess\u00e4 suositellaan k\u00e4ytett\u00e4v\u00e4ksi<br \/>\nhaponkest\u00e4vi\u00e4 (AISI 316).<\/p>\n<p>Miksi VETUS?<br \/>\nVETUS perustettiin vuonna 1964 ja alusta l\u00e4htien tavoitteena oli toimittaa korkealaatuisia tuotteita veneilij\u00f6iden ja<br \/>\nveneteollisuuden tarpeisiin. Teemme yhteisty\u00f6t\u00e4 oppilaitosten ja teollisuuden kanssa vastataksemme parhaamme mukaan<br \/>\nasiakkaidemme tarpeisiin. Iskulauseellemme \u201cVETUS, Creator of boat systems!\u201d kertoo lyhyesti mit\u00e4 me teemme. Tavoitteemme on<br \/>\ntehd\u00e4 veneilyst\u00e4 turvallista, helppoa ja mukavaa kaikkialla maailmassa.<\/p>\n<p>Tuotemerkkimme VETUS<br \/>\nYli 3.700 laatutuotetta<br \/>\nYli 70% Vetuksen tuotteista on kehitetty joko kokonaan itse tai yhdess\u00e4 alihankkijoiden kanssa. Tarvikkeemme muodostavat<br \/>\nkokonaisuuksia eli yhteensopivia j\u00e4rjestelmi\u00e4 kuten esimerkiksi pako- polttoaine- ja septij\u00e4rjestelm\u00e4t. Vaikka tilaat Vetus venetarvikkeita verkkokaupastamme, niin saat aina my\u00f6s henkil\u00f6kohtaista neuvontaa\/palvelua soittamalla Veneakseliston myyntiin.<\/p>\n<p>1 1\/4&#8243; T-Kappale (AISI 316)<\/p>\n<p>&nbsp;<\/p>\n","protected":false},"excerpt":{"rendered":"<p>1 1\/4&#8243; T-Kappale (AISI 316)<\/p>\n<p>V-Quipment helat ovat luotettavia ja valmistettu korkealuokkaisista materiaaleista. Merivedess\u00e4 suositellaan k\u00e4ytett\u00e4v\u00e4ksi<br \/>\nhaponkest\u00e4vi\u00e4 (AISI 316)\u00a0 .<\/p>\n","protected":false},"featured_media":19260,"comment_status":"open","ping_status":"closed","template":"","meta":{"jetpack_post_was_ever_published":false,"jetpack_publicize_message":"","jetpack_publicize_feature_enabled":true,"jetpack_social_post_already_shared":true,"jetpack_social_options":{"image_generator_settings":{"template":"highway","default_image_id":0,"font":"","enabled":false},"version":2}},"product_brand":[],"product_cat":[589,588,539,971,544,570,537],"product_tag":[541,197,543,542],"class_list":{"0":"post-19262","1":"product","2":"type-product","3":"status-publish","4":"has-post-thumbnail","6":"product_cat-haponkestava_kulma_liitin","7":"product_cat-haponkestava_kulm_liitin","8":"product_cat-haponkestava_lapivienti_siivila_lapivienti","9":"product_cat-haponkestava-letkukara","10":"product_cat-haponkestava_lapivienti_siivila_lapivienti_letkukara","11":"product_cat-haponkestava_lapivienti_siivila_lapivienti-2","12":"product_cat-lapiviennit_haponkestavat_messinkiset_hanat","13":"product_tag-hapaonkestava-lapivienti","14":"product_tag-lapivienti","15":"product_tag-rst-lapivienti","16":"product_tag-siivila-lapivienti","17":"brand-vetus","19":"first","20":"instock","21":"taxable","22":"shipping-taxable","23":"purchasable","24":"product-type-simple"},"yoast_head":"<!-- This site is optimized with the Yoast SEO plugin v27.3 - https:\/\/yoast.com\/product\/yoast-seo-wordpress\/ -->\n<title>1 1\/4&quot; T-Kappale (AISI 316) -Veneakselisto-Verkkokauppa-RST-<\/title>\n<meta name=\"description\" content=\"1 1\/4&quot; T-Kappale (AISI 316) . Ruostumattomat l\u00e4piviennit ja hanat veneisiin toimittaa venetarvikkeiden maahantuonti ja myynti-Veneakselisto.com\" \/>\n<meta name=\"robots\" content=\"index, follow, max-snippet:-1, max-image-preview:large, max-video-preview:-1\" \/>\n<link rel=\"canonical\" href=\"https:\/\/veneakselisto.com\/kauppa\/tuote\/1-1-4-t-kappale-aisi-316\/\" \/>\n<meta property=\"og:locale\" content=\"fi_FI\" \/>\n<meta property=\"og:type\" content=\"article\" \/>\n<meta property=\"og:title\" content=\"1 1\/4&quot; T-Kappale (AISI 316) -Veneakselisto-Verkkokauppa-RST-\" \/>\n<meta property=\"og:description\" content=\"1 1\/4&quot; T-Kappale (AISI 316) . Ruostumattomat l\u00e4piviennit ja hanat veneisiin toimittaa venetarvikkeiden maahantuonti ja myynti-Veneakselisto.com\" \/>\n<meta property=\"og:url\" content=\"https:\/\/veneakselisto.com\/kauppa\/tuote\/1-1-4-t-kappale-aisi-316\/\" \/>\n<meta property=\"og:site_name\" content=\"Veneakselisto.com - verkkokauppa\" \/>\n<meta property=\"article:publisher\" content=\"https:\/\/www.facebook.com\/AlaMikkula\/\" \/>\n<meta property=\"article:modified_time\" content=\"2025-03-20T07:49:02+00:00\" \/>\n<meta property=\"og:image\" content=\"https:\/\/veneakselisto.com\/kauppa\/wp-content\/uploads\/2024\/04\/T-yhde-Vetus-AISI.jpg\" \/>\n\t<meta property=\"og:image:width\" content=\"500\" \/>\n\t<meta property=\"og:image:height\" content=\"500\" \/>\n\t<meta property=\"og:image:type\" content=\"image\/jpeg\" \/>\n<meta name=\"twitter:card\" content=\"summary_large_image\" \/>\n<meta name=\"twitter:label1\" content=\"Arvioitu lukuaika\" \/>\n\t<meta name=\"twitter:data1\" content=\"1 minuutti\" \/>\n<script type=\"application\/ld+json\" class=\"yoast-schema-graph\">{\"@context\":\"https:\\\/\\\/schema.org\",\"@graph\":[{\"@type\":\"WebPage\",\"@id\":\"https:\\\/\\\/veneakselisto.com\\\/kauppa\\\/tuote\\\/1-1-4-t-kappale-aisi-316\\\/\",\"url\":\"https:\\\/\\\/veneakselisto.com\\\/kauppa\\\/tuote\\\/1-1-4-t-kappale-aisi-316\\\/\",\"name\":\"1 1\\\/4\\\" T-Kappale (AISI 316) -Veneakselisto-Verkkokauppa-RST-\",\"isPartOf\":{\"@id\":\"https:\\\/\\\/veneakselisto.com\\\/kauppa\\\/#website\"},\"primaryImageOfPage\":{\"@id\":\"https:\\\/\\\/veneakselisto.com\\\/kauppa\\\/tuote\\\/1-1-4-t-kappale-aisi-316\\\/#primaryimage\"},\"image\":{\"@id\":\"https:\\\/\\\/veneakselisto.com\\\/kauppa\\\/tuote\\\/1-1-4-t-kappale-aisi-316\\\/#primaryimage\"},\"thumbnailUrl\":\"https:\\\/\\\/i0.wp.com\\\/veneakselisto.com\\\/kauppa\\\/wp-content\\\/uploads\\\/2024\\\/04\\\/T-yhde-Vetus-AISI.jpg?fit=500%2C500&ssl=1\",\"datePublished\":\"2024-04-04T12:28:01+00:00\",\"dateModified\":\"2025-03-20T07:49:02+00:00\",\"description\":\"1 1\\\/4\\\" T-Kappale (AISI 316) . Ruostumattomat l\u00e4piviennit ja hanat veneisiin toimittaa venetarvikkeiden maahantuonti ja myynti-Veneakselisto.com\",\"breadcrumb\":{\"@id\":\"https:\\\/\\\/veneakselisto.com\\\/kauppa\\\/tuote\\\/1-1-4-t-kappale-aisi-316\\\/#breadcrumb\"},\"inLanguage\":\"fi\",\"potentialAction\":[{\"@type\":\"ReadAction\",\"target\":[\"https:\\\/\\\/veneakselisto.com\\\/kauppa\\\/tuote\\\/1-1-4-t-kappale-aisi-316\\\/\"]}]},{\"@type\":\"ImageObject\",\"inLanguage\":\"fi\",\"@id\":\"https:\\\/\\\/veneakselisto.com\\\/kauppa\\\/tuote\\\/1-1-4-t-kappale-aisi-316\\\/#primaryimage\",\"url\":\"https:\\\/\\\/i0.wp.com\\\/veneakselisto.com\\\/kauppa\\\/wp-content\\\/uploads\\\/2024\\\/04\\\/T-yhde-Vetus-AISI.jpg?fit=500%2C500&ssl=1\",\"contentUrl\":\"https:\\\/\\\/i0.wp.com\\\/veneakselisto.com\\\/kauppa\\\/wp-content\\\/uploads\\\/2024\\\/04\\\/T-yhde-Vetus-AISI.jpg?fit=500%2C500&ssl=1\",\"width\":500,\"height\":500,\"caption\":\"T-yhde-Vetus AISI 316-Veneakselisto.com\"},{\"@type\":\"BreadcrumbList\",\"@id\":\"https:\\\/\\\/veneakselisto.com\\\/kauppa\\\/tuote\\\/1-1-4-t-kappale-aisi-316\\\/#breadcrumb\",\"itemListElement\":[{\"@type\":\"ListItem\",\"position\":1,\"name\":\"Etusivu\",\"item\":\"https:\\\/\\\/veneakselisto.com\\\/kauppa\\\/\"},{\"@type\":\"ListItem\",\"position\":2,\"name\":\"Kauppa\",\"item\":\"https:\\\/\\\/veneakselisto.com\\\/kauppa\\\/\"},{\"@type\":\"ListItem\",\"position\":3,\"name\":\"1 1\\\/4&#8243; T-Kappale (AISI 316)\"}]},{\"@type\":\"WebSite\",\"@id\":\"https:\\\/\\\/veneakselisto.com\\\/kauppa\\\/#website\",\"url\":\"https:\\\/\\\/veneakselisto.com\\\/kauppa\\\/\",\"name\":\"Veneakselisto.com - verkkokauppa\",\"description\":\"Venetarvikkeiden maahantuonti ja myynti\",\"publisher\":{\"@id\":\"https:\\\/\\\/veneakselisto.com\\\/kauppa\\\/#organization\"},\"potentialAction\":[{\"@type\":\"SearchAction\",\"target\":{\"@type\":\"EntryPoint\",\"urlTemplate\":\"https:\\\/\\\/veneakselisto.com\\\/kauppa\\\/?s={search_term_string}\"},\"query-input\":{\"@type\":\"PropertyValueSpecification\",\"valueRequired\":true,\"valueName\":\"search_term_string\"}}],\"inLanguage\":\"fi\"},{\"@type\":\"Organization\",\"@id\":\"https:\\\/\\\/veneakselisto.com\\\/kauppa\\\/#organization\",\"name\":\"Veneakselisto.com verkkokauppa\",\"url\":\"https:\\\/\\\/veneakselisto.com\\\/kauppa\\\/\",\"logo\":{\"@type\":\"ImageObject\",\"inLanguage\":\"fi\",\"@id\":\"https:\\\/\\\/veneakselisto.com\\\/kauppa\\\/#\\\/schema\\\/logo\\\/image\\\/\",\"url\":\"https:\\\/\\\/i2.wp.com\\\/veneakselisto.com\\\/kauppa\\\/wp-content\\\/uploads\\\/2016\\\/06\\\/fb_icon.jpg?fit=327%2C327&ssl=1\",\"contentUrl\":\"https:\\\/\\\/i2.wp.com\\\/veneakselisto.com\\\/kauppa\\\/wp-content\\\/uploads\\\/2016\\\/06\\\/fb_icon.jpg?fit=327%2C327&ssl=1\",\"width\":327,\"height\":327,\"caption\":\"Veneakselisto.com verkkokauppa\"},\"image\":{\"@id\":\"https:\\\/\\\/veneakselisto.com\\\/kauppa\\\/#\\\/schema\\\/logo\\\/image\\\/\"},\"sameAs\":[\"https:\\\/\\\/www.facebook.com\\\/AlaMikkula\\\/\"]}]}<\/script>\n<!-- \/ Yoast SEO plugin. -->","yoast_head_json":{"title":"1 1\/4\" T-Kappale (AISI 316) -Veneakselisto-Verkkokauppa-RST-","description":"1 1\/4\" T-Kappale (AISI 316) . Ruostumattomat l\u00e4piviennit ja hanat veneisiin toimittaa venetarvikkeiden maahantuonti ja myynti-Veneakselisto.com","robots":{"index":"index","follow":"follow","max-snippet":"max-snippet:-1","max-image-preview":"max-image-preview:large","max-video-preview":"max-video-preview:-1"},"canonical":"https:\/\/veneakselisto.com\/kauppa\/tuote\/1-1-4-t-kappale-aisi-316\/","og_locale":"fi_FI","og_type":"article","og_title":"1 1\/4\" T-Kappale (AISI 316) -Veneakselisto-Verkkokauppa-RST-","og_description":"1 1\/4\" T-Kappale (AISI 316) . Ruostumattomat l\u00e4piviennit ja hanat veneisiin toimittaa venetarvikkeiden maahantuonti ja myynti-Veneakselisto.com","og_url":"https:\/\/veneakselisto.com\/kauppa\/tuote\/1-1-4-t-kappale-aisi-316\/","og_site_name":"Veneakselisto.com - verkkokauppa","article_publisher":"https:\/\/www.facebook.com\/AlaMikkula\/","article_modified_time":"2025-03-20T07:49:02+00:00","og_image":[{"width":500,"height":500,"url":"https:\/\/veneakselisto.com\/kauppa\/wp-content\/uploads\/2024\/04\/T-yhde-Vetus-AISI.jpg","type":"image\/jpeg"}],"twitter_card":"summary_large_image","twitter_misc":{"Arvioitu lukuaika":"1 minuutti"},"schema":{"@context":"https:\/\/schema.org","@graph":[{"@type":"WebPage","@id":"https:\/\/veneakselisto.com\/kauppa\/tuote\/1-1-4-t-kappale-aisi-316\/","url":"https:\/\/veneakselisto.com\/kauppa\/tuote\/1-1-4-t-kappale-aisi-316\/","name":"1 1\/4\" T-Kappale (AISI 316) -Veneakselisto-Verkkokauppa-RST-","isPartOf":{"@id":"https:\/\/veneakselisto.com\/kauppa\/#website"},"primaryImageOfPage":{"@id":"https:\/\/veneakselisto.com\/kauppa\/tuote\/1-1-4-t-kappale-aisi-316\/#primaryimage"},"image":{"@id":"https:\/\/veneakselisto.com\/kauppa\/tuote\/1-1-4-t-kappale-aisi-316\/#primaryimage"},"thumbnailUrl":"https:\/\/i0.wp.com\/veneakselisto.com\/kauppa\/wp-content\/uploads\/2024\/04\/T-yhde-Vetus-AISI.jpg?fit=500%2C500&ssl=1","datePublished":"2024-04-04T12:28:01+00:00","dateModified":"2025-03-20T07:49:02+00:00","description":"1 1\/4\" T-Kappale (AISI 316) . Ruostumattomat l\u00e4piviennit ja hanat veneisiin toimittaa venetarvikkeiden maahantuonti ja myynti-Veneakselisto.com","breadcrumb":{"@id":"https:\/\/veneakselisto.com\/kauppa\/tuote\/1-1-4-t-kappale-aisi-316\/#breadcrumb"},"inLanguage":"fi","potentialAction":[{"@type":"ReadAction","target":["https:\/\/veneakselisto.com\/kauppa\/tuote\/1-1-4-t-kappale-aisi-316\/"]}]},{"@type":"ImageObject","inLanguage":"fi","@id":"https:\/\/veneakselisto.com\/kauppa\/tuote\/1-1-4-t-kappale-aisi-316\/#primaryimage","url":"https:\/\/i0.wp.com\/veneakselisto.com\/kauppa\/wp-content\/uploads\/2024\/04\/T-yhde-Vetus-AISI.jpg?fit=500%2C500&ssl=1","contentUrl":"https:\/\/i0.wp.com\/veneakselisto.com\/kauppa\/wp-content\/uploads\/2024\/04\/T-yhde-Vetus-AISI.jpg?fit=500%2C500&ssl=1","width":500,"height":500,"caption":"T-yhde-Vetus AISI 316-Veneakselisto.com"},{"@type":"BreadcrumbList","@id":"https:\/\/veneakselisto.com\/kauppa\/tuote\/1-1-4-t-kappale-aisi-316\/#breadcrumb","itemListElement":[{"@type":"ListItem","position":1,"name":"Etusivu","item":"https:\/\/veneakselisto.com\/kauppa\/"},{"@type":"ListItem","position":2,"name":"Kauppa","item":"https:\/\/veneakselisto.com\/kauppa\/"},{"@type":"ListItem","position":3,"name":"1 1\/4&#8243; T-Kappale (AISI 316)"}]},{"@type":"WebSite","@id":"https:\/\/veneakselisto.com\/kauppa\/#website","url":"https:\/\/veneakselisto.com\/kauppa\/","name":"Veneakselisto.com - verkkokauppa","description":"Venetarvikkeiden maahantuonti ja myynti","publisher":{"@id":"https:\/\/veneakselisto.com\/kauppa\/#organization"},"potentialAction":[{"@type":"SearchAction","target":{"@type":"EntryPoint","urlTemplate":"https:\/\/veneakselisto.com\/kauppa\/?s={search_term_string}"},"query-input":{"@type":"PropertyValueSpecification","valueRequired":true,"valueName":"search_term_string"}}],"inLanguage":"fi"},{"@type":"Organization","@id":"https:\/\/veneakselisto.com\/kauppa\/#organization","name":"Veneakselisto.com verkkokauppa","url":"https:\/\/veneakselisto.com\/kauppa\/","logo":{"@type":"ImageObject","inLanguage":"fi","@id":"https:\/\/veneakselisto.com\/kauppa\/#\/schema\/logo\/image\/","url":"https:\/\/i2.wp.com\/veneakselisto.com\/kauppa\/wp-content\/uploads\/2016\/06\/fb_icon.jpg?fit=327%2C327&ssl=1","contentUrl":"https:\/\/i2.wp.com\/veneakselisto.com\/kauppa\/wp-content\/uploads\/2016\/06\/fb_icon.jpg?fit=327%2C327&ssl=1","width":327,"height":327,"caption":"Veneakselisto.com verkkokauppa"},"image":{"@id":"https:\/\/veneakselisto.com\/kauppa\/#\/schema\/logo\/image\/"},"sameAs":["https:\/\/www.facebook.com\/AlaMikkula\/"]}]}},"jetpack_publicize_connections":[],"jetpack_sharing_enabled":true,"_links":{"self":[{"href":"https:\/\/veneakselisto.com\/kauppa\/wp-json\/wp\/v2\/product\/19262","targetHints":{"allow":["GET"]}}],"collection":[{"href":"https:\/\/veneakselisto.com\/kauppa\/wp-json\/wp\/v2\/product"}],"about":[{"href":"https:\/\/veneakselisto.com\/kauppa\/wp-json\/wp\/v2\/types\/product"}],"replies":[{"embeddable":true,"href":"https:\/\/veneakselisto.com\/kauppa\/wp-json\/wp\/v2\/comments?post=19262"}],"wp:featuredmedia":[{"embeddable":true,"href":"https:\/\/veneakselisto.com\/kauppa\/wp-json\/wp\/v2\/media\/19260"}],"wp:attachment":[{"href":"https:\/\/veneakselisto.com\/kauppa\/wp-json\/wp\/v2\/media?parent=19262"}],"wp:term":[{"taxonomy":"product_brand","embeddable":true,"href":"https:\/\/veneakselisto.com\/kauppa\/wp-json\/wp\/v2\/product_brand?post=19262"},{"taxonomy":"product_cat","embeddable":true,"href":"https:\/\/veneakselisto.com\/kauppa\/wp-json\/wp\/v2\/product_cat?post=19262"},{"taxonomy":"product_tag","embeddable":true,"href":"https:\/\/veneakselisto.com\/kauppa\/wp-json\/wp\/v2\/product_tag?post=19262"}],"curies":[{"name":"wp","href":"https:\/\/api.w.org\/{rel}","templated":true}]}}