{"id":17771,"date":"2023-10-04T09:52:44","date_gmt":"2023-10-04T06:52:44","guid":{"rendered":"https:\/\/veneakselisto.com\/kauppa\/?post_type=product&#038;p=17771"},"modified":"2026-04-22T09:16:00","modified_gmt":"2026-04-22T06:16:00","slug":"potkuriakseli-laippa-30mm-5","status":"publish","type":"product","link":"https:\/\/veneakselisto.com\/kauppa\/tuote\/potkuriakseli-laippa-30mm-5\/","title":{"rendered":"Potkuriakseli laippa  30mm 5&#8243;"},"content":{"rendered":"<div class=\"wpb-content-wrapper\"><p>[vc_row][vc_column][vc_column_text]<\/p>\n<p>Potkuriakseli laippa\u00a0 30mm 5&#8243;<\/p>\n<p>Velvet Drive 5&#8243;, Hurth HSW450-HSW630, ZF45-ZF63, Technodrive TM345<\/p>\n<p>Potkuriakselilaippa 30mm akselille. Pituus 112mm<\/p>\n<p>Sopivuus esim.:<\/p>\n<ul>\n<li>Velvet Drive 5&#8243;<\/li>\n<li>Hurth HSW450-HSW630<\/li>\n<li>ZF45-ZF63<\/li>\n<li>Technodrive TM345<\/li>\n<li>Volvo Penta<\/li>\n<\/ul>\n<p>Ohjaus: 63.5mm &#8220;uros&#8221;<br \/>\nPulttijako: 108mm * 4 reik\u00e4inen[\/vc_column_text][\/vc_column][\/vc_row][vc_row][vc_column][vc_column_text]Laippa\u00a0kiinnitt\u00e4\u00e4 akselin merivaihteeseen.<br \/>\nPotkuriakselilaippa valitaan potkuriakselin halkaisijan ja joko merikytkimen mallin tai pulttijaon ja ohjauksen mukaan.<br \/>\nOhjaus: Laipan keskell\u00e4 oleva ohjaus voi olla joko &#8220;uros&#8221;- tai &#8220;naaras&#8221; -mallia. Ohjaus keskitt\u00e4\u00e4 akselin merikytkimeen.<br \/>\nPulttijako: laipan vastakkaiset rei\u00e4t (ei siis vierekk\u00e4iset).[\/vc_column_text][\/vc_column][\/vc_row]<\/p>\n<\/div>","protected":false},"excerpt":{"rendered":"<p>Potkuriakseli laippa\u00a0 30mm 5&#8243;<\/p>\n<p>Ohjaus: 63.5mm &#8220;uros&#8221;<br \/>\nPulttijako: 108mm * 4 reik\u00e4inen<\/p>\n<p>Pituus 118mm<\/p>\n","protected":false},"featured_media":7088,"comment_status":"open","ping_status":"closed","template":"","meta":{"jetpack_post_was_ever_published":false,"jetpack_publicize_message":"","jetpack_publicize_feature_enabled":true,"jetpack_social_post_already_shared":true,"jetpack_social_options":{"image_generator_settings":{"template":"highway","default_image_id":0,"font":"","enabled":false},"version":2}},"product_brand":[],"product_cat":[31],"product_tag":[92,231,226,227,235,233,234],"class_list":{"0":"post-17771","1":"product","2":"type-product","3":"status-publish","4":"has-post-thumbnail","6":"product_cat-potkuriakselilaipat","7":"product_tag-35mm","8":"product_tag-hurth","9":"product_tag-laippa","10":"product_tag-potkuriakselilaippa","11":"product_tag-technodrive","12":"product_tag-velvet","13":"product_tag-zf","15":"first","16":"onbackorder","17":"taxable","18":"shipping-taxable","19":"purchasable","20":"product-type-simple"},"yoast_head":"<!-- This site is optimized with the Yoast SEO plugin v27.4 - https:\/\/yoast.com\/product\/yoast-seo-wordpress\/ -->\n<title>Potkuriakseli laippa 30mm 5&quot; - Veneakselisto.com - verkkokauppa<\/title>\n<meta name=\"description\" content=\"Potkuriakseli laippa 30mm 5&quot; - Potkuriakselilaipat toimittaa Veneakselisto.com-veneakselistojen ammattilainen-potkuriakseli-laippa\" \/>\n<meta name=\"robots\" content=\"index, follow, max-snippet:-1, max-image-preview:large, max-video-preview:-1\" \/>\n<link rel=\"canonical\" href=\"https:\/\/veneakselisto.com\/kauppa\/tuote\/potkuriakseli-laippa-30mm-5\/\" \/>\n<meta property=\"og:locale\" content=\"fi_FI\" \/>\n<meta property=\"og:type\" content=\"article\" \/>\n<meta property=\"og:title\" content=\"Potkuriakseli laippa 30mm 5&quot; - Veneakselisto.com - verkkokauppa\" \/>\n<meta property=\"og:description\" content=\"Potkuriakseli laippa 30mm 5&quot; - Potkuriakselilaipat toimittaa Veneakselisto.com-veneakselistojen ammattilainen-potkuriakseli-laippa\" \/>\n<meta property=\"og:url\" content=\"https:\/\/veneakselisto.com\/kauppa\/tuote\/potkuriakseli-laippa-30mm-5\/\" \/>\n<meta property=\"og:site_name\" content=\"Veneakselisto.com - verkkokauppa\" \/>\n<meta property=\"article:publisher\" content=\"https:\/\/www.facebook.com\/AlaMikkula\/\" \/>\n<meta property=\"article:modified_time\" content=\"2026-04-22T06:16:00+00:00\" \/>\n<meta property=\"og:image\" content=\"https:\/\/veneakselisto.com\/kauppa\/wp-content\/uploads\/2020\/01\/laippa-4-me.jpg\" \/>\n\t<meta property=\"og:image:width\" content=\"500\" \/>\n\t<meta property=\"og:image:height\" content=\"500\" \/>\n\t<meta property=\"og:image:type\" content=\"image\/jpeg\" \/>\n<meta name=\"twitter:card\" content=\"summary_large_image\" \/>\n<meta name=\"twitter:label1\" content=\"Arvioitu lukuaika\" \/>\n\t<meta name=\"twitter:data1\" content=\"1 minuutti\" \/>\n<script type=\"application\/ld+json\" class=\"yoast-schema-graph\">{\"@context\":\"https:\\\/\\\/schema.org\",\"@graph\":[{\"@type\":\"WebPage\",\"@id\":\"https:\\\/\\\/veneakselisto.com\\\/kauppa\\\/tuote\\\/potkuriakseli-laippa-30mm-5\\\/\",\"url\":\"https:\\\/\\\/veneakselisto.com\\\/kauppa\\\/tuote\\\/potkuriakseli-laippa-30mm-5\\\/\",\"name\":\"Potkuriakseli laippa 30mm 5\\\" - Veneakselisto.com - verkkokauppa\",\"isPartOf\":{\"@id\":\"https:\\\/\\\/veneakselisto.com\\\/kauppa\\\/#website\"},\"primaryImageOfPage\":{\"@id\":\"https:\\\/\\\/veneakselisto.com\\\/kauppa\\\/tuote\\\/potkuriakseli-laippa-30mm-5\\\/#primaryimage\"},\"image\":{\"@id\":\"https:\\\/\\\/veneakselisto.com\\\/kauppa\\\/tuote\\\/potkuriakseli-laippa-30mm-5\\\/#primaryimage\"},\"thumbnailUrl\":\"https:\\\/\\\/i0.wp.com\\\/veneakselisto.com\\\/kauppa\\\/wp-content\\\/uploads\\\/2020\\\/01\\\/laippa-4-me.jpg?fit=500%2C500&ssl=1\",\"datePublished\":\"2023-10-04T06:52:44+00:00\",\"dateModified\":\"2026-04-22T06:16:00+00:00\",\"description\":\"Potkuriakseli laippa 30mm 5\\\" - Potkuriakselilaipat toimittaa Veneakselisto.com-veneakselistojen ammattilainen-potkuriakseli-laippa\",\"breadcrumb\":{\"@id\":\"https:\\\/\\\/veneakselisto.com\\\/kauppa\\\/tuote\\\/potkuriakseli-laippa-30mm-5\\\/#breadcrumb\"},\"inLanguage\":\"fi\",\"potentialAction\":[{\"@type\":\"ReadAction\",\"target\":[\"https:\\\/\\\/veneakselisto.com\\\/kauppa\\\/tuote\\\/potkuriakseli-laippa-30mm-5\\\/\"]}]},{\"@type\":\"ImageObject\",\"inLanguage\":\"fi\",\"@id\":\"https:\\\/\\\/veneakselisto.com\\\/kauppa\\\/tuote\\\/potkuriakseli-laippa-30mm-5\\\/#primaryimage\",\"url\":\"https:\\\/\\\/i0.wp.com\\\/veneakselisto.com\\\/kauppa\\\/wp-content\\\/uploads\\\/2020\\\/01\\\/laippa-4-me.jpg?fit=500%2C500&ssl=1\",\"contentUrl\":\"https:\\\/\\\/i0.wp.com\\\/veneakselisto.com\\\/kauppa\\\/wp-content\\\/uploads\\\/2020\\\/01\\\/laippa-4-me.jpg?fit=500%2C500&ssl=1\",\"width\":500,\"height\":500,\"caption\":\"Potkuriakselin laipat saat Veneakselisto.com-Veneakselistojen ammattilainen\"},{\"@type\":\"BreadcrumbList\",\"@id\":\"https:\\\/\\\/veneakselisto.com\\\/kauppa\\\/tuote\\\/potkuriakseli-laippa-30mm-5\\\/#breadcrumb\",\"itemListElement\":[{\"@type\":\"ListItem\",\"position\":1,\"name\":\"Etusivu\",\"item\":\"https:\\\/\\\/veneakselisto.com\\\/kauppa\\\/\"},{\"@type\":\"ListItem\",\"position\":2,\"name\":\"Kauppa\",\"item\":\"https:\\\/\\\/veneakselisto.com\\\/kauppa\\\/\"},{\"@type\":\"ListItem\",\"position\":3,\"name\":\"Potkuriakseli laippa 30mm 5&#8243;\"}]},{\"@type\":\"WebSite\",\"@id\":\"https:\\\/\\\/veneakselisto.com\\\/kauppa\\\/#website\",\"url\":\"https:\\\/\\\/veneakselisto.com\\\/kauppa\\\/\",\"name\":\"Veneakselisto.com - verkkokauppa\",\"description\":\"Venetarvikkeiden maahantuonti ja myynti\",\"publisher\":{\"@id\":\"https:\\\/\\\/veneakselisto.com\\\/kauppa\\\/#organization\"},\"potentialAction\":[{\"@type\":\"SearchAction\",\"target\":{\"@type\":\"EntryPoint\",\"urlTemplate\":\"https:\\\/\\\/veneakselisto.com\\\/kauppa\\\/?s={search_term_string}\"},\"query-input\":{\"@type\":\"PropertyValueSpecification\",\"valueRequired\":true,\"valueName\":\"search_term_string\"}}],\"inLanguage\":\"fi\"},{\"@type\":\"Organization\",\"@id\":\"https:\\\/\\\/veneakselisto.com\\\/kauppa\\\/#organization\",\"name\":\"Veneakselisto.com verkkokauppa\",\"url\":\"https:\\\/\\\/veneakselisto.com\\\/kauppa\\\/\",\"logo\":{\"@type\":\"ImageObject\",\"inLanguage\":\"fi\",\"@id\":\"https:\\\/\\\/veneakselisto.com\\\/kauppa\\\/#\\\/schema\\\/logo\\\/image\\\/\",\"url\":\"https:\\\/\\\/i2.wp.com\\\/veneakselisto.com\\\/kauppa\\\/wp-content\\\/uploads\\\/2016\\\/06\\\/fb_icon.jpg?fit=327%2C327&ssl=1\",\"contentUrl\":\"https:\\\/\\\/i2.wp.com\\\/veneakselisto.com\\\/kauppa\\\/wp-content\\\/uploads\\\/2016\\\/06\\\/fb_icon.jpg?fit=327%2C327&ssl=1\",\"width\":327,\"height\":327,\"caption\":\"Veneakselisto.com verkkokauppa\"},\"image\":{\"@id\":\"https:\\\/\\\/veneakselisto.com\\\/kauppa\\\/#\\\/schema\\\/logo\\\/image\\\/\"},\"sameAs\":[\"https:\\\/\\\/www.facebook.com\\\/AlaMikkula\\\/\"]}]}<\/script>\n<!-- \/ Yoast SEO plugin. -->","yoast_head_json":{"title":"Potkuriakseli laippa 30mm 5\" - Veneakselisto.com - verkkokauppa","description":"Potkuriakseli laippa 30mm 5\" - Potkuriakselilaipat toimittaa Veneakselisto.com-veneakselistojen ammattilainen-potkuriakseli-laippa","robots":{"index":"index","follow":"follow","max-snippet":"max-snippet:-1","max-image-preview":"max-image-preview:large","max-video-preview":"max-video-preview:-1"},"canonical":"https:\/\/veneakselisto.com\/kauppa\/tuote\/potkuriakseli-laippa-30mm-5\/","og_locale":"fi_FI","og_type":"article","og_title":"Potkuriakseli laippa 30mm 5\" - Veneakselisto.com - verkkokauppa","og_description":"Potkuriakseli laippa 30mm 5\" - Potkuriakselilaipat toimittaa Veneakselisto.com-veneakselistojen ammattilainen-potkuriakseli-laippa","og_url":"https:\/\/veneakselisto.com\/kauppa\/tuote\/potkuriakseli-laippa-30mm-5\/","og_site_name":"Veneakselisto.com - verkkokauppa","article_publisher":"https:\/\/www.facebook.com\/AlaMikkula\/","article_modified_time":"2026-04-22T06:16:00+00:00","og_image":[{"width":500,"height":500,"url":"https:\/\/veneakselisto.com\/kauppa\/wp-content\/uploads\/2020\/01\/laippa-4-me.jpg","type":"image\/jpeg"}],"twitter_card":"summary_large_image","twitter_misc":{"Arvioitu lukuaika":"1 minuutti"},"schema":{"@context":"https:\/\/schema.org","@graph":[{"@type":"WebPage","@id":"https:\/\/veneakselisto.com\/kauppa\/tuote\/potkuriakseli-laippa-30mm-5\/","url":"https:\/\/veneakselisto.com\/kauppa\/tuote\/potkuriakseli-laippa-30mm-5\/","name":"Potkuriakseli laippa 30mm 5\" - Veneakselisto.com - verkkokauppa","isPartOf":{"@id":"https:\/\/veneakselisto.com\/kauppa\/#website"},"primaryImageOfPage":{"@id":"https:\/\/veneakselisto.com\/kauppa\/tuote\/potkuriakseli-laippa-30mm-5\/#primaryimage"},"image":{"@id":"https:\/\/veneakselisto.com\/kauppa\/tuote\/potkuriakseli-laippa-30mm-5\/#primaryimage"},"thumbnailUrl":"https:\/\/i0.wp.com\/veneakselisto.com\/kauppa\/wp-content\/uploads\/2020\/01\/laippa-4-me.jpg?fit=500%2C500&ssl=1","datePublished":"2023-10-04T06:52:44+00:00","dateModified":"2026-04-22T06:16:00+00:00","description":"Potkuriakseli laippa 30mm 5\" - Potkuriakselilaipat toimittaa Veneakselisto.com-veneakselistojen ammattilainen-potkuriakseli-laippa","breadcrumb":{"@id":"https:\/\/veneakselisto.com\/kauppa\/tuote\/potkuriakseli-laippa-30mm-5\/#breadcrumb"},"inLanguage":"fi","potentialAction":[{"@type":"ReadAction","target":["https:\/\/veneakselisto.com\/kauppa\/tuote\/potkuriakseli-laippa-30mm-5\/"]}]},{"@type":"ImageObject","inLanguage":"fi","@id":"https:\/\/veneakselisto.com\/kauppa\/tuote\/potkuriakseli-laippa-30mm-5\/#primaryimage","url":"https:\/\/i0.wp.com\/veneakselisto.com\/kauppa\/wp-content\/uploads\/2020\/01\/laippa-4-me.jpg?fit=500%2C500&ssl=1","contentUrl":"https:\/\/i0.wp.com\/veneakselisto.com\/kauppa\/wp-content\/uploads\/2020\/01\/laippa-4-me.jpg?fit=500%2C500&ssl=1","width":500,"height":500,"caption":"Potkuriakselin laipat saat Veneakselisto.com-Veneakselistojen ammattilainen"},{"@type":"BreadcrumbList","@id":"https:\/\/veneakselisto.com\/kauppa\/tuote\/potkuriakseli-laippa-30mm-5\/#breadcrumb","itemListElement":[{"@type":"ListItem","position":1,"name":"Etusivu","item":"https:\/\/veneakselisto.com\/kauppa\/"},{"@type":"ListItem","position":2,"name":"Kauppa","item":"https:\/\/veneakselisto.com\/kauppa\/"},{"@type":"ListItem","position":3,"name":"Potkuriakseli laippa 30mm 5&#8243;"}]},{"@type":"WebSite","@id":"https:\/\/veneakselisto.com\/kauppa\/#website","url":"https:\/\/veneakselisto.com\/kauppa\/","name":"Veneakselisto.com - verkkokauppa","description":"Venetarvikkeiden maahantuonti ja myynti","publisher":{"@id":"https:\/\/veneakselisto.com\/kauppa\/#organization"},"potentialAction":[{"@type":"SearchAction","target":{"@type":"EntryPoint","urlTemplate":"https:\/\/veneakselisto.com\/kauppa\/?s={search_term_string}"},"query-input":{"@type":"PropertyValueSpecification","valueRequired":true,"valueName":"search_term_string"}}],"inLanguage":"fi"},{"@type":"Organization","@id":"https:\/\/veneakselisto.com\/kauppa\/#organization","name":"Veneakselisto.com verkkokauppa","url":"https:\/\/veneakselisto.com\/kauppa\/","logo":{"@type":"ImageObject","inLanguage":"fi","@id":"https:\/\/veneakselisto.com\/kauppa\/#\/schema\/logo\/image\/","url":"https:\/\/i2.wp.com\/veneakselisto.com\/kauppa\/wp-content\/uploads\/2016\/06\/fb_icon.jpg?fit=327%2C327&ssl=1","contentUrl":"https:\/\/i2.wp.com\/veneakselisto.com\/kauppa\/wp-content\/uploads\/2016\/06\/fb_icon.jpg?fit=327%2C327&ssl=1","width":327,"height":327,"caption":"Veneakselisto.com verkkokauppa"},"image":{"@id":"https:\/\/veneakselisto.com\/kauppa\/#\/schema\/logo\/image\/"},"sameAs":["https:\/\/www.facebook.com\/AlaMikkula\/"]}]}},"jetpack_publicize_connections":[],"jetpack_sharing_enabled":true,"_links":{"self":[{"href":"https:\/\/veneakselisto.com\/kauppa\/wp-json\/wp\/v2\/product\/17771","targetHints":{"allow":["GET"]}}],"collection":[{"href":"https:\/\/veneakselisto.com\/kauppa\/wp-json\/wp\/v2\/product"}],"about":[{"href":"https:\/\/veneakselisto.com\/kauppa\/wp-json\/wp\/v2\/types\/product"}],"replies":[{"embeddable":true,"href":"https:\/\/veneakselisto.com\/kauppa\/wp-json\/wp\/v2\/comments?post=17771"}],"wp:featuredmedia":[{"embeddable":true,"href":"https:\/\/veneakselisto.com\/kauppa\/wp-json\/wp\/v2\/media\/7088"}],"wp:attachment":[{"href":"https:\/\/veneakselisto.com\/kauppa\/wp-json\/wp\/v2\/media?parent=17771"}],"wp:term":[{"taxonomy":"product_brand","embeddable":true,"href":"https:\/\/veneakselisto.com\/kauppa\/wp-json\/wp\/v2\/product_brand?post=17771"},{"taxonomy":"product_cat","embeddable":true,"href":"https:\/\/veneakselisto.com\/kauppa\/wp-json\/wp\/v2\/product_cat?post=17771"},{"taxonomy":"product_tag","embeddable":true,"href":"https:\/\/veneakselisto.com\/kauppa\/wp-json\/wp\/v2\/product_tag?post=17771"}],"curies":[{"name":"wp","href":"https:\/\/api.w.org\/{rel}","templated":true}]}}