{"id":16287,"date":"2023-03-23T09:24:49","date_gmt":"2023-03-23T07:24:49","guid":{"rendered":"https:\/\/veneakselisto.com\/kauppa\/?post_type=product&#038;p=16287"},"modified":"2025-06-01T19:13:26","modified_gmt":"2025-06-01T16:13:26","slug":"kaymalajatteen-repijapumppu-ta3p10-19","status":"publish","type":"product","link":"https:\/\/veneakselisto.com\/kauppa\/tuote\/kaymalajatteen-repijapumppu-ta3p10-19\/","title":{"rendered":"K\u00e4ym\u00e4l\u00e4j\u00e4tteen repij\u00e4pumppu TA3P10-19 12v"},"content":{"rendered":"<p>K\u00e4ym\u00e4l\u00e4j\u00e4tteen repij\u00e4pumppu TA3P10-19<\/p>\n<p>Johnson Pump Maseraattori &#8211; Repij\u00e4pumppu TA3P10-19 12 V<\/p>\n<p>Johnson pump murskepumppu<br \/>\nRepij\u00e4pumppu, TA3P10-19, pienent\u00e4\u00e4 ja pumppaa k\u00e4ym\u00e4l\u00e4j\u00e4tteet. Py\u00f6riv\u00e4 leikkuuter\u00e4 leikkaa ja siipipy\u00f6r\u00e4pumppu pumppaa j\u00e4tteen septitankiin tai pois septitankista. Pumppu tulisi asentaa niin l\u00e4helle septitankkia tai k\u00e4ym\u00e4l\u00e4n kulhoa kuin mahdollista.<\/p>\n<p>Huom! K\u00e4yt\u00e4 vain valkaisematonta WC-paperia. \u00c4l\u00e4 k\u00e4yt\u00e4 pumppua kuivana.<\/p>\n<p>Moottori: 12V DC (sis\u00e4\u00e4nrakennettu l\u00e4mp\u00f6suoja)<br \/>\nRunko: Fenolimuovi (PF)<br \/>\nSiipipy\u00f6r\u00e4: Nitriili\u00e4 09-1052S-9<br \/>\nPumpun pes\u00e4: Thermoplastic Polyester (PET)<br \/>\nAkseli: Ruostumatonta ter\u00e4st\u00e4<br \/>\nTiiviste: Huulitiiviste<br \/>\nTuotto 0.2 bar (6.7 ft): 37 l\/min \u2013 10 GPM<br \/>\nImuletku liitos: 1\u00bd&#8221; (\u00d838 mm) letku, tai 1\u00bd&#8221; BSP<br \/>\nAmp: 15 A<br \/>\nSulake: 20 A<br \/>\nPoistoletku liitos: 1&#8243; (25.4 mm) letku<\/p>\n<p>&nbsp;<\/p>\n<p>&nbsp;<\/p>\n<p>&nbsp;<\/p>\n<p>&nbsp;<\/p>\n","protected":false},"excerpt":{"rendered":"<p>K\u00e4ym\u00e4l\u00e4j\u00e4tteen repij\u00e4pumppu TA3P10-19<\/p>\n<p>Johnson Pump Maseraattori &#8211; Repij\u00e4pumppu TA3P10-19 12 V<\/p>\n<p>Johnson pump murskepumppu<br \/>\nRepij\u00e4pumppu, TA3P10-19, pienent\u00e4\u00e4 ja pumppaa k\u00e4ym\u00e4l\u00e4j\u00e4tteet. Py\u00f6riv\u00e4 leikkuuter\u00e4 leikkaa ja siipipy\u00f6r\u00e4pumppu pumppaa j\u00e4tteen septitankiin tai pois septitankista. Pumppu tulisi asentaa niin l\u00e4helle septitankkia tai k\u00e4ym\u00e4l\u00e4n kulhoa kuin mahdollista.<\/p>\n<p>Verkkokauppatuote. Toimitus 3-6pv normaalisti.<\/p>\n<p>&nbsp;<\/p>\n<p>&nbsp;<\/p>\n<p>&nbsp;<\/p>\n<p style=\"font-weight: 400;\">\n","protected":false},"featured_media":16288,"comment_status":"open","ping_status":"closed","template":"","meta":{"jetpack_post_was_ever_published":false,"jetpack_publicize_message":"","jetpack_publicize_feature_enabled":true,"jetpack_social_post_already_shared":true,"jetpack_social_options":{"image_generator_settings":{"template":"highway","default_image_id":0,"font":"","enabled":false},"version":2}},"product_brand":[],"product_cat":[1063,58,1077,54,142],"product_tag":[436],"class_list":{"0":"post-16287","1":"product","2":"type-product","3":"status-publish","4":"has-post-thumbnail","6":"product_cat-vetus-septitankki-jatevesijarjestelma","7":"product_cat-jatevesipumput-ja-tarvikkeet","8":"product_cat-vetus-jatevesi-septisailio-tarvikkeet","9":"product_cat-johnson-pump","10":"product_cat-vesi-ja-wc-jarjestelmat","11":"product_tag-septipumppu","12":"brand-johnson-pump","14":"first","15":"instock","16":"sale","17":"taxable","18":"shipping-taxable","19":"purchasable","20":"product-type-simple"},"yoast_head":"<!-- This site is optimized with the Yoast SEO plugin v27.3 - https:\/\/yoast.com\/product\/yoast-seo-wordpress\/ -->\n<title>K\u00e4ym\u00e4l\u00e4j\u00e4tteen repij\u00e4pumppu TA3P10-19-Veneakselisto.com<\/title>\n<meta name=\"description\" content=\"K\u00e4ym\u00e4l\u00e4j\u00e4tteen repij\u00e4pumppu TA3P10-19-Johnson Pump tuotteet toimittaa venetarvikkeiden erikoisliike-Veneakselisto.com-Maahantuonti ja Myynti\" \/>\n<meta name=\"robots\" content=\"index, follow, max-snippet:-1, max-image-preview:large, max-video-preview:-1\" \/>\n<link rel=\"canonical\" href=\"https:\/\/veneakselisto.com\/kauppa\/tuote\/kaymalajatteen-repijapumppu-ta3p10-19\/\" \/>\n<meta property=\"og:locale\" content=\"fi_FI\" \/>\n<meta property=\"og:type\" content=\"article\" \/>\n<meta property=\"og:title\" content=\"K\u00e4ym\u00e4l\u00e4j\u00e4tteen repij\u00e4pumppu TA3P10-19-Veneakselisto.com\" \/>\n<meta property=\"og:description\" content=\"K\u00e4ym\u00e4l\u00e4j\u00e4tteen repij\u00e4pumppu TA3P10-19-Johnson Pump tuotteet toimittaa venetarvikkeiden erikoisliike-Veneakselisto.com-Maahantuonti ja Myynti\" \/>\n<meta property=\"og:url\" content=\"https:\/\/veneakselisto.com\/kauppa\/tuote\/kaymalajatteen-repijapumppu-ta3p10-19\/\" \/>\n<meta property=\"og:site_name\" content=\"Veneakselisto.com - verkkokauppa\" \/>\n<meta property=\"article:publisher\" content=\"https:\/\/www.facebook.com\/AlaMikkula\/\" \/>\n<meta property=\"article:modified_time\" content=\"2025-06-01T16:13:26+00:00\" \/>\n<meta property=\"og:image\" content=\"https:\/\/veneakselisto.com\/kauppa\/wp-content\/uploads\/2023\/03\/10-24453-04.jpg\" \/>\n\t<meta property=\"og:image:width\" content=\"495\" \/>\n\t<meta property=\"og:image:height\" content=\"500\" \/>\n\t<meta property=\"og:image:type\" content=\"image\/jpeg\" \/>\n<meta name=\"twitter:card\" content=\"summary_large_image\" \/>\n<meta name=\"twitter:label1\" content=\"Arvioitu lukuaika\" \/>\n\t<meta name=\"twitter:data1\" content=\"1 minuutti\" \/>\n<script type=\"application\/ld+json\" class=\"yoast-schema-graph\">{\"@context\":\"https:\\\/\\\/schema.org\",\"@graph\":[{\"@type\":\"WebPage\",\"@id\":\"https:\\\/\\\/veneakselisto.com\\\/kauppa\\\/tuote\\\/kaymalajatteen-repijapumppu-ta3p10-19\\\/\",\"url\":\"https:\\\/\\\/veneakselisto.com\\\/kauppa\\\/tuote\\\/kaymalajatteen-repijapumppu-ta3p10-19\\\/\",\"name\":\"K\u00e4ym\u00e4l\u00e4j\u00e4tteen repij\u00e4pumppu TA3P10-19-Veneakselisto.com\",\"isPartOf\":{\"@id\":\"https:\\\/\\\/veneakselisto.com\\\/kauppa\\\/#website\"},\"primaryImageOfPage\":{\"@id\":\"https:\\\/\\\/veneakselisto.com\\\/kauppa\\\/tuote\\\/kaymalajatteen-repijapumppu-ta3p10-19\\\/#primaryimage\"},\"image\":{\"@id\":\"https:\\\/\\\/veneakselisto.com\\\/kauppa\\\/tuote\\\/kaymalajatteen-repijapumppu-ta3p10-19\\\/#primaryimage\"},\"thumbnailUrl\":\"https:\\\/\\\/i0.wp.com\\\/veneakselisto.com\\\/kauppa\\\/wp-content\\\/uploads\\\/2023\\\/03\\\/10-24453-04.jpg?fit=495%2C500&ssl=1\",\"datePublished\":\"2023-03-23T07:24:49+00:00\",\"dateModified\":\"2025-06-01T16:13:26+00:00\",\"description\":\"K\u00e4ym\u00e4l\u00e4j\u00e4tteen repij\u00e4pumppu TA3P10-19-Johnson Pump tuotteet toimittaa venetarvikkeiden erikoisliike-Veneakselisto.com-Maahantuonti ja Myynti\",\"breadcrumb\":{\"@id\":\"https:\\\/\\\/veneakselisto.com\\\/kauppa\\\/tuote\\\/kaymalajatteen-repijapumppu-ta3p10-19\\\/#breadcrumb\"},\"inLanguage\":\"fi\",\"potentialAction\":[{\"@type\":\"ReadAction\",\"target\":[\"https:\\\/\\\/veneakselisto.com\\\/kauppa\\\/tuote\\\/kaymalajatteen-repijapumppu-ta3p10-19\\\/\"]}]},{\"@type\":\"ImageObject\",\"inLanguage\":\"fi\",\"@id\":\"https:\\\/\\\/veneakselisto.com\\\/kauppa\\\/tuote\\\/kaymalajatteen-repijapumppu-ta3p10-19\\\/#primaryimage\",\"url\":\"https:\\\/\\\/i0.wp.com\\\/veneakselisto.com\\\/kauppa\\\/wp-content\\\/uploads\\\/2023\\\/03\\\/10-24453-04.jpg?fit=495%2C500&ssl=1\",\"contentUrl\":\"https:\\\/\\\/i0.wp.com\\\/veneakselisto.com\\\/kauppa\\\/wp-content\\\/uploads\\\/2023\\\/03\\\/10-24453-04.jpg?fit=495%2C500&ssl=1\",\"width\":495,\"height\":500,\"caption\":\"10-24453-04-septipumppu-Johnson Pump-repij\u00e4pumppu-Veneakselisto.com\"},{\"@type\":\"BreadcrumbList\",\"@id\":\"https:\\\/\\\/veneakselisto.com\\\/kauppa\\\/tuote\\\/kaymalajatteen-repijapumppu-ta3p10-19\\\/#breadcrumb\",\"itemListElement\":[{\"@type\":\"ListItem\",\"position\":1,\"name\":\"Etusivu\",\"item\":\"https:\\\/\\\/veneakselisto.com\\\/kauppa\\\/\"},{\"@type\":\"ListItem\",\"position\":2,\"name\":\"Kauppa\",\"item\":\"https:\\\/\\\/veneakselisto.com\\\/kauppa\\\/\"},{\"@type\":\"ListItem\",\"position\":3,\"name\":\"K\u00e4ym\u00e4l\u00e4j\u00e4tteen repij\u00e4pumppu TA3P10-19 12v\"}]},{\"@type\":\"WebSite\",\"@id\":\"https:\\\/\\\/veneakselisto.com\\\/kauppa\\\/#website\",\"url\":\"https:\\\/\\\/veneakselisto.com\\\/kauppa\\\/\",\"name\":\"Veneakselisto.com - verkkokauppa\",\"description\":\"Venetarvikkeiden maahantuonti ja myynti\",\"publisher\":{\"@id\":\"https:\\\/\\\/veneakselisto.com\\\/kauppa\\\/#organization\"},\"potentialAction\":[{\"@type\":\"SearchAction\",\"target\":{\"@type\":\"EntryPoint\",\"urlTemplate\":\"https:\\\/\\\/veneakselisto.com\\\/kauppa\\\/?s={search_term_string}\"},\"query-input\":{\"@type\":\"PropertyValueSpecification\",\"valueRequired\":true,\"valueName\":\"search_term_string\"}}],\"inLanguage\":\"fi\"},{\"@type\":\"Organization\",\"@id\":\"https:\\\/\\\/veneakselisto.com\\\/kauppa\\\/#organization\",\"name\":\"Veneakselisto.com verkkokauppa\",\"url\":\"https:\\\/\\\/veneakselisto.com\\\/kauppa\\\/\",\"logo\":{\"@type\":\"ImageObject\",\"inLanguage\":\"fi\",\"@id\":\"https:\\\/\\\/veneakselisto.com\\\/kauppa\\\/#\\\/schema\\\/logo\\\/image\\\/\",\"url\":\"https:\\\/\\\/i2.wp.com\\\/veneakselisto.com\\\/kauppa\\\/wp-content\\\/uploads\\\/2016\\\/06\\\/fb_icon.jpg?fit=327%2C327&ssl=1\",\"contentUrl\":\"https:\\\/\\\/i2.wp.com\\\/veneakselisto.com\\\/kauppa\\\/wp-content\\\/uploads\\\/2016\\\/06\\\/fb_icon.jpg?fit=327%2C327&ssl=1\",\"width\":327,\"height\":327,\"caption\":\"Veneakselisto.com verkkokauppa\"},\"image\":{\"@id\":\"https:\\\/\\\/veneakselisto.com\\\/kauppa\\\/#\\\/schema\\\/logo\\\/image\\\/\"},\"sameAs\":[\"https:\\\/\\\/www.facebook.com\\\/AlaMikkula\\\/\"]}]}<\/script>\n<!-- \/ Yoast SEO plugin. -->","yoast_head_json":{"title":"K\u00e4ym\u00e4l\u00e4j\u00e4tteen repij\u00e4pumppu TA3P10-19-Veneakselisto.com","description":"K\u00e4ym\u00e4l\u00e4j\u00e4tteen repij\u00e4pumppu TA3P10-19-Johnson Pump tuotteet toimittaa venetarvikkeiden erikoisliike-Veneakselisto.com-Maahantuonti ja Myynti","robots":{"index":"index","follow":"follow","max-snippet":"max-snippet:-1","max-image-preview":"max-image-preview:large","max-video-preview":"max-video-preview:-1"},"canonical":"https:\/\/veneakselisto.com\/kauppa\/tuote\/kaymalajatteen-repijapumppu-ta3p10-19\/","og_locale":"fi_FI","og_type":"article","og_title":"K\u00e4ym\u00e4l\u00e4j\u00e4tteen repij\u00e4pumppu TA3P10-19-Veneakselisto.com","og_description":"K\u00e4ym\u00e4l\u00e4j\u00e4tteen repij\u00e4pumppu TA3P10-19-Johnson Pump tuotteet toimittaa venetarvikkeiden erikoisliike-Veneakselisto.com-Maahantuonti ja Myynti","og_url":"https:\/\/veneakselisto.com\/kauppa\/tuote\/kaymalajatteen-repijapumppu-ta3p10-19\/","og_site_name":"Veneakselisto.com - verkkokauppa","article_publisher":"https:\/\/www.facebook.com\/AlaMikkula\/","article_modified_time":"2025-06-01T16:13:26+00:00","og_image":[{"width":495,"height":500,"url":"https:\/\/veneakselisto.com\/kauppa\/wp-content\/uploads\/2023\/03\/10-24453-04.jpg","type":"image\/jpeg"}],"twitter_card":"summary_large_image","twitter_misc":{"Arvioitu lukuaika":"1 minuutti"},"schema":{"@context":"https:\/\/schema.org","@graph":[{"@type":"WebPage","@id":"https:\/\/veneakselisto.com\/kauppa\/tuote\/kaymalajatteen-repijapumppu-ta3p10-19\/","url":"https:\/\/veneakselisto.com\/kauppa\/tuote\/kaymalajatteen-repijapumppu-ta3p10-19\/","name":"K\u00e4ym\u00e4l\u00e4j\u00e4tteen repij\u00e4pumppu TA3P10-19-Veneakselisto.com","isPartOf":{"@id":"https:\/\/veneakselisto.com\/kauppa\/#website"},"primaryImageOfPage":{"@id":"https:\/\/veneakselisto.com\/kauppa\/tuote\/kaymalajatteen-repijapumppu-ta3p10-19\/#primaryimage"},"image":{"@id":"https:\/\/veneakselisto.com\/kauppa\/tuote\/kaymalajatteen-repijapumppu-ta3p10-19\/#primaryimage"},"thumbnailUrl":"https:\/\/i0.wp.com\/veneakselisto.com\/kauppa\/wp-content\/uploads\/2023\/03\/10-24453-04.jpg?fit=495%2C500&ssl=1","datePublished":"2023-03-23T07:24:49+00:00","dateModified":"2025-06-01T16:13:26+00:00","description":"K\u00e4ym\u00e4l\u00e4j\u00e4tteen repij\u00e4pumppu TA3P10-19-Johnson Pump tuotteet toimittaa venetarvikkeiden erikoisliike-Veneakselisto.com-Maahantuonti ja Myynti","breadcrumb":{"@id":"https:\/\/veneakselisto.com\/kauppa\/tuote\/kaymalajatteen-repijapumppu-ta3p10-19\/#breadcrumb"},"inLanguage":"fi","potentialAction":[{"@type":"ReadAction","target":["https:\/\/veneakselisto.com\/kauppa\/tuote\/kaymalajatteen-repijapumppu-ta3p10-19\/"]}]},{"@type":"ImageObject","inLanguage":"fi","@id":"https:\/\/veneakselisto.com\/kauppa\/tuote\/kaymalajatteen-repijapumppu-ta3p10-19\/#primaryimage","url":"https:\/\/i0.wp.com\/veneakselisto.com\/kauppa\/wp-content\/uploads\/2023\/03\/10-24453-04.jpg?fit=495%2C500&ssl=1","contentUrl":"https:\/\/i0.wp.com\/veneakselisto.com\/kauppa\/wp-content\/uploads\/2023\/03\/10-24453-04.jpg?fit=495%2C500&ssl=1","width":495,"height":500,"caption":"10-24453-04-septipumppu-Johnson Pump-repij\u00e4pumppu-Veneakselisto.com"},{"@type":"BreadcrumbList","@id":"https:\/\/veneakselisto.com\/kauppa\/tuote\/kaymalajatteen-repijapumppu-ta3p10-19\/#breadcrumb","itemListElement":[{"@type":"ListItem","position":1,"name":"Etusivu","item":"https:\/\/veneakselisto.com\/kauppa\/"},{"@type":"ListItem","position":2,"name":"Kauppa","item":"https:\/\/veneakselisto.com\/kauppa\/"},{"@type":"ListItem","position":3,"name":"K\u00e4ym\u00e4l\u00e4j\u00e4tteen repij\u00e4pumppu TA3P10-19 12v"}]},{"@type":"WebSite","@id":"https:\/\/veneakselisto.com\/kauppa\/#website","url":"https:\/\/veneakselisto.com\/kauppa\/","name":"Veneakselisto.com - verkkokauppa","description":"Venetarvikkeiden maahantuonti ja myynti","publisher":{"@id":"https:\/\/veneakselisto.com\/kauppa\/#organization"},"potentialAction":[{"@type":"SearchAction","target":{"@type":"EntryPoint","urlTemplate":"https:\/\/veneakselisto.com\/kauppa\/?s={search_term_string}"},"query-input":{"@type":"PropertyValueSpecification","valueRequired":true,"valueName":"search_term_string"}}],"inLanguage":"fi"},{"@type":"Organization","@id":"https:\/\/veneakselisto.com\/kauppa\/#organization","name":"Veneakselisto.com verkkokauppa","url":"https:\/\/veneakselisto.com\/kauppa\/","logo":{"@type":"ImageObject","inLanguage":"fi","@id":"https:\/\/veneakselisto.com\/kauppa\/#\/schema\/logo\/image\/","url":"https:\/\/i2.wp.com\/veneakselisto.com\/kauppa\/wp-content\/uploads\/2016\/06\/fb_icon.jpg?fit=327%2C327&ssl=1","contentUrl":"https:\/\/i2.wp.com\/veneakselisto.com\/kauppa\/wp-content\/uploads\/2016\/06\/fb_icon.jpg?fit=327%2C327&ssl=1","width":327,"height":327,"caption":"Veneakselisto.com verkkokauppa"},"image":{"@id":"https:\/\/veneakselisto.com\/kauppa\/#\/schema\/logo\/image\/"},"sameAs":["https:\/\/www.facebook.com\/AlaMikkula\/"]}]}},"jetpack_publicize_connections":[],"jetpack_sharing_enabled":true,"_links":{"self":[{"href":"https:\/\/veneakselisto.com\/kauppa\/wp-json\/wp\/v2\/product\/16287","targetHints":{"allow":["GET"]}}],"collection":[{"href":"https:\/\/veneakselisto.com\/kauppa\/wp-json\/wp\/v2\/product"}],"about":[{"href":"https:\/\/veneakselisto.com\/kauppa\/wp-json\/wp\/v2\/types\/product"}],"replies":[{"embeddable":true,"href":"https:\/\/veneakselisto.com\/kauppa\/wp-json\/wp\/v2\/comments?post=16287"}],"wp:featuredmedia":[{"embeddable":true,"href":"https:\/\/veneakselisto.com\/kauppa\/wp-json\/wp\/v2\/media\/16288"}],"wp:attachment":[{"href":"https:\/\/veneakselisto.com\/kauppa\/wp-json\/wp\/v2\/media?parent=16287"}],"wp:term":[{"taxonomy":"product_brand","embeddable":true,"href":"https:\/\/veneakselisto.com\/kauppa\/wp-json\/wp\/v2\/product_brand?post=16287"},{"taxonomy":"product_cat","embeddable":true,"href":"https:\/\/veneakselisto.com\/kauppa\/wp-json\/wp\/v2\/product_cat?post=16287"},{"taxonomy":"product_tag","embeddable":true,"href":"https:\/\/veneakselisto.com\/kauppa\/wp-json\/wp\/v2\/product_tag?post=16287"}],"curies":[{"name":"wp","href":"https:\/\/api.w.org\/{rel}","templated":true}]}}