{"id":12253,"date":"2021-12-08T10:46:07","date_gmt":"2021-12-08T08:46:07","guid":{"rendered":"https:\/\/veneakselisto.com\/kauppa\/?post_type=product&#038;p=12253"},"modified":"2024-11-18T05:07:52","modified_gmt":"2024-11-18T03:07:52","slug":"vetus-keulapotkurin-langaton-kauko-ohjain","status":"publish","type":"product","link":"https:\/\/veneakselisto.com\/kauppa\/tuote\/vetus-keulapotkurin-langaton-kauko-ohjain\/","title":{"rendered":"VETUS keulapotkurin langaton CANVWRC kauko-ohjain"},"content":{"rendered":"<p>VETUS keulapotkurin langaton CANVWRC kauko-ohjain<\/p>\n<p>CANVWRC kauko-ohjain<\/p>\n<p>Ohjaimet keula ja per\u00e4ohjailupotkureille<\/p>\n<p>Langattoman CANVWRC-kaukos\u00e4\u00e4timen avulla voit hallita venett\u00e4si t\u00e4ydellisesti kaukos\u00e4\u00e4timell\u00e4. CANVWRC-paketti koostuu vastaanottimesta, CANVWRCBS:st\u00e4 ja kaukos\u00e4\u00e4timest\u00e4 (WRCKF) ja se voidaan liitt\u00e4\u00e4 V-CAN-v\u00e4yl\u00e4ohjattuihin (BOW PRO) keula -ja per\u00e4potkuriin ja my\u00f6s analogisesti ohjattuihin (BOW) keula -ja per\u00e4potkuriin. Langattoman VETUS-ohjauksen k\u00e4sikaukos\u00e4\u00e4timen kantama on 10-25 metri\u00e4 vastaanottimen sijainnista riippuen, ja se tarjoaa helpon ohjauksen keulapotkuria, per\u00e4potkuria.<\/p>\n<p><strong> Tekniset tiedot vastaanotin<br \/>\n\u2022 Vastaanotin 12 tai 24<br \/>\n\u2022 Enint\u00e4\u00e4n viisi\u00a0 kaukol\u00e4hetint\u00e4<br \/>\n\u2022 Irrotettava antenni<br \/>\n\u2022 Suojausluokka IP40 (k\u00e4ytt\u00f6\u00f6n vain kuivissa tiloissa)<\/strong><\/p>\n<p><strong><br \/>\nTekniset tiedot k\u00e4dess\u00e4 pidett\u00e4v\u00e4 kauko-ohjainl\u00e4hetin<br \/>\n\u2022 Virtal\u00e4hde &#8211; 3 V paristotyyppi CR2032<br \/>\n\u2022 Suurin et\u00e4isyys vastaanottimeen 10 &#8211; 15 m<br \/>\n\u2022 Suojausluokka IP66 (kest\u00e4\u00e4 korkeapainevett\u00e4 mist\u00e4 tahansa suunnasta)<\/strong><\/p>\n<p>Koko 208 mm x 124 mm x 50 mm<\/p>\n<p>Vetus Keulapotkuri. VETUS keulapotkurin langaton CANVWRC kauko-ohjain<\/p>\n","protected":false},"excerpt":{"rendered":"<p>VETUS keulapotkurin langaton CANVWRC kauko-ohjain<\/p>\n<p>CANVWRC kauko-ohjain<\/p>\n<p>Ohjaimet keula ja per\u00e4ohjailupotkureille<\/p>\n<p>Langattoman CANVWRC-kaukos\u00e4\u00e4timen avulla voit hallita venett\u00e4si t\u00e4ydellisesti kaukos\u00e4\u00e4timell\u00e4. CANVWRC-paketti koostuu vastaanottimesta, CANVWRCBS:st\u00e4 ja kaukos\u00e4\u00e4timest\u00e4 (WRCKF) ja se voidaan liitt\u00e4\u00e4 V-CAN-v\u00e4yl\u00e4ohjattuihin (BOW PRO) keula -ja per\u00e4potkuriin ja my\u00f6s analogisesti ohjattuihin (BOW) keula -ja per\u00e4potkuriin. Langattoman VETUS-ohjauksen k\u00e4sikaukos\u00e4\u00e4timen kantama on 10-25 metri\u00e4 vastaanottimen sijainnista riippuen, ja se tarjoaa helpon ohjauksen keulapotkuria, per\u00e4potkuria.<\/p>\n<p>&nbsp;<\/p>\n<p>Tehdastoimitus normaalisti 3-5pv<\/p>\n","protected":false},"featured_media":12254,"comment_status":"open","ping_status":"closed","template":"","meta":{"jetpack_post_was_ever_published":false,"jetpack_publicize_message":"","jetpack_publicize_feature_enabled":true,"jetpack_social_post_already_shared":true,"jetpack_social_options":{"image_generator_settings":{"template":"highway","default_image_id":0,"font":"","enabled":false},"version":2}},"product_brand":[],"product_cat":[71,485,484,1203,470],"product_tag":[97,303,302,98],"class_list":{"0":"post-12253","1":"product","2":"type-product","3":"status-publish","4":"has-post-thumbnail","6":"product_cat-keulapotkuritarvikkeet","7":"product_cat-veneen-ohjaus-hallinta","8":"product_cat-veneen-ohjaus-kaukosaatolaite-keulapotkuri","9":"product_cat-keulapotkuri-vetus-vetus_keulapotkuri","10":"product_cat-vetus_vetus-venetarvikkeet_venetarvikeiden-maahantuonti-ja-myynti","11":"product_tag-keulapotkuri","12":"product_tag-keulapotkuritarvikkeet","13":"product_tag-tarvikkeet","14":"product_tag-vetus","15":"brand-vetus","17":"first","18":"instock","19":"sale","20":"taxable","21":"shipping-taxable","22":"purchasable","23":"product-type-simple"},"yoast_head":"<!-- This site is optimized with the Yoast SEO plugin v27.3 - https:\/\/yoast.com\/product\/yoast-seo-wordpress\/ -->\n<title>VETUS keulapotkurin langaton CANVWRC kauko-ohjain-Veneaksel<\/title>\n<meta name=\"description\" content=\"VETUS keulapotkurin langaton CANVWRC kauko-ohjain. Venetarvikkeiden erikoisliike-Veneakselisto.com - Venetarvikkeiden maahantuonti ja myynti.\" \/>\n<meta name=\"robots\" content=\"index, follow, max-snippet:-1, max-image-preview:large, max-video-preview:-1\" \/>\n<link rel=\"canonical\" href=\"https:\/\/veneakselisto.com\/kauppa\/tuote\/vetus-keulapotkurin-langaton-kauko-ohjain\/\" \/>\n<meta property=\"og:locale\" content=\"fi_FI\" \/>\n<meta property=\"og:type\" content=\"article\" \/>\n<meta property=\"og:title\" content=\"VETUS keulapotkurin langaton CANVWRC kauko-ohjain-Veneaksel\" \/>\n<meta property=\"og:description\" content=\"VETUS keulapotkurin langaton CANVWRC kauko-ohjain. Venetarvikkeiden erikoisliike-Veneakselisto.com - Venetarvikkeiden maahantuonti ja myynti.\" \/>\n<meta property=\"og:url\" content=\"https:\/\/veneakselisto.com\/kauppa\/tuote\/vetus-keulapotkurin-langaton-kauko-ohjain\/\" \/>\n<meta property=\"og:site_name\" content=\"Veneakselisto.com - verkkokauppa\" \/>\n<meta property=\"article:publisher\" content=\"https:\/\/www.facebook.com\/AlaMikkula\/\" \/>\n<meta property=\"article:modified_time\" content=\"2024-11-18T03:07:52+00:00\" \/>\n<meta property=\"og:image\" content=\"https:\/\/veneakselisto.com\/kauppa\/wp-content\/uploads\/2021\/12\/WRC.jpg\" \/>\n\t<meta property=\"og:image:width\" content=\"500\" \/>\n\t<meta property=\"og:image:height\" content=\"500\" \/>\n\t<meta property=\"og:image:type\" content=\"image\/jpeg\" \/>\n<meta name=\"twitter:card\" content=\"summary_large_image\" \/>\n<meta name=\"twitter:label1\" content=\"Arvioitu lukuaika\" \/>\n\t<meta name=\"twitter:data1\" content=\"1 minuutti\" \/>\n<script type=\"application\/ld+json\" class=\"yoast-schema-graph\">{\"@context\":\"https:\\\/\\\/schema.org\",\"@graph\":[{\"@type\":\"WebPage\",\"@id\":\"https:\\\/\\\/veneakselisto.com\\\/kauppa\\\/tuote\\\/vetus-keulapotkurin-langaton-kauko-ohjain\\\/\",\"url\":\"https:\\\/\\\/veneakselisto.com\\\/kauppa\\\/tuote\\\/vetus-keulapotkurin-langaton-kauko-ohjain\\\/\",\"name\":\"VETUS keulapotkurin langaton CANVWRC kauko-ohjain-Veneaksel\",\"isPartOf\":{\"@id\":\"https:\\\/\\\/veneakselisto.com\\\/kauppa\\\/#website\"},\"primaryImageOfPage\":{\"@id\":\"https:\\\/\\\/veneakselisto.com\\\/kauppa\\\/tuote\\\/vetus-keulapotkurin-langaton-kauko-ohjain\\\/#primaryimage\"},\"image\":{\"@id\":\"https:\\\/\\\/veneakselisto.com\\\/kauppa\\\/tuote\\\/vetus-keulapotkurin-langaton-kauko-ohjain\\\/#primaryimage\"},\"thumbnailUrl\":\"https:\\\/\\\/i0.wp.com\\\/veneakselisto.com\\\/kauppa\\\/wp-content\\\/uploads\\\/2021\\\/12\\\/WRC.jpg?fit=500%2C500&ssl=1\",\"datePublished\":\"2021-12-08T08:46:07+00:00\",\"dateModified\":\"2024-11-18T03:07:52+00:00\",\"description\":\"VETUS keulapotkurin langaton CANVWRC kauko-ohjain. Venetarvikkeiden erikoisliike-Veneakselisto.com - Venetarvikkeiden maahantuonti ja myynti.\",\"breadcrumb\":{\"@id\":\"https:\\\/\\\/veneakselisto.com\\\/kauppa\\\/tuote\\\/vetus-keulapotkurin-langaton-kauko-ohjain\\\/#breadcrumb\"},\"inLanguage\":\"fi\",\"potentialAction\":[{\"@type\":\"ReadAction\",\"target\":[\"https:\\\/\\\/veneakselisto.com\\\/kauppa\\\/tuote\\\/vetus-keulapotkurin-langaton-kauko-ohjain\\\/\"]}]},{\"@type\":\"ImageObject\",\"inLanguage\":\"fi\",\"@id\":\"https:\\\/\\\/veneakselisto.com\\\/kauppa\\\/tuote\\\/vetus-keulapotkurin-langaton-kauko-ohjain\\\/#primaryimage\",\"url\":\"https:\\\/\\\/i0.wp.com\\\/veneakselisto.com\\\/kauppa\\\/wp-content\\\/uploads\\\/2021\\\/12\\\/WRC.jpg?fit=500%2C500&ssl=1\",\"contentUrl\":\"https:\\\/\\\/i0.wp.com\\\/veneakselisto.com\\\/kauppa\\\/wp-content\\\/uploads\\\/2021\\\/12\\\/WRC.jpg?fit=500%2C500&ssl=1\",\"width\":500,\"height\":500,\"caption\":\"Keulapotkurin langaton kauko-ohjain. Venetarvikkeiden maahantuonti ja Myynti-Veneakselisto.com\"},{\"@type\":\"BreadcrumbList\",\"@id\":\"https:\\\/\\\/veneakselisto.com\\\/kauppa\\\/tuote\\\/vetus-keulapotkurin-langaton-kauko-ohjain\\\/#breadcrumb\",\"itemListElement\":[{\"@type\":\"ListItem\",\"position\":1,\"name\":\"Etusivu\",\"item\":\"https:\\\/\\\/veneakselisto.com\\\/kauppa\\\/\"},{\"@type\":\"ListItem\",\"position\":2,\"name\":\"Kauppa\",\"item\":\"https:\\\/\\\/veneakselisto.com\\\/kauppa\\\/\"},{\"@type\":\"ListItem\",\"position\":3,\"name\":\"VETUS keulapotkurin langaton CANVWRC kauko-ohjain\"}]},{\"@type\":\"WebSite\",\"@id\":\"https:\\\/\\\/veneakselisto.com\\\/kauppa\\\/#website\",\"url\":\"https:\\\/\\\/veneakselisto.com\\\/kauppa\\\/\",\"name\":\"Veneakselisto.com - verkkokauppa\",\"description\":\"Venetarvikkeiden maahantuonti ja myynti\",\"publisher\":{\"@id\":\"https:\\\/\\\/veneakselisto.com\\\/kauppa\\\/#organization\"},\"potentialAction\":[{\"@type\":\"SearchAction\",\"target\":{\"@type\":\"EntryPoint\",\"urlTemplate\":\"https:\\\/\\\/veneakselisto.com\\\/kauppa\\\/?s={search_term_string}\"},\"query-input\":{\"@type\":\"PropertyValueSpecification\",\"valueRequired\":true,\"valueName\":\"search_term_string\"}}],\"inLanguage\":\"fi\"},{\"@type\":\"Organization\",\"@id\":\"https:\\\/\\\/veneakselisto.com\\\/kauppa\\\/#organization\",\"name\":\"Veneakselisto.com verkkokauppa\",\"url\":\"https:\\\/\\\/veneakselisto.com\\\/kauppa\\\/\",\"logo\":{\"@type\":\"ImageObject\",\"inLanguage\":\"fi\",\"@id\":\"https:\\\/\\\/veneakselisto.com\\\/kauppa\\\/#\\\/schema\\\/logo\\\/image\\\/\",\"url\":\"https:\\\/\\\/i2.wp.com\\\/veneakselisto.com\\\/kauppa\\\/wp-content\\\/uploads\\\/2016\\\/06\\\/fb_icon.jpg?fit=327%2C327&ssl=1\",\"contentUrl\":\"https:\\\/\\\/i2.wp.com\\\/veneakselisto.com\\\/kauppa\\\/wp-content\\\/uploads\\\/2016\\\/06\\\/fb_icon.jpg?fit=327%2C327&ssl=1\",\"width\":327,\"height\":327,\"caption\":\"Veneakselisto.com verkkokauppa\"},\"image\":{\"@id\":\"https:\\\/\\\/veneakselisto.com\\\/kauppa\\\/#\\\/schema\\\/logo\\\/image\\\/\"},\"sameAs\":[\"https:\\\/\\\/www.facebook.com\\\/AlaMikkula\\\/\"]}]}<\/script>\n<!-- \/ Yoast SEO plugin. -->","yoast_head_json":{"title":"VETUS keulapotkurin langaton CANVWRC kauko-ohjain-Veneaksel","description":"VETUS keulapotkurin langaton CANVWRC kauko-ohjain. Venetarvikkeiden erikoisliike-Veneakselisto.com - Venetarvikkeiden maahantuonti ja myynti.","robots":{"index":"index","follow":"follow","max-snippet":"max-snippet:-1","max-image-preview":"max-image-preview:large","max-video-preview":"max-video-preview:-1"},"canonical":"https:\/\/veneakselisto.com\/kauppa\/tuote\/vetus-keulapotkurin-langaton-kauko-ohjain\/","og_locale":"fi_FI","og_type":"article","og_title":"VETUS keulapotkurin langaton CANVWRC kauko-ohjain-Veneaksel","og_description":"VETUS keulapotkurin langaton CANVWRC kauko-ohjain. Venetarvikkeiden erikoisliike-Veneakselisto.com - Venetarvikkeiden maahantuonti ja myynti.","og_url":"https:\/\/veneakselisto.com\/kauppa\/tuote\/vetus-keulapotkurin-langaton-kauko-ohjain\/","og_site_name":"Veneakselisto.com - verkkokauppa","article_publisher":"https:\/\/www.facebook.com\/AlaMikkula\/","article_modified_time":"2024-11-18T03:07:52+00:00","og_image":[{"width":500,"height":500,"url":"https:\/\/veneakselisto.com\/kauppa\/wp-content\/uploads\/2021\/12\/WRC.jpg","type":"image\/jpeg"}],"twitter_card":"summary_large_image","twitter_misc":{"Arvioitu lukuaika":"1 minuutti"},"schema":{"@context":"https:\/\/schema.org","@graph":[{"@type":"WebPage","@id":"https:\/\/veneakselisto.com\/kauppa\/tuote\/vetus-keulapotkurin-langaton-kauko-ohjain\/","url":"https:\/\/veneakselisto.com\/kauppa\/tuote\/vetus-keulapotkurin-langaton-kauko-ohjain\/","name":"VETUS keulapotkurin langaton CANVWRC kauko-ohjain-Veneaksel","isPartOf":{"@id":"https:\/\/veneakselisto.com\/kauppa\/#website"},"primaryImageOfPage":{"@id":"https:\/\/veneakselisto.com\/kauppa\/tuote\/vetus-keulapotkurin-langaton-kauko-ohjain\/#primaryimage"},"image":{"@id":"https:\/\/veneakselisto.com\/kauppa\/tuote\/vetus-keulapotkurin-langaton-kauko-ohjain\/#primaryimage"},"thumbnailUrl":"https:\/\/i0.wp.com\/veneakselisto.com\/kauppa\/wp-content\/uploads\/2021\/12\/WRC.jpg?fit=500%2C500&ssl=1","datePublished":"2021-12-08T08:46:07+00:00","dateModified":"2024-11-18T03:07:52+00:00","description":"VETUS keulapotkurin langaton CANVWRC kauko-ohjain. Venetarvikkeiden erikoisliike-Veneakselisto.com - Venetarvikkeiden maahantuonti ja myynti.","breadcrumb":{"@id":"https:\/\/veneakselisto.com\/kauppa\/tuote\/vetus-keulapotkurin-langaton-kauko-ohjain\/#breadcrumb"},"inLanguage":"fi","potentialAction":[{"@type":"ReadAction","target":["https:\/\/veneakselisto.com\/kauppa\/tuote\/vetus-keulapotkurin-langaton-kauko-ohjain\/"]}]},{"@type":"ImageObject","inLanguage":"fi","@id":"https:\/\/veneakselisto.com\/kauppa\/tuote\/vetus-keulapotkurin-langaton-kauko-ohjain\/#primaryimage","url":"https:\/\/i0.wp.com\/veneakselisto.com\/kauppa\/wp-content\/uploads\/2021\/12\/WRC.jpg?fit=500%2C500&ssl=1","contentUrl":"https:\/\/i0.wp.com\/veneakselisto.com\/kauppa\/wp-content\/uploads\/2021\/12\/WRC.jpg?fit=500%2C500&ssl=1","width":500,"height":500,"caption":"Keulapotkurin langaton kauko-ohjain. Venetarvikkeiden maahantuonti ja Myynti-Veneakselisto.com"},{"@type":"BreadcrumbList","@id":"https:\/\/veneakselisto.com\/kauppa\/tuote\/vetus-keulapotkurin-langaton-kauko-ohjain\/#breadcrumb","itemListElement":[{"@type":"ListItem","position":1,"name":"Etusivu","item":"https:\/\/veneakselisto.com\/kauppa\/"},{"@type":"ListItem","position":2,"name":"Kauppa","item":"https:\/\/veneakselisto.com\/kauppa\/"},{"@type":"ListItem","position":3,"name":"VETUS keulapotkurin langaton CANVWRC kauko-ohjain"}]},{"@type":"WebSite","@id":"https:\/\/veneakselisto.com\/kauppa\/#website","url":"https:\/\/veneakselisto.com\/kauppa\/","name":"Veneakselisto.com - verkkokauppa","description":"Venetarvikkeiden maahantuonti ja myynti","publisher":{"@id":"https:\/\/veneakselisto.com\/kauppa\/#organization"},"potentialAction":[{"@type":"SearchAction","target":{"@type":"EntryPoint","urlTemplate":"https:\/\/veneakselisto.com\/kauppa\/?s={search_term_string}"},"query-input":{"@type":"PropertyValueSpecification","valueRequired":true,"valueName":"search_term_string"}}],"inLanguage":"fi"},{"@type":"Organization","@id":"https:\/\/veneakselisto.com\/kauppa\/#organization","name":"Veneakselisto.com verkkokauppa","url":"https:\/\/veneakselisto.com\/kauppa\/","logo":{"@type":"ImageObject","inLanguage":"fi","@id":"https:\/\/veneakselisto.com\/kauppa\/#\/schema\/logo\/image\/","url":"https:\/\/i2.wp.com\/veneakselisto.com\/kauppa\/wp-content\/uploads\/2016\/06\/fb_icon.jpg?fit=327%2C327&ssl=1","contentUrl":"https:\/\/i2.wp.com\/veneakselisto.com\/kauppa\/wp-content\/uploads\/2016\/06\/fb_icon.jpg?fit=327%2C327&ssl=1","width":327,"height":327,"caption":"Veneakselisto.com verkkokauppa"},"image":{"@id":"https:\/\/veneakselisto.com\/kauppa\/#\/schema\/logo\/image\/"},"sameAs":["https:\/\/www.facebook.com\/AlaMikkula\/"]}]}},"jetpack_publicize_connections":[],"jetpack_sharing_enabled":true,"_links":{"self":[{"href":"https:\/\/veneakselisto.com\/kauppa\/wp-json\/wp\/v2\/product\/12253","targetHints":{"allow":["GET"]}}],"collection":[{"href":"https:\/\/veneakselisto.com\/kauppa\/wp-json\/wp\/v2\/product"}],"about":[{"href":"https:\/\/veneakselisto.com\/kauppa\/wp-json\/wp\/v2\/types\/product"}],"replies":[{"embeddable":true,"href":"https:\/\/veneakselisto.com\/kauppa\/wp-json\/wp\/v2\/comments?post=12253"}],"wp:featuredmedia":[{"embeddable":true,"href":"https:\/\/veneakselisto.com\/kauppa\/wp-json\/wp\/v2\/media\/12254"}],"wp:attachment":[{"href":"https:\/\/veneakselisto.com\/kauppa\/wp-json\/wp\/v2\/media?parent=12253"}],"wp:term":[{"taxonomy":"product_brand","embeddable":true,"href":"https:\/\/veneakselisto.com\/kauppa\/wp-json\/wp\/v2\/product_brand?post=12253"},{"taxonomy":"product_cat","embeddable":true,"href":"https:\/\/veneakselisto.com\/kauppa\/wp-json\/wp\/v2\/product_cat?post=12253"},{"taxonomy":"product_tag","embeddable":true,"href":"https:\/\/veneakselisto.com\/kauppa\/wp-json\/wp\/v2\/product_tag?post=12253"}],"curies":[{"name":"wp","href":"https:\/\/api.w.org\/{rel}","templated":true}]}}