{"id":12056,"date":"2021-11-11T11:24:44","date_gmt":"2021-11-11T09:24:44","guid":{"rendered":"https:\/\/veneakselisto.com\/kauppa\/?post_type=product&#038;p=12056"},"modified":"2024-08-31T23:13:13","modified_gmt":"2024-08-31T20:13:13","slug":"vulkan-sae-11-1-2-vetolevy","status":"publish","type":"product","link":"https:\/\/veneakselisto.com\/kauppa\/tuote\/vulkan-sae-11-1-2-vetolevy\/","title":{"rendered":"Vulkan SAE 11 1\/2&#8243; Vetolevy"},"content":{"rendered":"<p>Vulkan SAE 11 1\/2&#8243; Vetolevy<\/p>\n<p>-Rihlat 26 hammasta 20\/40 DP\u00a0 34,4 mm<\/p>\n<p>-Halkaisija 352,42mm<\/p>\n<p>-Reik\u00e4jako 8 x 10,6 mm &#8211; \u00d8 333,38 mm<\/p>\n<p>T\u00e4m\u00e4 on ehk\u00e4 yleisin vetolevy eri moottoreissa joissa on SAE 11 1\/2 vauhtipy\u00f6r\u00e4. Kaksivaiheinen joustoelementti takaa v\u00e4rin\u00e4tt\u00f6m\u00e4n k\u00e4ynnin my\u00f6s pienill\u00e4 kieroksilla.<\/p>\n<p>Vetolevyn teht\u00e4v\u00e4n\u00e4 on v\u00e4litt\u00e4\u00e4 moottorin voima vauhtipy\u00f6r\u00e4st\u00e4 merivaihteelle. Merimoottoreissa k\u00e4ytet\u00e4\u00e4n yleisesti Vetolevy\u00e4 joissa joustoelementti ja joka v\u00e4hent\u00e4\u00e4 moottorista tulevaa v\u00e4\u00e4nt\u00f6v\u00e4r\u00e4htely\u00e4 ja siit\u00e4 syntyv\u00e4\u00e4 \u00e4\u00e4nt\u00e4. Vetolevy suojaa siis my\u00f6s vaihteiston akselia nopeilta suunnanvaihdoilta.<\/p>\n<p>&nbsp;<\/p>\n<p>&nbsp;<\/p>\n<p>&nbsp;<\/p>\n","protected":false},"excerpt":{"rendered":"<p>Vulkan SAE 11 1\/2&#8243; Vetolevy<\/p>\n<p>-Rihlat 26 hammasta 20\/40 DP\u00a0 34,4 mm<\/p>\n<p>-Halkaisija 352,42mm<\/p>\n<p>-Reik\u00e4jako 8 x 10,6 mm &#8211; \u00d8 333,38 mm<\/p>\n<p>Eritt\u00e4in yleinen ZF ja Hurth merivaihteissa<\/p>\n<p>Verkkokauppatuote, toimitus aika normaalisti 1-5pv.<\/p>\n","protected":false},"featured_media":12058,"comment_status":"open","ping_status":"closed","template":"","meta":{"jetpack_post_was_ever_published":false,"jetpack_publicize_message":"","jetpack_publicize_feature_enabled":true,"jetpack_social_post_already_shared":true,"jetpack_social_options":{"image_generator_settings":{"template":"highway","default_image_id":0,"font":"","enabled":false},"version":2}},"product_brand":[],"product_cat":[1070,250,1186],"product_tag":[450,1073,1087],"class_list":{"0":"post-12056","1":"product","2":"type-product","3":"status-publish","4":"has-post-thumbnail","6":"product_cat-merikytkin-technodrive-kbw21","7":"product_cat-moottoreiden-huolto-osat","8":"product_cat-merikytkin-vetolevy","9":"product_tag-merikytkin","10":"product_tag-merivaihde","11":"product_tag-vetolevy","13":"first","14":"onbackorder","15":"taxable","16":"shipping-taxable","17":"purchasable","18":"product-type-simple"},"yoast_head":"<!-- This site is optimized with the Yoast SEO plugin v27.4 - https:\/\/yoast.com\/product\/yoast-seo-wordpress\/ -->\n<title>Vulkan SAE 11 1\/2&quot; Vetolevy Veneakselisto.com - verkkokauppa<\/title>\n<meta name=\"description\" content=\"Vulkan SAE 11 1\/2&quot; Vetolevy-Vetolevyt toimittaa Veneakselisto.com-Venetarvikkeiden erikoisliike-verkkokauppa-R&amp;D vetolevy\" \/>\n<meta name=\"robots\" content=\"index, follow, max-snippet:-1, max-image-preview:large, max-video-preview:-1\" \/>\n<link rel=\"canonical\" href=\"https:\/\/veneakselisto.com\/kauppa\/tuote\/vulkan-sae-11-1-2-vetolevy\/\" \/>\n<meta property=\"og:locale\" content=\"fi_FI\" \/>\n<meta property=\"og:type\" content=\"article\" \/>\n<meta property=\"og:title\" content=\"Vulkan SAE 11 1\/2&quot; Vetolevy Veneakselisto.com - verkkokauppa\" \/>\n<meta property=\"og:description\" content=\"Vulkan SAE 11 1\/2&quot; Vetolevy-Vetolevyt toimittaa Veneakselisto.com-Venetarvikkeiden erikoisliike-verkkokauppa-R&amp;D vetolevy\" \/>\n<meta property=\"og:url\" content=\"https:\/\/veneakselisto.com\/kauppa\/tuote\/vulkan-sae-11-1-2-vetolevy\/\" \/>\n<meta property=\"og:site_name\" content=\"Veneakselisto.com - verkkokauppa\" \/>\n<meta property=\"article:publisher\" content=\"https:\/\/www.facebook.com\/AlaMikkula\/\" \/>\n<meta property=\"article:modified_time\" content=\"2024-08-31T20:13:13+00:00\" \/>\n<meta property=\"og:image\" content=\"https:\/\/veneakselisto.com\/kauppa\/wp-content\/uploads\/2021\/11\/vulkan-vetolevy.jpg\" \/>\n\t<meta property=\"og:image:width\" content=\"500\" \/>\n\t<meta property=\"og:image:height\" content=\"500\" \/>\n\t<meta property=\"og:image:type\" content=\"image\/jpeg\" \/>\n<meta name=\"twitter:card\" content=\"summary_large_image\" \/>\n<meta name=\"twitter:label1\" content=\"Arvioitu lukuaika\" \/>\n\t<meta name=\"twitter:data1\" content=\"1 minuutti\" \/>\n<script type=\"application\/ld+json\" class=\"yoast-schema-graph\">{\"@context\":\"https:\\\/\\\/schema.org\",\"@graph\":[{\"@type\":\"WebPage\",\"@id\":\"https:\\\/\\\/veneakselisto.com\\\/kauppa\\\/tuote\\\/vulkan-sae-11-1-2-vetolevy\\\/\",\"url\":\"https:\\\/\\\/veneakselisto.com\\\/kauppa\\\/tuote\\\/vulkan-sae-11-1-2-vetolevy\\\/\",\"name\":\"Vulkan SAE 11 1\\\/2\\\" Vetolevy Veneakselisto.com - verkkokauppa\",\"isPartOf\":{\"@id\":\"https:\\\/\\\/veneakselisto.com\\\/kauppa\\\/#website\"},\"primaryImageOfPage\":{\"@id\":\"https:\\\/\\\/veneakselisto.com\\\/kauppa\\\/tuote\\\/vulkan-sae-11-1-2-vetolevy\\\/#primaryimage\"},\"image\":{\"@id\":\"https:\\\/\\\/veneakselisto.com\\\/kauppa\\\/tuote\\\/vulkan-sae-11-1-2-vetolevy\\\/#primaryimage\"},\"thumbnailUrl\":\"https:\\\/\\\/i0.wp.com\\\/veneakselisto.com\\\/kauppa\\\/wp-content\\\/uploads\\\/2021\\\/11\\\/vulkan-vetolevy.jpg?fit=500%2C500&ssl=1\",\"datePublished\":\"2021-11-11T09:24:44+00:00\",\"dateModified\":\"2024-08-31T20:13:13+00:00\",\"description\":\"Vulkan SAE 11 1\\\/2\\\" Vetolevy-Vetolevyt toimittaa Veneakselisto.com-Venetarvikkeiden erikoisliike-verkkokauppa-R&D vetolevy\",\"breadcrumb\":{\"@id\":\"https:\\\/\\\/veneakselisto.com\\\/kauppa\\\/tuote\\\/vulkan-sae-11-1-2-vetolevy\\\/#breadcrumb\"},\"inLanguage\":\"fi\",\"potentialAction\":[{\"@type\":\"ReadAction\",\"target\":[\"https:\\\/\\\/veneakselisto.com\\\/kauppa\\\/tuote\\\/vulkan-sae-11-1-2-vetolevy\\\/\"]}]},{\"@type\":\"ImageObject\",\"inLanguage\":\"fi\",\"@id\":\"https:\\\/\\\/veneakselisto.com\\\/kauppa\\\/tuote\\\/vulkan-sae-11-1-2-vetolevy\\\/#primaryimage\",\"url\":\"https:\\\/\\\/i0.wp.com\\\/veneakselisto.com\\\/kauppa\\\/wp-content\\\/uploads\\\/2021\\\/11\\\/vulkan-vetolevy.jpg?fit=500%2C500&ssl=1\",\"contentUrl\":\"https:\\\/\\\/i0.wp.com\\\/veneakselisto.com\\\/kauppa\\\/wp-content\\\/uploads\\\/2021\\\/11\\\/vulkan-vetolevy.jpg?fit=500%2C500&ssl=1\",\"width\":500,\"height\":500,\"caption\":\"Vulkan SAE 11 1\\\/2\\\" Vetolevy toimittaa venetarvikkeiden erikoisliike-veneakselisto.com\"},{\"@type\":\"BreadcrumbList\",\"@id\":\"https:\\\/\\\/veneakselisto.com\\\/kauppa\\\/tuote\\\/vulkan-sae-11-1-2-vetolevy\\\/#breadcrumb\",\"itemListElement\":[{\"@type\":\"ListItem\",\"position\":1,\"name\":\"Etusivu\",\"item\":\"https:\\\/\\\/veneakselisto.com\\\/kauppa\\\/\"},{\"@type\":\"ListItem\",\"position\":2,\"name\":\"Kauppa\",\"item\":\"https:\\\/\\\/veneakselisto.com\\\/kauppa\\\/\"},{\"@type\":\"ListItem\",\"position\":3,\"name\":\"Vulkan SAE 11 1\\\/2&#8243; Vetolevy\"}]},{\"@type\":\"WebSite\",\"@id\":\"https:\\\/\\\/veneakselisto.com\\\/kauppa\\\/#website\",\"url\":\"https:\\\/\\\/veneakselisto.com\\\/kauppa\\\/\",\"name\":\"Veneakselisto.com - verkkokauppa\",\"description\":\"Venetarvikkeiden maahantuonti ja myynti\",\"publisher\":{\"@id\":\"https:\\\/\\\/veneakselisto.com\\\/kauppa\\\/#organization\"},\"potentialAction\":[{\"@type\":\"SearchAction\",\"target\":{\"@type\":\"EntryPoint\",\"urlTemplate\":\"https:\\\/\\\/veneakselisto.com\\\/kauppa\\\/?s={search_term_string}\"},\"query-input\":{\"@type\":\"PropertyValueSpecification\",\"valueRequired\":true,\"valueName\":\"search_term_string\"}}],\"inLanguage\":\"fi\"},{\"@type\":\"Organization\",\"@id\":\"https:\\\/\\\/veneakselisto.com\\\/kauppa\\\/#organization\",\"name\":\"Veneakselisto.com verkkokauppa\",\"url\":\"https:\\\/\\\/veneakselisto.com\\\/kauppa\\\/\",\"logo\":{\"@type\":\"ImageObject\",\"inLanguage\":\"fi\",\"@id\":\"https:\\\/\\\/veneakselisto.com\\\/kauppa\\\/#\\\/schema\\\/logo\\\/image\\\/\",\"url\":\"https:\\\/\\\/i2.wp.com\\\/veneakselisto.com\\\/kauppa\\\/wp-content\\\/uploads\\\/2016\\\/06\\\/fb_icon.jpg?fit=327%2C327&ssl=1\",\"contentUrl\":\"https:\\\/\\\/i2.wp.com\\\/veneakselisto.com\\\/kauppa\\\/wp-content\\\/uploads\\\/2016\\\/06\\\/fb_icon.jpg?fit=327%2C327&ssl=1\",\"width\":327,\"height\":327,\"caption\":\"Veneakselisto.com verkkokauppa\"},\"image\":{\"@id\":\"https:\\\/\\\/veneakselisto.com\\\/kauppa\\\/#\\\/schema\\\/logo\\\/image\\\/\"},\"sameAs\":[\"https:\\\/\\\/www.facebook.com\\\/AlaMikkula\\\/\"]}]}<\/script>\n<!-- \/ Yoast SEO plugin. -->","yoast_head_json":{"title":"Vulkan SAE 11 1\/2\" Vetolevy Veneakselisto.com - verkkokauppa","description":"Vulkan SAE 11 1\/2\" Vetolevy-Vetolevyt toimittaa Veneakselisto.com-Venetarvikkeiden erikoisliike-verkkokauppa-R&D vetolevy","robots":{"index":"index","follow":"follow","max-snippet":"max-snippet:-1","max-image-preview":"max-image-preview:large","max-video-preview":"max-video-preview:-1"},"canonical":"https:\/\/veneakselisto.com\/kauppa\/tuote\/vulkan-sae-11-1-2-vetolevy\/","og_locale":"fi_FI","og_type":"article","og_title":"Vulkan SAE 11 1\/2\" Vetolevy Veneakselisto.com - verkkokauppa","og_description":"Vulkan SAE 11 1\/2\" Vetolevy-Vetolevyt toimittaa Veneakselisto.com-Venetarvikkeiden erikoisliike-verkkokauppa-R&D vetolevy","og_url":"https:\/\/veneakselisto.com\/kauppa\/tuote\/vulkan-sae-11-1-2-vetolevy\/","og_site_name":"Veneakselisto.com - verkkokauppa","article_publisher":"https:\/\/www.facebook.com\/AlaMikkula\/","article_modified_time":"2024-08-31T20:13:13+00:00","og_image":[{"width":500,"height":500,"url":"https:\/\/veneakselisto.com\/kauppa\/wp-content\/uploads\/2021\/11\/vulkan-vetolevy.jpg","type":"image\/jpeg"}],"twitter_card":"summary_large_image","twitter_misc":{"Arvioitu lukuaika":"1 minuutti"},"schema":{"@context":"https:\/\/schema.org","@graph":[{"@type":"WebPage","@id":"https:\/\/veneakselisto.com\/kauppa\/tuote\/vulkan-sae-11-1-2-vetolevy\/","url":"https:\/\/veneakselisto.com\/kauppa\/tuote\/vulkan-sae-11-1-2-vetolevy\/","name":"Vulkan SAE 11 1\/2\" Vetolevy Veneakselisto.com - verkkokauppa","isPartOf":{"@id":"https:\/\/veneakselisto.com\/kauppa\/#website"},"primaryImageOfPage":{"@id":"https:\/\/veneakselisto.com\/kauppa\/tuote\/vulkan-sae-11-1-2-vetolevy\/#primaryimage"},"image":{"@id":"https:\/\/veneakselisto.com\/kauppa\/tuote\/vulkan-sae-11-1-2-vetolevy\/#primaryimage"},"thumbnailUrl":"https:\/\/i0.wp.com\/veneakselisto.com\/kauppa\/wp-content\/uploads\/2021\/11\/vulkan-vetolevy.jpg?fit=500%2C500&ssl=1","datePublished":"2021-11-11T09:24:44+00:00","dateModified":"2024-08-31T20:13:13+00:00","description":"Vulkan SAE 11 1\/2\" Vetolevy-Vetolevyt toimittaa Veneakselisto.com-Venetarvikkeiden erikoisliike-verkkokauppa-R&D vetolevy","breadcrumb":{"@id":"https:\/\/veneakselisto.com\/kauppa\/tuote\/vulkan-sae-11-1-2-vetolevy\/#breadcrumb"},"inLanguage":"fi","potentialAction":[{"@type":"ReadAction","target":["https:\/\/veneakselisto.com\/kauppa\/tuote\/vulkan-sae-11-1-2-vetolevy\/"]}]},{"@type":"ImageObject","inLanguage":"fi","@id":"https:\/\/veneakselisto.com\/kauppa\/tuote\/vulkan-sae-11-1-2-vetolevy\/#primaryimage","url":"https:\/\/i0.wp.com\/veneakselisto.com\/kauppa\/wp-content\/uploads\/2021\/11\/vulkan-vetolevy.jpg?fit=500%2C500&ssl=1","contentUrl":"https:\/\/i0.wp.com\/veneakselisto.com\/kauppa\/wp-content\/uploads\/2021\/11\/vulkan-vetolevy.jpg?fit=500%2C500&ssl=1","width":500,"height":500,"caption":"Vulkan SAE 11 1\/2\" Vetolevy toimittaa venetarvikkeiden erikoisliike-veneakselisto.com"},{"@type":"BreadcrumbList","@id":"https:\/\/veneakselisto.com\/kauppa\/tuote\/vulkan-sae-11-1-2-vetolevy\/#breadcrumb","itemListElement":[{"@type":"ListItem","position":1,"name":"Etusivu","item":"https:\/\/veneakselisto.com\/kauppa\/"},{"@type":"ListItem","position":2,"name":"Kauppa","item":"https:\/\/veneakselisto.com\/kauppa\/"},{"@type":"ListItem","position":3,"name":"Vulkan SAE 11 1\/2&#8243; Vetolevy"}]},{"@type":"WebSite","@id":"https:\/\/veneakselisto.com\/kauppa\/#website","url":"https:\/\/veneakselisto.com\/kauppa\/","name":"Veneakselisto.com - verkkokauppa","description":"Venetarvikkeiden maahantuonti ja myynti","publisher":{"@id":"https:\/\/veneakselisto.com\/kauppa\/#organization"},"potentialAction":[{"@type":"SearchAction","target":{"@type":"EntryPoint","urlTemplate":"https:\/\/veneakselisto.com\/kauppa\/?s={search_term_string}"},"query-input":{"@type":"PropertyValueSpecification","valueRequired":true,"valueName":"search_term_string"}}],"inLanguage":"fi"},{"@type":"Organization","@id":"https:\/\/veneakselisto.com\/kauppa\/#organization","name":"Veneakselisto.com verkkokauppa","url":"https:\/\/veneakselisto.com\/kauppa\/","logo":{"@type":"ImageObject","inLanguage":"fi","@id":"https:\/\/veneakselisto.com\/kauppa\/#\/schema\/logo\/image\/","url":"https:\/\/i2.wp.com\/veneakselisto.com\/kauppa\/wp-content\/uploads\/2016\/06\/fb_icon.jpg?fit=327%2C327&ssl=1","contentUrl":"https:\/\/i2.wp.com\/veneakselisto.com\/kauppa\/wp-content\/uploads\/2016\/06\/fb_icon.jpg?fit=327%2C327&ssl=1","width":327,"height":327,"caption":"Veneakselisto.com verkkokauppa"},"image":{"@id":"https:\/\/veneakselisto.com\/kauppa\/#\/schema\/logo\/image\/"},"sameAs":["https:\/\/www.facebook.com\/AlaMikkula\/"]}]}},"jetpack_publicize_connections":[],"jetpack_sharing_enabled":true,"_links":{"self":[{"href":"https:\/\/veneakselisto.com\/kauppa\/wp-json\/wp\/v2\/product\/12056","targetHints":{"allow":["GET"]}}],"collection":[{"href":"https:\/\/veneakselisto.com\/kauppa\/wp-json\/wp\/v2\/product"}],"about":[{"href":"https:\/\/veneakselisto.com\/kauppa\/wp-json\/wp\/v2\/types\/product"}],"replies":[{"embeddable":true,"href":"https:\/\/veneakselisto.com\/kauppa\/wp-json\/wp\/v2\/comments?post=12056"}],"wp:featuredmedia":[{"embeddable":true,"href":"https:\/\/veneakselisto.com\/kauppa\/wp-json\/wp\/v2\/media\/12058"}],"wp:attachment":[{"href":"https:\/\/veneakselisto.com\/kauppa\/wp-json\/wp\/v2\/media?parent=12056"}],"wp:term":[{"taxonomy":"product_brand","embeddable":true,"href":"https:\/\/veneakselisto.com\/kauppa\/wp-json\/wp\/v2\/product_brand?post=12056"},{"taxonomy":"product_cat","embeddable":true,"href":"https:\/\/veneakselisto.com\/kauppa\/wp-json\/wp\/v2\/product_cat?post=12056"},{"taxonomy":"product_tag","embeddable":true,"href":"https:\/\/veneakselisto.com\/kauppa\/wp-json\/wp\/v2\/product_tag?post=12056"}],"curies":[{"name":"wp","href":"https:\/\/api.w.org\/{rel}","templated":true}]}}